185.193.50.150 - - [07/Jun/2026:09:00:57 +0200] "GET /wp-content/plugins/codepress-admin-columns/assets/css/acui.css?ver=1734284912 HTTP/1.1" 200 4839 "https://www.maimounz.formagloba.fr/wp-admin/users.php" "Mozilla/5.0 (Windows NT 10.0; Win64; x64) AppleWebKit/537.36 (KHTML, like Gecko) Chrome/148.0.0.0 Safari/537.36"
185.193.50.150 - - [07/Jun/2026:09:00:57 +0200] "GET /wp-content/plugins/codepress-admin-columns/assets/js/table.js?ver=1734284912 HTTP/1.1" 200 116485 "https://www.maimounz.formagloba.fr/wp-admin/users.php" "Mozilla/5.0 (Windows NT 10.0; Win64; x64) AppleWebKit/537.36 (KHTML, like Gecko) Chrome/148.0.0.0 Safari/537.36"
185.193.50.150 - - [07/Jun/2026:09:00:57 +0200] "GET /wp-content/plugins/woocommerce-payments/vendor/automattic/jetpack-connection/dist/jetpack-users-connection.js?minify=false&ver=6.7.3 HTTP/1.1" 200 202 "https://www.maimounz.formagloba.fr/wp-admin/users.php" "Mozilla/5.0 (Windows NT 10.0; Win64; x64) AppleWebKit/537.36 (KHTML, like Gecko) Chrome/148.0.0.0 Safari/537.36"
109.234.164.184 - - [07/Jun/2026:09:01:58 +0200] "POST /wp-cron.php?doing_wp_cron=1780815718.6844470500946044921875 HTTP/1.1" 200 - "-" "WordPress/7.0; https://www.maimounz.formagloba.fr"
185.193.50.150 - - [07/Jun/2026:09:01:58 +0200] "POST /wp-admin/admin-ajax.php HTTP/1.1" 200 47 "https://www.maimounz.formagloba.fr/wp-admin/users.php" "Mozilla/5.0 (Windows NT 10.0; Win64; x64) AppleWebKit/537.36 (KHTML, like Gecko) Chrome/148.0.0.0 Safari/537.36"
109.234.164.184 - - [07/Jun/2026:09:01:59 +0200] "POST /wp-admin/admin-ajax.php?action=async_litespeed&nonce=LBDd6Iv2WuWvcW8ZBmdD6akuA3JZOw8q&litespeed_type=imgoptm HTTP/1.1" 200 1 "-" "WordPress/7.0; https://www.maimounz.formagloba.fr"
109.234.164.184 - - [07/Jun/2026:09:03:58 +0200] "POST /wp-cron.php?doing_wp_cron=1780815838.7972619533538818359375 HTTP/1.1" 200 - "-" "WordPress/7.0; https://www.maimounz.formagloba.fr"
185.193.50.150 - - [07/Jun/2026:09:03:58 +0200] "POST /wp-admin/admin-ajax.php HTTP/1.1" 200 47 "https://www.maimounz.formagloba.fr/wp-admin/users.php" "Mozilla/5.0 (Windows NT 10.0; Win64; x64) AppleWebKit/537.36 (KHTML, like Gecko) Chrome/148.0.0.0 Safari/537.36"
109.234.164.184 - - [07/Jun/2026:09:03:59 +0200] "POST /wp-admin/admin-ajax.php?action=async_litespeed&nonce=r3bmdOSSQtU49UcgvqcZWkEwaCGQQrfk&litespeed_type=imgoptm HTTP/1.1" 200 1 "-" "WordPress/7.0; https://www.maimounz.formagloba.fr"
109.234.164.184 - - [07/Jun/2026:09:05:59 +0200] "POST /wp-cron.php?doing_wp_cron=1780815959.7910730838775634765625 HTTP/1.1" 200 - "-" "WordPress/7.0; https://www.maimounz.formagloba.fr"
185.193.50.150 - - [07/Jun/2026:09:05:59 +0200] "POST /wp-admin/admin-ajax.php HTTP/1.1" 200 47 "https://www.maimounz.formagloba.fr/wp-admin/users.php" "Mozilla/5.0 (Windows NT 10.0; Win64; x64) AppleWebKit/537.36 (KHTML, like Gecko) Chrome/148.0.0.0 Safari/537.36"
109.234.164.184 - - [07/Jun/2026:09:06:00 +0200] "POST /wp-admin/admin-ajax.php?action=async_litespeed&nonce=CbKIn441cwoJyxSE1tJaGOnVOIFNUYp8&litespeed_type=imgoptm HTTP/1.1" 200 1 "-" "WordPress/7.0; https://www.maimounz.formagloba.fr"
109.234.164.184 - - [07/Jun/2026:09:07:57 +0200] "POST /wp-cron.php?doing_wp_cron=1780816077.9456450939178466796875 HTTP/1.1" 200 - "-" "WordPress/7.0; https://www.maimounz.formagloba.fr"
185.193.50.150 - - [07/Jun/2026:09:07:57 +0200] "GET /wp-json/wp/v2/users HTTP/1.1" 200 1916 "-" "Mozilla/5.0 (Windows NT 10.0; Win64; x64) AppleWebKit/537.36"
109.234.164.184 - - [07/Jun/2026:09:07:58 +0200] "POST /wp-admin/admin-ajax.php?action=async_litespeed&nonce=ofQV1ffLLHZuAPugWCKm7sWl4fAGM09V&litespeed_type=imgoptm HTTP/1.1" 200 1 "-" "WordPress/7.0; https://www.maimounz.formagloba.fr"
185.193.50.150 - - [07/Jun/2026:09:07:58 +0200] "GET /wp-json/wp/v2/posts?per_page=20 HTTP/1.1" 200 2099 "-" "Mozilla/5.0 (Windows NT 10.0; Win64; x64) AppleWebKit/537.36"
185.193.50.150 - - [07/Jun/2026:09:07:59 +0200] "GET /wp-json/wp/v2/users/1 HTTP/1.1" 200 1914 "-" "Mozilla/5.0 (Windows NT 10.0; Win64; x64) AppleWebKit/537.36"
185.193.50.150 - - [07/Jun/2026:09:08:00 +0200] "GET /feed/ HTTP/1.1" 200 1791 "-" "Mozilla/5.0 (Windows NT 10.0; Win64; x64) AppleWebKit/537.36"
185.193.50.150 - - [07/Jun/2026:09:08:00 +0200] "POST /wp-admin/admin-ajax.php HTTP/1.1" 200 47 "https://www.maimounz.formagloba.fr/wp-admin/users.php" "Mozilla/5.0 (Windows NT 10.0; Win64; x64) AppleWebKit/537.36 (KHTML, like Gecko) Chrome/148.0.0.0 Safari/537.36"
185.193.50.150 - - [07/Jun/2026:09:08:01 +0200] "GET /sitemap.xml HTTP/1.1" 200 3418 "-" "Mozilla/5.0 (Windows NT 10.0; Win64; x64) AppleWebKit/537.36"
185.193.50.150 - - [07/Jun/2026:09:08:01 +0200] "GET /sitemap_index.xml HTTP/1.1" 200 3418 "-" "Mozilla/5.0 (Windows NT 10.0; Win64; x64) AppleWebKit/537.36"
185.193.50.150 - - [07/Jun/2026:09:08:02 +0200] "GET /wp-sitemap.xml HTTP/1.1" 404 224505 "-" "Mozilla/5.0 (Windows NT 10.0; Win64; x64) AppleWebKit/537.36"
185.193.50.150 - - [07/Jun/2026:09:08:03 +0200] "GET /sitemap-authors.xml HTTP/1.1" 404 224482 "-" "Mozilla/5.0 (Windows NT 10.0; Win64; x64) AppleWebKit/537.36"
109.234.164.184 - - [07/Jun/2026:09:08:28 +0200] "POST /wp-cron.php?doing_wp_cron=1780816108.7645859718322753906250 HTTP/1.1" 200 - "-" "WordPress/7.0; https://www.maimounz.formagloba.fr"
185.193.50.150 - - [07/Jun/2026:09:08:28 +0200] "GET /wp-json/wp/v2/users HTTP/1.1" 200 1916 "-" "Mozilla/5.0 (Windows NT 10.0; Win64; x64) AppleWebKit/537.36"
109.234.164.184 - - [07/Jun/2026:09:08:29 +0200] "POST /wp-admin/admin-ajax.php?action=async_litespeed&nonce=gIMIQIYX3rtaJmTd5IpQ1jpKVJT2PGIV&litespeed_type=imgoptm HTTP/1.1" 200 1 "-" "WordPress/7.0; https://www.maimounz.formagloba.fr"
185.193.50.150 - - [07/Jun/2026:09:08:29 +0200] "GET /wp-json/wp/v2/posts?per_page=20 HTTP/1.1" 200 2099 "-" "Mozilla/5.0 (Windows NT 10.0; Win64; x64) AppleWebKit/537.36"
185.193.50.150 - - [07/Jun/2026:09:08:29 +0200] "GET /wp-json/wp/v2/users/1 HTTP/1.1" 200 1914 "-" "Mozilla/5.0 (Windows NT 10.0; Win64; x64) AppleWebKit/537.36"
185.193.50.150 - - [07/Jun/2026:09:08:30 +0200] "GET /feed/ HTTP/1.1" 200 1791 "-" "Mozilla/5.0 (Windows NT 10.0; Win64; x64) AppleWebKit/537.36"
185.193.50.150 - - [07/Jun/2026:09:08:31 +0200] "GET /sitemap.xml HTTP/1.1" 200 3418 "-" "Mozilla/5.0 (Windows NT 10.0; Win64; x64) AppleWebKit/537.36"
185.193.50.150 - - [07/Jun/2026:09:08:32 +0200] "GET /sitemap_index.xml HTTP/1.1" 200 3418 "-" "Mozilla/5.0 (Windows NT 10.0; Win64; x64) AppleWebKit/537.36"
185.193.50.150 - - [07/Jun/2026:09:08:32 +0200] "GET /wp-sitemap.xml HTTP/1.1" 404 224505 "-" "Mozilla/5.0 (Windows NT 10.0; Win64; x64) AppleWebKit/537.36"
109.234.164.184 - - [07/Jun/2026:09:08:34 +0200] "POST /wp-cron.php?doing_wp_cron=1780816114.5741069316864013671875 HTTP/1.1" 200 - "-" "WordPress/7.0; https://www.maimounz.formagloba.fr"
185.193.50.150 - - [07/Jun/2026:09:08:33 +0200] "GET /sitemap-authors.xml HTTP/1.1" 404 224482 "-" "Mozilla/5.0 (Windows NT 10.0; Win64; x64) AppleWebKit/537.36"
109.234.164.184 - - [07/Jun/2026:09:09:09 +0200] "POST /wp-cron.php?doing_wp_cron=1780816149.7068300247192382812500 HTTP/1.1" 200 - "-" "WordPress/7.0; https://www.maimounz.formagloba.fr"
185.193.50.150 - - [07/Jun/2026:09:09:09 +0200] "GET /wp-json/wp/v2/users HTTP/1.1" 200 1916 "-" "Mozilla/5.0 (Windows NT 10.0; Win64; x64) AppleWebKit/537.36"
185.193.50.150 - - [07/Jun/2026:09:09:10 +0200] "GET /wp-json/wp/v2/posts?per_page=20 HTTP/1.1" 200 2099 "-" "Mozilla/5.0 (Windows NT 10.0; Win64; x64) AppleWebKit/537.36"
185.193.50.150 - - [07/Jun/2026:09:09:10 +0200] "GET /wp-json/wp/v2/users/1 HTTP/1.1" 200 1914 "-" "Mozilla/5.0 (Windows NT 10.0; Win64; x64) AppleWebKit/537.36"
185.193.50.150 - - [07/Jun/2026:09:09:11 +0200] "GET /feed/ HTTP/1.1" 200 1791 "-" "Mozilla/5.0 (Windows NT 10.0; Win64; x64) AppleWebKit/537.36"
185.193.50.150 - - [07/Jun/2026:09:09:12 +0200] "GET /sitemap.xml HTTP/1.1" 200 3418 "-" "Mozilla/5.0 (Windows NT 10.0; Win64; x64) AppleWebKit/537.36"
185.193.50.150 - - [07/Jun/2026:09:09:13 +0200] "GET /sitemap_index.xml HTTP/1.1" 200 3418 "-" "Mozilla/5.0 (Windows NT 10.0; Win64; x64) AppleWebKit/537.36"
185.193.50.150 - - [07/Jun/2026:09:09:13 +0200] "GET /wp-sitemap.xml HTTP/1.1" 404 224505 "-" "Mozilla/5.0 (Windows NT 10.0; Win64; x64) AppleWebKit/537.36"
185.193.50.150 - - [07/Jun/2026:09:09:14 +0200] "GET /sitemap-authors.xml HTTP/1.1" 404 224482 "-" "Mozilla/5.0 (Windows NT 10.0; Win64; x64) AppleWebKit/537.36"
109.234.164.184 - - [07/Jun/2026:09:10:01 +0200] "POST /wp-cron.php?doing_wp_cron=1780816201.7487831115722656250000 HTTP/1.1" 200 - "-" "WordPress/7.0; https://www.maimounz.formagloba.fr"
185.193.50.150 - - [07/Jun/2026:09:10:01 +0200] "GET /wp-json/wp/v2/users HTTP/1.1" 200 1916 "-" "Mozilla/5.0 (Windows NT 10.0; Win64; x64) AppleWebKit/537.36"
185.193.50.150 - - [07/Jun/2026:09:10:01 +0200] "POST /wp-admin/admin-ajax.php HTTP/1.1" 200 47 "https://www.maimounz.formagloba.fr/wp-admin/users.php" "Mozilla/5.0 (Windows NT 10.0; Win64; x64) AppleWebKit/537.36 (KHTML, like Gecko) Chrome/148.0.0.0 Safari/537.36"
109.234.164.184 - - [07/Jun/2026:09:10:02 +0200] "POST /wp-admin/admin-ajax.php?action=async_litespeed&nonce=WBfWtsNTnLMKo7r2J0wBi3hCThJsRyTI&litespeed_type=imgoptm HTTP/1.1" 200 1 "-" "WordPress/7.0; https://www.maimounz.formagloba.fr"
185.193.50.150 - - [07/Jun/2026:09:10:02 +0200] "GET /wp-json/wp/v2/posts?per_page=20 HTTP/1.1" 200 2099 "-" "Mozilla/5.0 (Windows NT 10.0; Win64; x64) AppleWebKit/537.36"
185.193.50.150 - - [07/Jun/2026:09:10:03 +0200] "GET /wp-json/wp/v2/users/1 HTTP/1.1" 200 1914 "-" "Mozilla/5.0 (Windows NT 10.0; Win64; x64) AppleWebKit/537.36"
185.193.50.150 - - [07/Jun/2026:09:10:04 +0200] "GET /feed/ HTTP/1.1" 200 1791 "-" "Mozilla/5.0 (Windows NT 10.0; Win64; x64) AppleWebKit/537.36"
185.193.50.150 - - [07/Jun/2026:09:10:05 +0200] "GET /sitemap.xml HTTP/1.1" 200 3418 "-" "Mozilla/5.0 (Windows NT 10.0; Win64; x64) AppleWebKit/537.36"
185.193.50.150 - - [07/Jun/2026:09:10:05 +0200] "GET /sitemap_index.xml HTTP/1.1" 200 3418 "-" "Mozilla/5.0 (Windows NT 10.0; Win64; x64) AppleWebKit/537.36"
185.193.50.150 - - [07/Jun/2026:09:10:06 +0200] "GET /wp-sitemap.xml HTTP/1.1" 404 224505 "-" "Mozilla/5.0 (Windows NT 10.0; Win64; x64) AppleWebKit/537.36"
185.193.50.150 - - [07/Jun/2026:09:10:07 +0200] "GET /sitemap-authors.xml HTTP/1.1" 404 224482 "-" "Mozilla/5.0 (Windows NT 10.0; Win64; x64) AppleWebKit/537.36"
109.234.164.184 - - [07/Jun/2026:09:12:02 +0200] "POST /wp-cron.php?doing_wp_cron=1780816322.7467520236968994140625 HTTP/1.1" 200 - "-" "WordPress/7.0; https://www.maimounz.formagloba.fr"
185.193.50.150 - - [07/Jun/2026:09:12:02 +0200] "POST /wp-admin/admin-ajax.php HTTP/1.1" 200 47 "https://www.maimounz.formagloba.fr/wp-admin/users.php" "Mozilla/5.0 (Windows NT 10.0; Win64; x64) AppleWebKit/537.36 (KHTML, like Gecko) Chrome/148.0.0.0 Safari/537.36"
109.234.164.184 - - [07/Jun/2026:09:12:03 +0200] "POST /wp-admin/admin-ajax.php?action=async_litespeed&nonce=B2UK4H21ukOoYnpnpm4pklQKu8tMVn3j&litespeed_type=imgoptm HTTP/1.1" 200 1 "-" "WordPress/7.0; https://www.maimounz.formagloba.fr"
109.234.164.184 - - [07/Jun/2026:09:12:25 +0200] "POST /wp-cron.php?doing_wp_cron=1780816345.9414620399475097656250 HTTP/1.1" 200 - "-" "WordPress/7.0; https://www.maimounz.formagloba.fr"
185.193.50.150 - - [07/Jun/2026:09:12:25 +0200] "GET /wp-login.php HTTP/1.1" 200 9463 "https://www.maimounz.formagloba.fr/wp-login.php" "Mozilla/5.0 (Windows NT 10.0; Win64; x64) AppleWebKit/537.36 (KHTML, like Gecko) Chrome/148.0.0.0 Safari/537.36"
109.234.164.184 - - [07/Jun/2026:09:12:26 +0200] "POST /wp-admin/admin-ajax.php?action=async_litespeed&nonce=R0j5Ay7UuSbOS8Al3GI9xneCqb0rLRSa&litespeed_type=imgoptm HTTP/1.1" 200 1 "-" "WordPress/7.0; https://www.maimounz.formagloba.fr"
109.234.164.184 - - [07/Jun/2026:09:13:10 +0200] "POST /wp-cron.php?doing_wp_cron=1780816390.6742410659790039062500 HTTP/1.1" 200 - "-" "WordPress/7.0; https://www.maimounz.formagloba.fr"
185.193.50.150 - - [07/Jun/2026:09:13:10 +0200] "GET /wp-login.php HTTP/1.1" 200 9463 "-" "Mozilla/5.0 (Windows NT 10.0; Win64; x64) AppleWebKit/537.36 (KHTML, like Gecko) Chrome/148.0.0.0 Safari/537.36"
109.234.164.184 - - [07/Jun/2026:09:14:03 +0200] "POST /wp-cron.php?doing_wp_cron=1780816443.8700470924377441406250 HTTP/1.1" 200 - "-" "WordPress/7.0; https://www.maimounz.formagloba.fr"
185.193.50.150 - - [07/Jun/2026:09:14:03 +0200] "POST /wp-admin/admin-ajax.php HTTP/1.1" 200 47 "https://www.maimounz.formagloba.fr/wp-admin/users.php" "Mozilla/5.0 (Windows NT 10.0; Win64; x64) AppleWebKit/537.36 (KHTML, like Gecko) Chrome/148.0.0.0 Safari/537.36"
109.234.164.184 - - [07/Jun/2026:09:14:04 +0200] "POST /wp-admin/admin-ajax.php?action=async_litespeed&nonce=qTletKxSn5Pw0x2nqV3K4nc5516NyDYr&litespeed_type=imgoptm HTTP/1.1" 200 1 "-" "WordPress/7.0; https://www.maimounz.formagloba.fr"
109.234.164.184 - - [07/Jun/2026:09:16:04 +0200] "POST /wp-cron.php?doing_wp_cron=1780816564.6924259662628173828125 HTTP/1.1" 200 - "-" "WordPress/7.0; https://www.maimounz.formagloba.fr"
185.193.50.150 - - [07/Jun/2026:09:16:04 +0200] "POST /wp-admin/admin-ajax.php HTTP/1.1" 200 47 "https://www.maimounz.formagloba.fr/wp-admin/users.php" "Mozilla/5.0 (Windows NT 10.0; Win64; x64) AppleWebKit/537.36 (KHTML, like Gecko) Chrome/148.0.0.0 Safari/537.36"
109.234.164.184 - - [07/Jun/2026:09:16:05 +0200] "POST /wp-admin/admin-ajax.php?action=async_litespeed&nonce=3qF57nUDfR19yHT5pp3RrTdWyOcenaZj&litespeed_type=imgoptm HTTP/1.1" 200 1 "-" "WordPress/7.0; https://www.maimounz.formagloba.fr"
109.234.164.184 - - [07/Jun/2026:09:18:05 +0200] "POST /wp-cron.php?doing_wp_cron=1780816685.7323169708251953125000 HTTP/1.1" 200 - "-" "WordPress/7.0; https://www.maimounz.formagloba.fr"
185.193.50.150 - - [07/Jun/2026:09:18:05 +0200] "POST /wp-admin/admin-ajax.php HTTP/1.1" 200 47 "https://www.maimounz.formagloba.fr/wp-admin/users.php" "Mozilla/5.0 (Windows NT 10.0; Win64; x64) AppleWebKit/537.36 (KHTML, like Gecko) Chrome/148.0.0.0 Safari/537.36"
109.234.164.184 - - [07/Jun/2026:09:18:06 +0200] "POST /wp-admin/admin-ajax.php?action=async_litespeed&nonce=nrsc3eAgPdEJ83uK2jY8WsPc2HRGikv8&litespeed_type=imgoptm HTTP/1.1" 200 1 "-" "WordPress/7.0; https://www.maimounz.formagloba.fr"
109.234.164.184 - - [07/Jun/2026:09:20:06 +0200] "POST /wp-cron.php?doing_wp_cron=1780816806.7635300159454345703125 HTTP/1.1" 200 - "-" "WordPress/7.0; https://www.maimounz.formagloba.fr"
185.193.50.150 - - [07/Jun/2026:09:20:06 +0200] "POST /wp-admin/admin-ajax.php HTTP/1.1" 200 47 "https://www.maimounz.formagloba.fr/wp-admin/users.php" "Mozilla/5.0 (Windows NT 10.0; Win64; x64) AppleWebKit/537.36 (KHTML, like Gecko) Chrome/148.0.0.0 Safari/537.36"
109.234.164.184 - - [07/Jun/2026:09:20:07 +0200] "POST /wp-admin/admin-ajax.php?action=async_litespeed&nonce=BY46VjCUwipyFf3boh6hYLTql8OQOEhH&litespeed_type=imgoptm HTTP/1.1" 200 1 "-" "WordPress/7.0; https://www.maimounz.formagloba.fr"
109.234.164.184 - - [07/Jun/2026:09:22:07 +0200] "POST /wp-cron.php?doing_wp_cron=1780816927.7226459980010986328125 HTTP/1.1" 200 - "-" "WordPress/7.0; https://www.maimounz.formagloba.fr"
185.193.50.150 - - [07/Jun/2026:09:22:07 +0200] "POST /wp-admin/admin-ajax.php HTTP/1.1" 200 47 "https://www.maimounz.formagloba.fr/wp-admin/users.php" "Mozilla/5.0 (Windows NT 10.0; Win64; x64) AppleWebKit/537.36 (KHTML, like Gecko) Chrome/148.0.0.0 Safari/537.36"
109.234.164.184 - - [07/Jun/2026:09:22:08 +0200] "POST /wp-admin/admin-ajax.php?action=async_litespeed&nonce=qrmFm83ZDPZnFRL1X0KNRhxHltbdsHfr&litespeed_type=imgoptm HTTP/1.1" 200 1 "-" "WordPress/7.0; https://www.maimounz.formagloba.fr"
109.234.164.184 - - [07/Jun/2026:09:23:55 +0200] "POST /wp-cron.php?doing_wp_cron=1780817035.8487050533294677734375 HTTP/1.1" 200 - "-" "WordPress/7.0; https://www.maimounz.formagloba.fr"
185.193.50.150 - - [07/Jun/2026:09:23:54 +0200] "GET / HTTP/1.1" 200 274610 "-" "Mozilla/5.0 (Windows NT 10.0; Win64; x64) AppleWebKit/537.36"
109.234.164.184 - - [07/Jun/2026:09:23:56 +0200] "POST /wp-admin/admin-ajax.php?action=async_litespeed&nonce=eW9h8dkxiqgKVQ0u78fyHBh2oZco8hId&litespeed_type=imgoptm HTTP/1.1" 200 1 "-" "WordPress/7.0; https://www.maimounz.formagloba.fr"
185.193.50.150 - - [07/Jun/2026:09:23:56 +0200] "GET /wp-json/wp/v2/users HTTP/1.1" 200 1916 "-" "Mozilla/5.0 (Windows NT 10.0; Win64; x64) AppleWebKit/537.36"
185.193.50.150 - - [07/Jun/2026:09:24:07 +0200] "GET / HTTP/1.1" 200 274610 "-" "Mozilla/5.0 (Windows NT 10.0; Win64; x64) AppleWebKit/537.36"
185.193.50.150 - - [07/Jun/2026:09:24:08 +0200] "POST /wp-admin/admin-ajax.php HTTP/1.1" 200 47 "https://www.maimounz.formagloba.fr/wp-admin/users.php" "Mozilla/5.0 (Windows NT 10.0; Win64; x64) AppleWebKit/537.36 (KHTML, like Gecko) Chrome/148.0.0.0 Safari/537.36"
185.193.50.150 - - [07/Jun/2026:09:24:08 +0200] "GET /wp-json/wp/v2/users HTTP/1.1" 200 1916 "-" "Mozilla/5.0 (Windows NT 10.0; Win64; x64) AppleWebKit/537.36"
109.234.164.184 - - [07/Jun/2026:09:24:23 +0200] "POST /wp-cron.php?doing_wp_cron=1780817063.0968780517578125000000 HTTP/1.1" 200 - "-" "WordPress/7.0; https://www.maimounz.formagloba.fr"
185.193.50.150 - - [07/Jun/2026:09:24:22 +0200] "GET / HTTP/1.1" 200 274610 "-" "Mozilla/5.0 (Windows NT 10.0; Win64; x64) AppleWebKit/537.36"
109.234.164.184 - - [07/Jun/2026:09:24:23 +0200] "POST /wp-admin/admin-ajax.php?action=async_litespeed&nonce=g408Bf4JcZlK0PmV85TKVZ8BGXq1K6eC&litespeed_type=imgoptm HTTP/1.1" 200 1 "-" "WordPress/7.0; https://www.maimounz.formagloba.fr"
185.193.50.150 - - [07/Jun/2026:09:24:23 +0200] "GET /wp-json/wp/v2/users HTTP/1.1" 200 1916 "-" "Mozilla/5.0 (Windows NT 10.0; Win64; x64) AppleWebKit/537.36"
109.234.164.184 - - [07/Jun/2026:09:25:11 +0200] "POST /wp-cron.php?doing_wp_cron=1780817111.2985730171203613281250 HTTP/1.1" 200 - "-" "WordPress/7.0; https://www.maimounz.formagloba.fr"
185.193.50.150 - - [07/Jun/2026:09:25:10 +0200] "GET / HTTP/1.1" 200 274610 "-" "Mozilla/5.0 (Windows NT 10.0; Win64; x64) AppleWebKit/537.36"
185.193.50.150 - - [07/Jun/2026:09:25:11 +0200] "GET /?author=1 HTTP/1.1" 301 - "-" "Mozilla/5.0 (Windows NT 10.0; Win64; x64) AppleWebKit/537.36"
185.193.50.150 - - [07/Jun/2026:09:25:12 +0200] "GET /author/admin/ HTTP/1.1" 200 229278 "-" "Mozilla/5.0 (Windows NT 10.0; Win64; x64) AppleWebKit/537.36"
185.193.50.150 - - [07/Jun/2026:09:25:13 +0200] "GET /?author=2 HTTP/1.1" 404 224452 "-" "Mozilla/5.0 (Windows NT 10.0; Win64; x64) AppleWebKit/537.36"
185.193.50.150 - - [07/Jun/2026:09:25:14 +0200] "GET /?author=3 HTTP/1.1" 404 224452 "-" "Mozilla/5.0 (Windows NT 10.0; Win64; x64) AppleWebKit/537.36"
185.193.50.150 - - [07/Jun/2026:09:25:15 +0200] "GET /?author=4 HTTP/1.1" 404 224452 "-" "Mozilla/5.0 (Windows NT 10.0; Win64; x64) AppleWebKit/537.36"
185.193.50.150 - - [07/Jun/2026:09:25:16 +0200] "GET /?author=5 HTTP/1.1" 200 221602 "-" "Mozilla/5.0 (Windows NT 10.0; Win64; x64) AppleWebKit/537.36"
185.193.50.150 - - [07/Jun/2026:09:25:17 +0200] "GET /?author=6 HTTP/1.1" 404 224452 "-" "Mozilla/5.0 (Windows NT 10.0; Win64; x64) AppleWebKit/537.36"
109.234.164.184 - - [07/Jun/2026:09:25:18 +0200] "POST /wp-cron.php?doing_wp_cron=1780817118.6680879592895507812500 HTTP/1.1" 200 - "-" "WordPress/7.0; https://www.maimounz.formagloba.fr"
185.193.50.150 - - [07/Jun/2026:09:25:17 +0200] "GET /?author=7 HTTP/1.1" 404 224452 "-" "Mozilla/5.0 (Windows NT 10.0; Win64; x64) AppleWebKit/537.36"
185.193.50.150 - - [07/Jun/2026:09:25:18 +0200] "GET /?author=8 HTTP/1.1" 200 221638 "-" "Mozilla/5.0 (Windows NT 10.0; Win64; x64) AppleWebKit/537.36"
109.234.164.184 - - [07/Jun/2026:09:25:19 +0200] "POST /wp-admin/admin-ajax.php?action=async_litespeed&nonce=wq3ONYnkHKHx2m69lhdgG5NyXUiZxLFM&litespeed_type=imgoptm HTTP/1.1" 200 1 "-" "WordPress/7.0; https://www.maimounz.formagloba.fr"
185.193.50.150 - - [07/Jun/2026:09:25:19 +0200] "GET /?author=9 HTTP/1.1" 404 224452 "-" "Mozilla/5.0 (Windows NT 10.0; Win64; x64) AppleWebKit/537.36"
185.193.50.150 - - [07/Jun/2026:09:25:20 +0200] "GET /?author=10 HTTP/1.1" 404 224454 "-" "Mozilla/5.0 (Windows NT 10.0; Win64; x64) AppleWebKit/537.36"
185.193.50.150 - - [07/Jun/2026:09:25:21 +0200] "GET /?author=11 HTTP/1.1" 404 224454 "-" "Mozilla/5.0 (Windows NT 10.0; Win64; x64) AppleWebKit/537.36"
185.193.50.150 - - [07/Jun/2026:09:25:22 +0200] "GET /?author=12 HTTP/1.1" 404 224454 "-" "Mozilla/5.0 (Windows NT 10.0; Win64; x64) AppleWebKit/537.36"
185.193.50.150 - - [07/Jun/2026:09:25:22 +0200] "GET /?author=13 HTTP/1.1" 404 224454 "-" "Mozilla/5.0 (Windows NT 10.0; Win64; x64) AppleWebKit/537.36"
185.193.50.150 - - [07/Jun/2026:09:25:23 +0200] "GET /?author=14 HTTP/1.1" 404 224454 "-" "Mozilla/5.0 (Windows NT 10.0; Win64; x64) AppleWebKit/537.36"
185.193.50.150 - - [07/Jun/2026:09:25:24 +0200] "GET /?author=15 HTTP/1.1" 200 221680 "-" "Mozilla/5.0 (Windows NT 10.0; Win64; x64) AppleWebKit/537.36"
185.193.50.150 - - [07/Jun/2026:09:25:25 +0200] "GET /?author=16 HTTP/1.1" 404 224454 "-" "Mozilla/5.0 (Windows NT 10.0; Win64; x64) AppleWebKit/537.36"
185.193.50.150 - - [07/Jun/2026:09:25:26 +0200] "GET /?author=17 HTTP/1.1" 404 224474 "-" "Mozilla/5.0 (Windows NT 10.0; Win64; x64) AppleWebKit/537.36"
185.193.50.150 - - [07/Jun/2026:09:25:26 +0200] "GET /?author=18 HTTP/1.1" 404 224454 "-" "Mozilla/5.0 (Windows NT 10.0; Win64; x64) AppleWebKit/537.36"
185.193.50.150 - - [07/Jun/2026:09:25:27 +0200] "GET /?author=19 HTTP/1.1" 404 224454 "-" "Mozilla/5.0 (Windows NT 10.0; Win64; x64) AppleWebKit/537.36"
185.193.50.150 - - [07/Jun/2026:09:25:28 +0200] "GET /?author=20 HTTP/1.1" 404 224454 "-" "Mozilla/5.0 (Windows NT 10.0; Win64; x64) AppleWebKit/537.36"
185.193.50.150 - - [07/Jun/2026:09:25:30 +0200] "GET /wp-json/wp/v2/users HTTP/1.1" 200 1916 "-" "Mozilla/5.0 (Windows NT 10.0; Win64; x64) AppleWebKit/537.36"
109.234.164.184 - - [07/Jun/2026:09:26:09 +0200] "POST /wp-cron.php?doing_wp_cron=1780817169.8777248859405517578125 HTTP/1.1" 200 - "-" "WordPress/7.0; https://www.maimounz.formagloba.fr"
185.193.50.150 - - [07/Jun/2026:09:26:09 +0200] "POST /wp-admin/admin-ajax.php HTTP/1.1" 200 47 "https://www.maimounz.formagloba.fr/wp-admin/users.php" "Mozilla/5.0 (Windows NT 10.0; Win64; x64) AppleWebKit/537.36 (KHTML, like Gecko) Chrome/148.0.0.0 Safari/537.36"
185.193.50.150 - - [07/Jun/2026:09:26:11 +0200] "GET / HTTP/1.1" 200 274610 "-" "Mozilla/5.0 (Windows NT 10.0; Win64; x64) AppleWebKit/537.36"
185.193.50.150 - - [07/Jun/2026:09:26:12 +0200] "GET /?author=1 HTTP/1.1" 301 - "-" "Mozilla/5.0 (Windows NT 10.0; Win64; x64) AppleWebKit/537.36"
185.193.50.150 - - [07/Jun/2026:09:26:13 +0200] "GET /author/admin/ HTTP/1.1" 200 229278 "-" "Mozilla/5.0 (Windows NT 10.0; Win64; x64) AppleWebKit/537.36"
185.193.50.150 - - [07/Jun/2026:09:26:14 +0200] "GET /?author=2 HTTP/1.1" 404 224452 "-" "Mozilla/5.0 (Windows NT 10.0; Win64; x64) AppleWebKit/537.36"
185.193.50.150 - - [07/Jun/2026:09:26:14 +0200] "GET /?author=3 HTTP/1.1" 404 224452 "-" "Mozilla/5.0 (Windows NT 10.0; Win64; x64) AppleWebKit/537.36"
185.193.50.150 - - [07/Jun/2026:09:26:15 +0200] "GET /?author=4 HTTP/1.1" 404 224452 "-" "Mozilla/5.0 (Windows NT 10.0; Win64; x64) AppleWebKit/537.36"
185.193.50.150 - - [07/Jun/2026:09:26:16 +0200] "GET /?author=5 HTTP/1.1" 200 221602 "-" "Mozilla/5.0 (Windows NT 10.0; Win64; x64) AppleWebKit/537.36"
109.234.164.184 - - [07/Jun/2026:09:26:18 +0200] "POST /wp-cron.php?doing_wp_cron=1780817178.1798689365386962890625 HTTP/1.1" 200 - "-" "WordPress/7.0; https://www.maimounz.formagloba.fr"
185.193.50.150 - - [07/Jun/2026:09:26:17 +0200] "GET /?author=6 HTTP/1.1" 404 224452 "-" "Mozilla/5.0 (Windows NT 10.0; Win64; x64) AppleWebKit/537.36"
109.234.164.184 - - [07/Jun/2026:09:26:18 +0200] "POST /wp-admin/admin-ajax.php?action=async_litespeed&nonce=53ElHWxQGfEpOoNDyqZYgxBr014wgiGF&litespeed_type=imgoptm HTTP/1.1" 200 1 "-" "WordPress/7.0; https://www.maimounz.formagloba.fr"
185.193.50.150 - - [07/Jun/2026:09:26:18 +0200] "GET /?author=7 HTTP/1.1" 404 224452 "-" "Mozilla/5.0 (Windows NT 10.0; Win64; x64) AppleWebKit/537.36"
185.193.50.150 - - [07/Jun/2026:09:26:19 +0200] "GET /?author=8 HTTP/1.1" 200 221638 "-" "Mozilla/5.0 (Windows NT 10.0; Win64; x64) AppleWebKit/537.36"
185.193.50.150 - - [07/Jun/2026:09:26:20 +0200] "GET /?author=9 HTTP/1.1" 404 224452 "-" "Mozilla/5.0 (Windows NT 10.0; Win64; x64) AppleWebKit/537.36"
185.193.50.150 - - [07/Jun/2026:09:26:20 +0200] "GET /?author=10 HTTP/1.1" 404 224454 "-" "Mozilla/5.0 (Windows NT 10.0; Win64; x64) AppleWebKit/537.36"
185.193.50.150 - - [07/Jun/2026:09:26:21 +0200] "GET /?author=11 HTTP/1.1" 404 224454 "-" "Mozilla/5.0 (Windows NT 10.0; Win64; x64) AppleWebKit/537.36"
185.193.50.150 - - [07/Jun/2026:09:26:22 +0200] "GET /?author=12 HTTP/1.1" 404 224454 "-" "Mozilla/5.0 (Windows NT 10.0; Win64; x64) AppleWebKit/537.36"
185.193.50.150 - - [07/Jun/2026:09:26:23 +0200] "GET /?author=13 HTTP/1.1" 404 224454 "-" "Mozilla/5.0 (Windows NT 10.0; Win64; x64) AppleWebKit/537.36"
185.193.50.150 - - [07/Jun/2026:09:26:24 +0200] "GET /?author=14 HTTP/1.1" 404 224454 "-" "Mozilla/5.0 (Windows NT 10.0; Win64; x64) AppleWebKit/537.36"
185.193.50.150 - - [07/Jun/2026:09:26:25 +0200] "GET /?author=15 HTTP/1.1" 200 221680 "-" "Mozilla/5.0 (Windows NT 10.0; Win64; x64) AppleWebKit/537.36"
185.193.50.150 - - [07/Jun/2026:09:26:25 +0200] "GET /?author=16 HTTP/1.1" 404 224454 "-" "Mozilla/5.0 (Windows NT 10.0; Win64; x64) AppleWebKit/537.36"
185.193.50.150 - - [07/Jun/2026:09:26:26 +0200] "GET /?author=17 HTTP/1.1" 404 224474 "-" "Mozilla/5.0 (Windows NT 10.0; Win64; x64) AppleWebKit/537.36"
185.193.50.150 - - [07/Jun/2026:09:26:27 +0200] "GET /?author=18 HTTP/1.1" 404 224454 "-" "Mozilla/5.0 (Windows NT 10.0; Win64; x64) AppleWebKit/537.36"
185.193.50.150 - - [07/Jun/2026:09:26:28 +0200] "GET /?author=19 HTTP/1.1" 404 224454 "-" "Mozilla/5.0 (Windows NT 10.0; Win64; x64) AppleWebKit/537.36"
185.193.50.150 - - [07/Jun/2026:09:26:29 +0200] "GET /?author=20 HTTP/1.1" 404 224454 "-" "Mozilla/5.0 (Windows NT 10.0; Win64; x64) AppleWebKit/537.36"
185.193.50.150 - - [07/Jun/2026:09:26:29 +0200] "GET /wp-json/wp/v2/users HTTP/1.1" 200 1916 "-" "Mozilla/5.0 (Windows NT 10.0; Win64; x64) AppleWebKit/537.36"
109.234.164.184 - - [07/Jun/2026:09:27:12 +0200] "POST /wp-cron.php?doing_wp_cron=1780817232.8307359218597412109375 HTTP/1.1" 200 - "-" "WordPress/7.0; https://www.maimounz.formagloba.fr"
185.193.50.150 - - [07/Jun/2026:09:27:11 +0200] "GET / HTTP/1.1" 200 274610 "-" "Mozilla/5.0 (Windows NT 10.0; Win64; x64) AppleWebKit/537.36"
109.234.164.184 - - [07/Jun/2026:09:27:26 +0200] "POST /wp-cron.php?doing_wp_cron=1780817246.3322849273681640625000 HTTP/1.1" 200 - "-" "WordPress/7.0; https://www.maimounz.formagloba.fr"
185.193.50.150 - - [07/Jun/2026:09:27:25 +0200] "GET / HTTP/1.1" 200 274610 "-" "Mozilla/5.0 (Windows NT 10.0; Win64; x64) AppleWebKit/537.36"
109.234.164.184 - - [07/Jun/2026:09:27:26 +0200] "POST /wp-admin/admin-ajax.php?action=async_litespeed&nonce=o6LWzQvpCKjqroLP677ziIGxekcZfPoX&litespeed_type=imgoptm HTTP/1.1" 200 1 "-" "WordPress/7.0; https://www.maimounz.formagloba.fr"
109.234.164.184 - - [07/Jun/2026:09:28:10 +0200] "POST /wp-cron.php?doing_wp_cron=1780817290.8959269523620605468750 HTTP/1.1" 200 - "-" "WordPress/7.0; https://www.maimounz.formagloba.fr"
185.193.50.150 - - [07/Jun/2026:09:28:10 +0200] "POST /wp-admin/admin-ajax.php HTTP/1.1" 200 47 "https://www.maimounz.formagloba.fr/wp-admin/users.php" "Mozilla/5.0 (Windows NT 10.0; Win64; x64) AppleWebKit/537.36 (KHTML, like Gecko) Chrome/148.0.0.0 Safari/537.36"
109.234.164.184 - - [07/Jun/2026:09:34:13 +0200] "POST /wp-cron.php?doing_wp_cron=1780817653.8908169269561767578125 HTTP/1.1" 200 - "-" "WordPress/7.0; https://www.maimounz.formagloba.fr"
185.193.50.150 - - [07/Jun/2026:09:34:13 +0200] "POST /wp-admin/admin-ajax.php HTTP/1.1" 200 47 "https://www.maimounz.formagloba.fr/wp-admin/users.php" "Mozilla/5.0 (Windows NT 10.0; Win64; x64) AppleWebKit/537.36 (KHTML, like Gecko) Chrome/148.0.0.0 Safari/537.36"
109.234.164.184 - - [07/Jun/2026:09:34:14 +0200] "POST /wp-admin/admin-ajax.php?action=async_litespeed&nonce=L7SAqbrV0SNHOJre11HdszWBRIER6M3g&litespeed_type=imgoptm HTTP/1.1" 200 1 "-" "WordPress/7.0; https://www.maimounz.formagloba.fr"
109.234.164.184 - - [07/Jun/2026:09:36:14 +0200] "POST /wp-cron.php?doing_wp_cron=1780817774.8395299911499023437500 HTTP/1.1" 200 - "-" "WordPress/7.0; https://www.maimounz.formagloba.fr"
185.193.50.150 - - [07/Jun/2026:09:36:14 +0200] "POST /wp-admin/admin-ajax.php HTTP/1.1" 200 47 "https://www.maimounz.formagloba.fr/wp-admin/users.php" "Mozilla/5.0 (Windows NT 10.0; Win64; x64) AppleWebKit/537.36 (KHTML, like Gecko) Chrome/148.0.0.0 Safari/537.36"
109.234.164.184 - - [07/Jun/2026:09:36:15 +0200] "POST /wp-admin/admin-ajax.php?action=async_litespeed&nonce=qxzT1MA5pS1neCa9XWArN83mPviAC31d&litespeed_type=imgoptm HTTP/1.1" 200 1 "-" "WordPress/7.0; https://www.maimounz.formagloba.fr"
109.234.164.184 - - [07/Jun/2026:09:38:15 +0200] "POST /wp-cron.php?doing_wp_cron=1780817895.8760800361633300781250 HTTP/1.1" 200 - "-" "WordPress/7.0; https://www.maimounz.formagloba.fr"
185.193.50.150 - - [07/Jun/2026:09:38:15 +0200] "POST /wp-admin/admin-ajax.php HTTP/1.1" 200 47 "https://www.maimounz.formagloba.fr/wp-admin/users.php" "Mozilla/5.0 (Windows NT 10.0; Win64; x64) AppleWebKit/537.36 (KHTML, like Gecko) Chrome/148.0.0.0 Safari/537.36"
109.234.164.184 - - [07/Jun/2026:09:38:16 +0200] "POST /wp-admin/admin-ajax.php?action=async_litespeed&nonce=qMRZGuoPiKl1muIL0nl0BSXFFkp8dv7M&litespeed_type=imgoptm HTTP/1.1" 200 1 "-" "WordPress/7.0; https://www.maimounz.formagloba.fr"
109.234.164.184 - - [07/Jun/2026:09:40:16 +0200] "POST /wp-cron.php?doing_wp_cron=1780818016.7801051139831542968750 HTTP/1.1" 200 - "-" "WordPress/7.0; https://www.maimounz.formagloba.fr"
185.193.50.150 - - [07/Jun/2026:09:40:16 +0200] "POST /wp-admin/admin-ajax.php HTTP/1.1" 200 47 "https://www.maimounz.formagloba.fr/wp-admin/users.php" "Mozilla/5.0 (Windows NT 10.0; Win64; x64) AppleWebKit/537.36 (KHTML, like Gecko) Chrome/148.0.0.0 Safari/537.36"
109.234.164.184 - - [07/Jun/2026:09:40:17 +0200] "POST /wp-admin/admin-ajax.php?action=async_litespeed&nonce=FvzM5J0A9eIfn553OEDtAQfbAub6ZgEG&litespeed_type=imgoptm HTTP/1.1" 200 1 "-" "WordPress/7.0; https://www.maimounz.formagloba.fr"
109.234.164.184 - - [07/Jun/2026:09:42:17 +0200] "POST /wp-cron.php?doing_wp_cron=1780818137.8548369407653808593750 HTTP/1.1" 200 - "-" "WordPress/7.0; https://www.maimounz.formagloba.fr"
185.193.50.150 - - [07/Jun/2026:09:42:17 +0200] "POST /wp-admin/admin-ajax.php HTTP/1.1" 200 47 "https://www.maimounz.formagloba.fr/wp-admin/users.php" "Mozilla/5.0 (Windows NT 10.0; Win64; x64) AppleWebKit/537.36 (KHTML, like Gecko) Chrome/148.0.0.0 Safari/537.36"
109.234.164.184 - - [07/Jun/2026:09:42:18 +0200] "POST /wp-admin/admin-ajax.php?action=async_litespeed&nonce=3Jkex2tjmafRu0EIOap9ku5gkstSddvh&litespeed_type=imgoptm HTTP/1.1" 200 1 "-" "WordPress/7.0; https://www.maimounz.formagloba.fr"
109.234.164.184 - - [07/Jun/2026:09:44:18 +0200] "POST /wp-cron.php?doing_wp_cron=1780818258.8613340854644775390625 HTTP/1.1" 200 - "-" "WordPress/7.0; https://www.maimounz.formagloba.fr"
185.193.50.150 - - [07/Jun/2026:09:44:18 +0200] "POST /wp-admin/admin-ajax.php HTTP/1.1" 200 47 "https://www.maimounz.formagloba.fr/wp-admin/users.php" "Mozilla/5.0 (Windows NT 10.0; Win64; x64) AppleWebKit/537.36 (KHTML, like Gecko) Chrome/148.0.0.0 Safari/537.36"
109.234.164.184 - - [07/Jun/2026:09:44:19 +0200] "POST /wp-admin/admin-ajax.php?action=async_litespeed&nonce=lQT3OqNpm5ojngsOUC4iO4PdWgw1AaLL&litespeed_type=imgoptm HTTP/1.1" 200 1 "-" "WordPress/7.0; https://www.maimounz.formagloba.fr"
109.234.164.184 - - [07/Jun/2026:09:46:19 +0200] "POST /wp-cron.php?doing_wp_cron=1780818379.8254768848419189453125 HTTP/1.1" 200 - "-" "WordPress/7.0; https://www.maimounz.formagloba.fr"
185.193.50.150 - - [07/Jun/2026:09:46:19 +0200] "POST /wp-admin/admin-ajax.php HTTP/1.1" 200 47 "https://www.maimounz.formagloba.fr/wp-admin/users.php" "Mozilla/5.0 (Windows NT 10.0; Win64; x64) AppleWebKit/537.36 (KHTML, like Gecko) Chrome/148.0.0.0 Safari/537.36"
109.234.164.184 - - [07/Jun/2026:09:46:20 +0200] "POST /wp-admin/admin-ajax.php?action=async_litespeed&nonce=hSKzU6NvQebH2zzkbm28JF3OVNKOS0Tx&litespeed_type=imgoptm HTTP/1.1" 200 1 "-" "WordPress/7.0; https://www.maimounz.formagloba.fr"
52.167.144.138 - - [07/Jun/2026:09:46:30 +0200] "GET /detail/175931059 HTTP/1.1" 404 219716 "-" "Mozilla/5.0 AppleWebKit/537.36 (KHTML, like Gecko; compatible; bingbot/2.0; +http://www.bing.com/bingbot.htm) Chrome/116.0.1938.76 Safari/537.36"
52.167.144.138 - - [07/Jun/2026:09:46:31 +0200] "GET /detail/501982785 HTTP/1.1" 404 219716 "-" "Mozilla/5.0 AppleWebKit/537.36 (KHTML, like Gecko; compatible; bingbot/2.0; +http://www.bing.com/bingbot.htm) Chrome/116.0.1938.76 Safari/537.36"
109.234.164.184 - - [07/Jun/2026:09:48:20 +0200] "POST /wp-cron.php?doing_wp_cron=1780818500.8612170219421386718750 HTTP/1.1" 200 - "-" "WordPress/7.0; https://www.maimounz.formagloba.fr"
185.193.50.150 - - [07/Jun/2026:09:48:20 +0200] "POST /wp-admin/admin-ajax.php HTTP/1.1" 200 47 "https://www.maimounz.formagloba.fr/wp-admin/users.php" "Mozilla/5.0 (Windows NT 10.0; Win64; x64) AppleWebKit/537.36 (KHTML, like Gecko) Chrome/148.0.0.0 Safari/537.36"
109.234.164.184 - - [07/Jun/2026:09:48:21 +0200] "POST /wp-admin/admin-ajax.php?action=async_litespeed&nonce=GK2Uc0ST4qjdFdceI1JdpoYOGJEIYrIE&litespeed_type=imgoptm HTTP/1.1" 200 1 "-" "WordPress/7.0; https://www.maimounz.formagloba.fr"
109.234.164.184 - - [07/Jun/2026:09:50:13 +0200] "POST /wp-cron.php?doing_wp_cron=1780818613.5099380016326904296875 HTTP/1.1" 200 - "-" "WordPress/7.0; https://www.maimounz.formagloba.fr"
45.84.122.194 - - [07/Jun/2026:09:50:12 +0200] "GET / HTTP/1.1" 200 732338 "-" "Mozilla/5.0 (Windows NT 10.0; Win64; x64) AppleWebKit/537.36 (KHTML, like Gecko) Chrome/148.0.0.0 Safari/537.36"
45.84.122.194 - - [07/Jun/2026:09:50:13 +0200] "GET /wp-content/uploads/automatic-css/automatic.css?ver=1780813897 HTTP/1.1" 200 273001 "https://www.maimounz.formagloba.fr/" "Mozilla/5.0 (Windows NT 10.0; Win64; x64) AppleWebKit/537.36 (KHTML, like Gecko) Chrome/148.0.0.0 Safari/537.36"
45.84.122.194 - - [07/Jun/2026:09:50:14 +0200] "GET /wp-content/uploads/automatic-css/automatic-bricks.css?ver=1780813899 HTTP/1.1" 200 53821 "https://www.maimounz.formagloba.fr/" "Mozilla/5.0 (Windows NT 10.0; Win64; x64) AppleWebKit/537.36 (KHTML, like Gecko) Chrome/148.0.0.0 Safari/537.36"
45.84.122.194 - - [07/Jun/2026:09:50:14 +0200] "GET /wp-content/uploads/automatic-css/automatic-gutenberg.css?ver=1780813899 HTTP/1.1" 200 7360 "https://www.maimounz.formagloba.fr/" "Mozilla/5.0 (Windows NT 10.0; Win64; x64) AppleWebKit/537.36 (KHTML, like Gecko) Chrome/148.0.0.0 Safari/537.36"
109.234.164.184 - - [07/Jun/2026:09:50:14 +0200] "POST /wp-admin/admin-ajax.php?action=async_litespeed&nonce=GIi0VB335qfpGxqN1uFMOTlt35l5bv7L&litespeed_type=imgoptm HTTP/1.1" 200 1 "-" "WordPress/7.0; https://www.maimounz.formagloba.fr"
45.84.122.194 - - [07/Jun/2026:09:50:15 +0200] "POST /?wc-ajax=get_refreshed_fragments HTTP/1.1" 200 505 "https://www.maimounz.formagloba.fr/" "Mozilla/5.0 (Windows NT 10.0; Win64; x64) AppleWebKit/537.36 (KHTML, like Gecko) Chrome/148.0.0.0 Safari/537.36"
109.234.164.184 - - [07/Jun/2026:09:50:21 +0200] "POST /wp-cron.php?doing_wp_cron=1780818621.5162749290466308593750 HTTP/1.1" 200 - "-" "WordPress/7.0; https://www.maimounz.formagloba.fr"
45.84.122.194 - - [07/Jun/2026:09:50:21 +0200] "POST /wp-admin/admin-ajax.php HTTP/1.1" 200 47 "https://www.maimounz.formagloba.fr/wp-admin/users.php" "Mozilla/5.0 (Windows NT 10.0; Win64; x64) AppleWebKit/537.36 (KHTML, like Gecko) Chrome/148.0.0.0 Safari/537.36"
109.234.164.184 - - [07/Jun/2026:09:50:21 +0200] "POST /wp-admin/admin-ajax.php?action=async_litespeed&nonce=090RNQYDu1z43ZmUmB0dh5pMyVSPLeQ4&litespeed_type=imgoptm HTTP/1.1" 200 1 "-" "WordPress/7.0; https://www.maimounz.formagloba.fr"
109.234.164.184 - - [07/Jun/2026:09:52:22 +0200] "POST /wp-cron.php?doing_wp_cron=1780818742.7375020980834960937500 HTTP/1.1" 200 - "-" "WordPress/7.0; https://www.maimounz.formagloba.fr"
45.84.122.194 - - [07/Jun/2026:09:52:22 +0200] "POST /wp-admin/admin-ajax.php HTTP/1.1" 200 47 "https://www.maimounz.formagloba.fr/wp-admin/users.php" "Mozilla/5.0 (Windows NT 10.0; Win64; x64) AppleWebKit/537.36 (KHTML, like Gecko) Chrome/148.0.0.0 Safari/537.36"
109.234.164.184 - - [07/Jun/2026:09:52:23 +0200] "POST /wp-admin/admin-ajax.php?action=async_litespeed&nonce=P6oF1sfb9tqQAe8RAU7KGpoDAiypDt1S&litespeed_type=imgoptm HTTP/1.1" 200 1 "-" "WordPress/7.0; https://www.maimounz.formagloba.fr"
109.234.164.184 - - [07/Jun/2026:09:54:23 +0200] "POST /wp-cron.php?doing_wp_cron=1780818863.8733239173889160156250 HTTP/1.1" 200 - "-" "WordPress/7.0; https://www.maimounz.formagloba.fr"
45.84.122.194 - - [07/Jun/2026:09:54:23 +0200] "POST /wp-admin/admin-ajax.php HTTP/1.1" 200 47 "https://www.maimounz.formagloba.fr/wp-admin/users.php" "Mozilla/5.0 (Windows NT 10.0; Win64; x64) AppleWebKit/537.36 (KHTML, like Gecko) Chrome/148.0.0.0 Safari/537.36"
109.234.164.184 - - [07/Jun/2026:09:54:24 +0200] "POST /wp-admin/admin-ajax.php?action=async_litespeed&nonce=VBuZZeVIqltESOeqkKQMD3tD6gzY0dhi&litespeed_type=imgoptm HTTP/1.1" 200 1 "-" "WordPress/7.0; https://www.maimounz.formagloba.fr"
109.234.164.184 - - [07/Jun/2026:09:56:24 +0200] "POST /wp-cron.php?doing_wp_cron=1780818984.6685290336608886718750 HTTP/1.1" 200 - "-" "WordPress/7.0; https://www.maimounz.formagloba.fr"
45.84.122.194 - - [07/Jun/2026:09:56:24 +0200] "POST /wp-admin/admin-ajax.php HTTP/1.1" 200 47 "https://www.maimounz.formagloba.fr/wp-admin/users.php" "Mozilla/5.0 (Windows NT 10.0; Win64; x64) AppleWebKit/537.36 (KHTML, like Gecko) Chrome/148.0.0.0 Safari/537.36"
109.234.164.184 - - [07/Jun/2026:09:56:25 +0200] "POST /wp-admin/admin-ajax.php?action=async_litespeed&nonce=5B9EIzm7ka7Sl3OmU7U8j446FZuTuDpf&litespeed_type=imgoptm HTTP/1.1" 200 1 "-" "WordPress/7.0; https://www.maimounz.formagloba.fr"
109.234.164.184 - - [07/Jun/2026:09:58:25 +0200] "POST /wp-cron.php?doing_wp_cron=1780819105.7958230972290039062500 HTTP/1.1" 200 - "-" "WordPress/7.0; https://www.maimounz.formagloba.fr"
45.84.122.194 - - [07/Jun/2026:09:58:25 +0200] "POST /wp-admin/admin-ajax.php HTTP/1.1" 200 47 "https://www.maimounz.formagloba.fr/wp-admin/users.php" "Mozilla/5.0 (Windows NT 10.0; Win64; x64) AppleWebKit/537.36 (KHTML, like Gecko) Chrome/148.0.0.0 Safari/537.36"
109.234.164.184 - - [07/Jun/2026:09:58:26 +0200] "POST /wp-admin/admin-ajax.php?action=async_litespeed&nonce=CqBTfA8ob1fTS97BzVrnz15wTnCpQsoQ&litespeed_type=imgoptm HTTP/1.1" 200 1 "-" "WordPress/7.0; https://www.maimounz.formagloba.fr"
109.234.164.184 - - [07/Jun/2026:10:00:27 +0200] "POST /wp-cron.php?doing_wp_cron=1780819227.2559740543365478515625 HTTP/1.1" 200 - "-" "WordPress/7.0; https://www.maimounz.formagloba.fr"
45.84.122.194 - - [07/Jun/2026:10:00:26 +0200] "POST /wp-admin/admin-ajax.php HTTP/1.1" 200 47 "https://www.maimounz.formagloba.fr/wp-admin/users.php" "Mozilla/5.0 (Windows NT 10.0; Win64; x64) AppleWebKit/537.36 (KHTML, like Gecko) Chrome/148.0.0.0 Safari/537.36"
109.234.164.184 - - [07/Jun/2026:10:00:27 +0200] "POST /wp-admin/admin-ajax.php?action=async_litespeed&nonce=t148C7dUQP9pws31yDe5jgzpQg6UQmmX&litespeed_type=imgoptm HTTP/1.1" 200 1 "-" "WordPress/7.0; https://www.maimounz.formagloba.fr"
109.234.164.184 - - [07/Jun/2026:10:02:28 +0200] "POST /wp-cron.php?doing_wp_cron=1780819348.2273659706115722656250 HTTP/1.1" 200 - "-" "WordPress/7.0; https://www.maimounz.formagloba.fr"
45.84.122.194 - - [07/Jun/2026:10:02:27 +0200] "POST /wp-admin/admin-ajax.php HTTP/1.1" 200 47 "https://www.maimounz.formagloba.fr/wp-admin/users.php" "Mozilla/5.0 (Windows NT 10.0; Win64; x64) AppleWebKit/537.36 (KHTML, like Gecko) Chrome/148.0.0.0 Safari/537.36"
109.234.164.184 - - [07/Jun/2026:10:02:28 +0200] "POST /wp-admin/admin-ajax.php?action=async_litespeed&nonce=lndi5gxQCbyjMXGEpg6dQctrF6qgPCXU&litespeed_type=imgoptm HTTP/1.1" 200 1 "-" "WordPress/7.0; https://www.maimounz.formagloba.fr"
109.234.164.184 - - [07/Jun/2026:10:04:29 +0200] "POST /wp-cron.php?doing_wp_cron=1780819469.1738319396972656250000 HTTP/1.1" 200 - "-" "WordPress/7.0; https://www.maimounz.formagloba.fr"
45.84.122.194 - - [07/Jun/2026:10:04:28 +0200] "POST /wp-admin/admin-ajax.php HTTP/1.1" 200 47 "https://www.maimounz.formagloba.fr/wp-admin/users.php" "Mozilla/5.0 (Windows NT 10.0; Win64; x64) AppleWebKit/537.36 (KHTML, like Gecko) Chrome/148.0.0.0 Safari/537.36"
109.234.164.184 - - [07/Jun/2026:10:04:29 +0200] "POST /wp-admin/admin-ajax.php?action=async_litespeed&nonce=Xm7jm4mSeDWe4RMMhvuAhLILv7oG0fZR&litespeed_type=imgoptm HTTP/1.1" 200 1 "-" "WordPress/7.0; https://www.maimounz.formagloba.fr"
109.234.164.184 - - [07/Jun/2026:10:06:30 +0200] "POST /wp-cron.php?doing_wp_cron=1780819590.1524579524993896484375 HTTP/1.1" 200 - "-" "WordPress/7.0; https://www.maimounz.formagloba.fr"
45.84.122.194 - - [07/Jun/2026:10:06:29 +0200] "POST /wp-admin/admin-ajax.php HTTP/1.1" 200 47 "https://www.maimounz.formagloba.fr/wp-admin/users.php" "Mozilla/5.0 (Windows NT 10.0; Win64; x64) AppleWebKit/537.36 (KHTML, like Gecko) Chrome/148.0.0.0 Safari/537.36"
109.234.164.184 - - [07/Jun/2026:10:06:30 +0200] "POST /wp-admin/admin-ajax.php?action=async_litespeed&nonce=cpO61yC4uS8x8vYKBSQQ7yOSbVqN5zAk&litespeed_type=imgoptm HTTP/1.1" 200 1 "-" "WordPress/7.0; https://www.maimounz.formagloba.fr"
109.234.164.184 - - [07/Jun/2026:10:08:31 +0200] "POST /wp-cron.php?doing_wp_cron=1780819711.1627810001373291015625 HTTP/1.1" 200 - "-" "WordPress/7.0; https://www.maimounz.formagloba.fr"
45.84.122.194 - - [07/Jun/2026:10:08:30 +0200] "POST /wp-admin/admin-ajax.php HTTP/1.1" 200 47 "https://www.maimounz.formagloba.fr/wp-admin/users.php" "Mozilla/5.0 (Windows NT 10.0; Win64; x64) AppleWebKit/537.36 (KHTML, like Gecko) Chrome/148.0.0.0 Safari/537.36"
109.234.164.184 - - [07/Jun/2026:10:08:31 +0200] "POST /wp-admin/admin-ajax.php?action=async_litespeed&nonce=UJeg6KYln1Ln1MawAqo7MCI4ap39LZM7&litespeed_type=imgoptm HTTP/1.1" 200 1 "-" "WordPress/7.0; https://www.maimounz.formagloba.fr"
109.234.164.184 - - [07/Jun/2026:10:10:32 +0200] "POST /wp-cron.php?doing_wp_cron=1780819832.2328639030456542968750 HTTP/1.1" 200 - "-" "WordPress/7.0; https://www.maimounz.formagloba.fr"
45.84.122.194 - - [07/Jun/2026:10:10:31 +0200] "POST /wp-admin/admin-ajax.php HTTP/1.1" 200 47 "https://www.maimounz.formagloba.fr/wp-admin/users.php" "Mozilla/5.0 (Windows NT 10.0; Win64; x64) AppleWebKit/537.36 (KHTML, like Gecko) Chrome/148.0.0.0 Safari/537.36"
109.234.164.184 - - [07/Jun/2026:10:10:32 +0200] "POST /wp-admin/admin-ajax.php?action=async_litespeed&nonce=T9N6KHGksCTrD8R2nW3J0h9nsMD4lObZ&litespeed_type=imgoptm HTTP/1.1" 200 1 "-" "WordPress/7.0; https://www.maimounz.formagloba.fr"
109.234.164.184 - - [07/Jun/2026:10:12:33 +0200] "POST /wp-cron.php?doing_wp_cron=1780819953.1869010925292968750000 HTTP/1.1" 200 - "-" "WordPress/7.0; https://www.maimounz.formagloba.fr"
45.84.122.194 - - [07/Jun/2026:10:12:32 +0200] "POST /wp-admin/admin-ajax.php HTTP/1.1" 200 47 "https://www.maimounz.formagloba.fr/wp-admin/users.php" "Mozilla/5.0 (Windows NT 10.0; Win64; x64) AppleWebKit/537.36 (KHTML, like Gecko) Chrome/148.0.0.0 Safari/537.36"
109.234.164.184 - - [07/Jun/2026:10:12:33 +0200] "POST /wp-admin/admin-ajax.php?action=async_litespeed&nonce=ZAHs9ohCSt1etY0oSTI5TSKUoQTOOFCm&litespeed_type=imgoptm HTTP/1.1" 200 1 "-" "WordPress/7.0; https://www.maimounz.formagloba.fr"
109.234.164.184 - - [07/Jun/2026:10:14:34 +0200] "POST /wp-cron.php?doing_wp_cron=1780820074.2042000293731689453125 HTTP/1.1" 200 - "-" "WordPress/7.0; https://www.maimounz.formagloba.fr"
45.84.122.194 - - [07/Jun/2026:10:14:33 +0200] "POST /wp-admin/admin-ajax.php HTTP/1.1" 200 47 "https://www.maimounz.formagloba.fr/wp-admin/users.php" "Mozilla/5.0 (Windows NT 10.0; Win64; x64) AppleWebKit/537.36 (KHTML, like Gecko) Chrome/148.0.0.0 Safari/537.36"
109.234.164.184 - - [07/Jun/2026:10:14:34 +0200] "POST /wp-admin/admin-ajax.php?action=async_litespeed&nonce=ffhRoYkazcdmYPcSy5NzApE5LGXUH6HG&litespeed_type=imgoptm HTTP/1.1" 200 1 "-" "WordPress/7.0; https://www.maimounz.formagloba.fr"
109.234.164.184 - - [07/Jun/2026:10:16:35 +0200] "POST /wp-cron.php?doing_wp_cron=1780820195.2365550994873046875000 HTTP/1.1" 200 - "-" "WordPress/7.0; https://www.maimounz.formagloba.fr"
45.84.122.194 - - [07/Jun/2026:10:16:34 +0200] "POST /wp-admin/admin-ajax.php HTTP/1.1" 200 47 "https://www.maimounz.formagloba.fr/wp-admin/users.php" "Mozilla/5.0 (Windows NT 10.0; Win64; x64) AppleWebKit/537.36 (KHTML, like Gecko) Chrome/148.0.0.0 Safari/537.36"
109.234.164.184 - - [07/Jun/2026:10:16:35 +0200] "POST /wp-admin/admin-ajax.php?action=async_litespeed&nonce=s4ahTHtIORgtF8UghgvvZJ7UiZTMaBMy&litespeed_type=imgoptm HTTP/1.1" 200 1 "-" "WordPress/7.0; https://www.maimounz.formagloba.fr"
109.234.164.184 - - [07/Jun/2026:10:18:36 +0200] "POST /wp-cron.php?doing_wp_cron=1780820316.1218490600585937500000 HTTP/1.1" 200 - "-" "WordPress/7.0; https://www.maimounz.formagloba.fr"
45.84.122.194 - - [07/Jun/2026:10:18:35 +0200] "POST /wp-admin/admin-ajax.php HTTP/1.1" 200 47 "https://www.maimounz.formagloba.fr/wp-admin/users.php" "Mozilla/5.0 (Windows NT 10.0; Win64; x64) AppleWebKit/537.36 (KHTML, like Gecko) Chrome/148.0.0.0 Safari/537.36"
109.234.164.184 - - [07/Jun/2026:10:18:36 +0200] "POST /wp-admin/admin-ajax.php?action=async_litespeed&nonce=CVqNfqQoeOFEyZaIGkuxa5hJqtTYJ4uu&litespeed_type=imgoptm HTTP/1.1" 200 1 "-" "WordPress/7.0; https://www.maimounz.formagloba.fr"
109.234.164.184 - - [07/Jun/2026:10:20:07 +0200] "POST /wp-cron.php?doing_wp_cron=1780820407.0140330791473388671875 HTTP/1.1" 200 - "-" "WordPress/7.0; https://www.maimounz.formagloba.fr"
40.77.167.16 - - [07/Jun/2026:10:20:06 +0200] "GET /detail/522605165 HTTP/1.1" 404 219716 "-" "Mozilla/5.0 AppleWebKit/537.36 (KHTML, like Gecko; compatible; bingbot/2.0; +http://www.bing.com/bingbot.htm) Chrome/116.0.1938.76 Safari/537.36"
109.234.164.184 - - [07/Jun/2026:10:20:07 +0200] "POST /wp-admin/admin-ajax.php?action=async_litespeed&nonce=W0ssUkdHQ2obW9BV4KFKGmoDPOsRMZpJ&litespeed_type=imgoptm HTTP/1.1" 200 1 "-" "WordPress/7.0; https://www.maimounz.formagloba.fr"
109.234.164.184 - - [07/Jun/2026:10:20:37 +0200] "POST /wp-cron.php?doing_wp_cron=1780820437.1902360916137695312500 HTTP/1.1" 200 - "-" "WordPress/7.0; https://www.maimounz.formagloba.fr"
45.84.122.194 - - [07/Jun/2026:10:20:36 +0200] "POST /wp-admin/admin-ajax.php HTTP/1.1" 200 47 "https://www.maimounz.formagloba.fr/wp-admin/users.php" "Mozilla/5.0 (Windows NT 10.0; Win64; x64) AppleWebKit/537.36 (KHTML, like Gecko) Chrome/148.0.0.0 Safari/537.36"
109.234.164.184 - - [07/Jun/2026:10:20:37 +0200] "POST /wp-admin/admin-ajax.php?action=async_litespeed&nonce=SPdfA1NypE65d21cZJa0W62ZUEhDVCZt&litespeed_type=imgoptm HTTP/1.1" 200 1 "-" "WordPress/7.0; https://www.maimounz.formagloba.fr"
109.234.164.184 - - [07/Jun/2026:10:22:38 +0200] "POST /wp-cron.php?doing_wp_cron=1780820558.2373719215393066406250 HTTP/1.1" 200 - "-" "WordPress/7.0; https://www.maimounz.formagloba.fr"
45.84.122.194 - - [07/Jun/2026:10:22:37 +0200] "POST /wp-admin/admin-ajax.php HTTP/1.1" 200 47 "https://www.maimounz.formagloba.fr/wp-admin/users.php" "Mozilla/5.0 (Windows NT 10.0; Win64; x64) AppleWebKit/537.36 (KHTML, like Gecko) Chrome/148.0.0.0 Safari/537.36"
109.234.164.184 - - [07/Jun/2026:10:22:38 +0200] "POST /wp-admin/admin-ajax.php?action=async_litespeed&nonce=pXVvjno9yyvmz8F2UQzzgmNWe8VqNGwE&litespeed_type=imgoptm HTTP/1.1" 200 1 "-" "WordPress/7.0; https://www.maimounz.formagloba.fr"
109.234.164.184 - - [07/Jun/2026:10:24:39 +0200] "POST /wp-cron.php?doing_wp_cron=1780820679.1849191188812255859375 HTTP/1.1" 200 - "-" "WordPress/7.0; https://www.maimounz.formagloba.fr"
45.84.122.194 - - [07/Jun/2026:10:24:38 +0200] "POST /wp-admin/admin-ajax.php HTTP/1.1" 200 47 "https://www.maimounz.formagloba.fr/wp-admin/users.php" "Mozilla/5.0 (Windows NT 10.0; Win64; x64) AppleWebKit/537.36 (KHTML, like Gecko) Chrome/148.0.0.0 Safari/537.36"
109.234.164.184 - - [07/Jun/2026:10:24:39 +0200] "POST /wp-admin/admin-ajax.php?action=async_litespeed&nonce=QJQrxsVjE9508ZiKFWOyA05mKkWNsdA6&litespeed_type=imgoptm HTTP/1.1" 200 1 "-" "WordPress/7.0; https://www.maimounz.formagloba.fr"
109.234.164.184 - - [07/Jun/2026:10:26:39 +0200] "POST /wp-cron.php?doing_wp_cron=1780820799.7982349395751953125000 HTTP/1.1" 200 - "-" "WordPress/7.0; https://www.maimounz.formagloba.fr"
45.84.122.194 - - [07/Jun/2026:10:26:39 +0200] "POST /wp-admin/admin-ajax.php HTTP/1.1" 200 47 "https://www.maimounz.formagloba.fr/wp-admin/users.php" "Mozilla/5.0 (Windows NT 10.0; Win64; x64) AppleWebKit/537.36 (KHTML, like Gecko) Chrome/148.0.0.0 Safari/537.36"
109.234.164.184 - - [07/Jun/2026:10:26:40 +0200] "POST /wp-admin/admin-ajax.php?action=async_litespeed&nonce=LDHpxf8DWOOlqunQWt4xVM0BqYUpcB9J&litespeed_type=imgoptm HTTP/1.1" 200 1 "-" "WordPress/7.0; https://www.maimounz.formagloba.fr"
109.234.164.184 - - [07/Jun/2026:10:28:40 +0200] "POST /wp-cron.php?doing_wp_cron=1780820920.7993760108947753906250 HTTP/1.1" 200 - "-" "WordPress/7.0; https://www.maimounz.formagloba.fr"
45.84.122.194 - - [07/Jun/2026:10:28:40 +0200] "POST /wp-admin/admin-ajax.php HTTP/1.1" 200 47 "https://www.maimounz.formagloba.fr/wp-admin/users.php" "Mozilla/5.0 (Windows NT 10.0; Win64; x64) AppleWebKit/537.36 (KHTML, like Gecko) Chrome/148.0.0.0 Safari/537.36"
109.234.164.184 - - [07/Jun/2026:10:28:41 +0200] "POST /wp-admin/admin-ajax.php?action=async_litespeed&nonce=aZlPIxrC0nETSY4bMazBxrLsA8yN5NFA&litespeed_type=imgoptm HTTP/1.1" 200 1 "-" "WordPress/7.0; https://www.maimounz.formagloba.fr"
109.234.164.184 - - [07/Jun/2026:10:30:41 +0200] "POST /wp-cron.php?doing_wp_cron=1780821041.7611360549926757812500 HTTP/1.1" 200 - "-" "WordPress/7.0; https://www.maimounz.formagloba.fr"
