45.84.122.194 - - [07/Jun/2026:10:30:41 +0200] "POST /wp-admin/admin-ajax.php HTTP/1.1" 200 47 "https://www.maimounz.formagloba.fr/wp-admin/users.php" "Mozilla/5.0 (Windows NT 10.0; Win64; x64) AppleWebKit/537.36 (KHTML, like Gecko) Chrome/148.0.0.0 Safari/537.36"
109.234.164.184 - - [07/Jun/2026:10:30:42 +0200] "POST /wp-admin/admin-ajax.php?action=async_litespeed&nonce=79uuSaGAk7azB4xCqyc5kVhgTAaRgimP&litespeed_type=imgoptm HTTP/1.1" 200 1 "-" "WordPress/7.0; https://www.maimounz.formagloba.fr"
109.234.164.184 - - [07/Jun/2026:10:32:42 +0200] "POST /wp-cron.php?doing_wp_cron=1780821162.7245290279388427734375 HTTP/1.1" 200 - "-" "WordPress/7.0; https://www.maimounz.formagloba.fr"
45.84.122.194 - - [07/Jun/2026:10:32:42 +0200] "POST /wp-admin/admin-ajax.php HTTP/1.1" 200 47 "https://www.maimounz.formagloba.fr/wp-admin/users.php" "Mozilla/5.0 (Windows NT 10.0; Win64; x64) AppleWebKit/537.36 (KHTML, like Gecko) Chrome/148.0.0.0 Safari/537.36"
109.234.164.184 - - [07/Jun/2026:10:32:43 +0200] "POST /wp-admin/admin-ajax.php?action=async_litespeed&nonce=iVoHUWAdkPebq4boBa5xogctP655XkKb&litespeed_type=imgoptm HTTP/1.1" 200 1 "-" "WordPress/7.0; https://www.maimounz.formagloba.fr"
109.234.164.184 - - [07/Jun/2026:10:34:44 +0200] "POST /wp-cron.php?doing_wp_cron=1780821284.0270419120788574218750 HTTP/1.1" 200 - "-" "WordPress/7.0; https://www.maimounz.formagloba.fr"
45.84.122.194 - - [07/Jun/2026:10:34:43 +0200] "POST /wp-admin/admin-ajax.php HTTP/1.1" 200 47 "https://www.maimounz.formagloba.fr/wp-admin/users.php" "Mozilla/5.0 (Windows NT 10.0; Win64; x64) AppleWebKit/537.36 (KHTML, like Gecko) Chrome/148.0.0.0 Safari/537.36"
109.234.164.184 - - [07/Jun/2026:10:34:44 +0200] "POST /wp-admin/admin-ajax.php?action=async_litespeed&nonce=fQWNqVn0odFSpy17DfkW94Mvk64F3H2V&litespeed_type=imgoptm HTTP/1.1" 200 1 "-" "WordPress/7.0; https://www.maimounz.formagloba.fr"
109.234.164.184 - - [07/Jun/2026:10:36:44 +0200] "POST /wp-cron.php?doing_wp_cron=1780821404.6993041038513183593750 HTTP/1.1" 200 - "-" "WordPress/7.0; https://www.maimounz.formagloba.fr"
45.84.122.194 - - [07/Jun/2026:10:36:44 +0200] "POST /wp-admin/admin-ajax.php HTTP/1.1" 200 47 "https://www.maimounz.formagloba.fr/wp-admin/users.php" "Mozilla/5.0 (Windows NT 10.0; Win64; x64) AppleWebKit/537.36 (KHTML, like Gecko) Chrome/148.0.0.0 Safari/537.36"
109.234.164.184 - - [07/Jun/2026:10:36:45 +0200] "POST /wp-admin/admin-ajax.php?action=async_litespeed&nonce=MZnCsplcjO9LPcM15H2NgFbdA5mEMXmW&litespeed_type=imgoptm HTTP/1.1" 200 1 "-" "WordPress/7.0; https://www.maimounz.formagloba.fr"
109.234.164.184 - - [07/Jun/2026:10:38:45 +0200] "POST /wp-cron.php?doing_wp_cron=1780821525.7062020301818847656250 HTTP/1.1" 200 - "-" "WordPress/7.0; https://www.maimounz.formagloba.fr"
45.84.122.194 - - [07/Jun/2026:10:38:45 +0200] "POST /wp-admin/admin-ajax.php HTTP/1.1" 200 47 "https://www.maimounz.formagloba.fr/wp-admin/users.php" "Mozilla/5.0 (Windows NT 10.0; Win64; x64) AppleWebKit/537.36 (KHTML, like Gecko) Chrome/148.0.0.0 Safari/537.36"
109.234.164.184 - - [07/Jun/2026:10:38:46 +0200] "POST /wp-admin/admin-ajax.php?action=async_litespeed&nonce=PSbUrm7zVLk6ypBuW3VQoQjA9zksCJHp&litespeed_type=imgoptm HTTP/1.1" 200 1 "-" "WordPress/7.0; https://www.maimounz.formagloba.fr"
109.234.164.184 - - [07/Jun/2026:10:40:46 +0200] "POST /wp-cron.php?doing_wp_cron=1780821646.6701500415802001953125 HTTP/1.1" 200 - "-" "WordPress/7.0; https://www.maimounz.formagloba.fr"
45.84.122.194 - - [07/Jun/2026:10:40:46 +0200] "POST /wp-admin/admin-ajax.php HTTP/1.1" 200 47 "https://www.maimounz.formagloba.fr/wp-admin/users.php" "Mozilla/5.0 (Windows NT 10.0; Win64; x64) AppleWebKit/537.36 (KHTML, like Gecko) Chrome/148.0.0.0 Safari/537.36"
109.234.164.184 - - [07/Jun/2026:10:40:47 +0200] "POST /wp-admin/admin-ajax.php?action=async_litespeed&nonce=3XuSWmvlm5KbPpHs9LlYAl8JtIBssMhP&litespeed_type=imgoptm HTTP/1.1" 200 1 "-" "WordPress/7.0; https://www.maimounz.formagloba.fr"
109.234.164.184 - - [07/Jun/2026:10:42:47 +0200] "POST /wp-cron.php?doing_wp_cron=1780821767.7661349773406982421875 HTTP/1.1" 200 - "-" "WordPress/7.0; https://www.maimounz.formagloba.fr"
45.84.122.194 - - [07/Jun/2026:10:42:47 +0200] "POST /wp-admin/admin-ajax.php HTTP/1.1" 200 47 "https://www.maimounz.formagloba.fr/wp-admin/users.php" "Mozilla/5.0 (Windows NT 10.0; Win64; x64) AppleWebKit/537.36 (KHTML, like Gecko) Chrome/148.0.0.0 Safari/537.36"
109.234.164.184 - - [07/Jun/2026:10:42:48 +0200] "POST /wp-admin/admin-ajax.php?action=async_litespeed&nonce=hKioqnUog7fDjcA2kvnu2fYpTQQXvks3&litespeed_type=imgoptm HTTP/1.1" 200 1 "-" "WordPress/7.0; https://www.maimounz.formagloba.fr"
109.234.164.184 - - [07/Jun/2026:10:44:48 +0200] "POST /wp-cron.php?doing_wp_cron=1780821888.7034819126129150390625 HTTP/1.1" 200 - "-" "WordPress/7.0; https://www.maimounz.formagloba.fr"
45.84.122.194 - - [07/Jun/2026:10:44:48 +0200] "POST /wp-admin/admin-ajax.php HTTP/1.1" 200 47 "https://www.maimounz.formagloba.fr/wp-admin/users.php" "Mozilla/5.0 (Windows NT 10.0; Win64; x64) AppleWebKit/537.36 (KHTML, like Gecko) Chrome/148.0.0.0 Safari/537.36"
109.234.164.184 - - [07/Jun/2026:10:44:49 +0200] "POST /wp-admin/admin-ajax.php?action=async_litespeed&nonce=UIdC61RKPMZjRomQE8ARHfHmJjzO92cy&litespeed_type=imgoptm HTTP/1.1" 200 1 "-" "WordPress/7.0; https://www.maimounz.formagloba.fr"
109.234.164.184 - - [07/Jun/2026:10:46:50 +0200] "POST /wp-cron.php?doing_wp_cron=1780822010.1813919544219970703125 HTTP/1.1" 200 - "-" "WordPress/7.0; https://www.maimounz.formagloba.fr"
185.59.220.170 - - [07/Jun/2026:10:46:49 +0200] "POST /wp-admin/admin-ajax.php HTTP/1.1" 200 47 "https://www.maimounz.formagloba.fr/wp-admin/users.php" "Mozilla/5.0 (Windows NT 10.0; Win64; x64) AppleWebKit/537.36 (KHTML, like Gecko) Chrome/148.0.0.0 Safari/537.36"
109.234.164.184 - - [07/Jun/2026:10:46:50 +0200] "POST /wp-admin/admin-ajax.php?action=async_litespeed&nonce=0X00AcEDXj0fUxxhczO0ie1l4rRFYtx8&litespeed_type=imgoptm HTTP/1.1" 200 1 "-" "WordPress/7.0; https://www.maimounz.formagloba.fr"
109.234.164.184 - - [07/Jun/2026:10:48:50 +0200] "POST /wp-cron.php?doing_wp_cron=1780822130.6289110183715820312500 HTTP/1.1" 200 - "-" "WordPress/7.0; https://www.maimounz.formagloba.fr"
185.59.220.170 - - [07/Jun/2026:10:48:50 +0200] "POST /wp-admin/admin-ajax.php HTTP/1.1" 200 47 "https://www.maimounz.formagloba.fr/wp-admin/users.php" "Mozilla/5.0 (Windows NT 10.0; Win64; x64) AppleWebKit/537.36 (KHTML, like Gecko) Chrome/148.0.0.0 Safari/537.36"
109.234.164.184 - - [07/Jun/2026:10:48:51 +0200] "POST /wp-admin/admin-ajax.php?action=async_litespeed&nonce=ElvfmrX3YoLpJLoqsLns8tkzi1SH4UYN&litespeed_type=imgoptm HTTP/1.1" 200 1 "-" "WordPress/7.0; https://www.maimounz.formagloba.fr"
109.234.164.184 - - [07/Jun/2026:10:50:51 +0200] "POST /wp-cron.php?doing_wp_cron=1780822251.6845428943634033203125 HTTP/1.1" 200 - "-" "WordPress/7.0; https://www.maimounz.formagloba.fr"
185.59.220.170 - - [07/Jun/2026:10:50:51 +0200] "POST /wp-admin/admin-ajax.php HTTP/1.1" 200 47 "https://www.maimounz.formagloba.fr/wp-admin/users.php" "Mozilla/5.0 (Windows NT 10.0; Win64; x64) AppleWebKit/537.36 (KHTML, like Gecko) Chrome/148.0.0.0 Safari/537.36"
109.234.164.184 - - [07/Jun/2026:10:50:52 +0200] "POST /wp-admin/admin-ajax.php?action=async_litespeed&nonce=F82ApAgxMRMUhazdsfDf4sDDFKJdHFeh&litespeed_type=imgoptm HTTP/1.1" 200 1 "-" "WordPress/7.0; https://www.maimounz.formagloba.fr"
109.234.164.184 - - [07/Jun/2026:10:52:52 +0200] "POST /wp-cron.php?doing_wp_cron=1780822372.6063549518585205078125 HTTP/1.1" 200 - "-" "WordPress/7.0; https://www.maimounz.formagloba.fr"
185.59.220.170 - - [07/Jun/2026:10:52:52 +0200] "POST /wp-admin/admin-ajax.php HTTP/1.1" 200 47 "https://www.maimounz.formagloba.fr/wp-admin/users.php" "Mozilla/5.0 (Windows NT 10.0; Win64; x64) AppleWebKit/537.36 (KHTML, like Gecko) Chrome/148.0.0.0 Safari/537.36"
109.234.164.184 - - [07/Jun/2026:10:52:52 +0200] "POST /wp-admin/admin-ajax.php?action=async_litespeed&nonce=QPV0odYlTiLYjNt4msg1s3Knmtq9OTth&litespeed_type=imgoptm HTTP/1.1" 200 1 "-" "WordPress/7.0; https://www.maimounz.formagloba.fr"
109.234.164.184 - - [07/Jun/2026:10:54:02 +0200] "POST /wp-cron.php?doing_wp_cron=1780822442.4970090389251708984375 HTTP/1.1" 200 - "-" "WordPress/7.0; https://www.maimounz.formagloba.fr"
198.235.24.16 - - [07/Jun/2026:10:54:01 +0200] "GET / HTTP/1.1" 200 274610 "-" "Hello from Palo Alto Networks, find out more about our scans in https://docs-cortex.paloaltonetworks.com/r/1/Cortex-Xpanse/Scanning-activity"
109.234.164.184 - - [07/Jun/2026:10:54:02 +0200] "POST /wp-admin/admin-ajax.php?action=async_litespeed&nonce=8sRZfo9I0EJFJWG3zWQOeo0qG054cToj&litespeed_type=imgoptm HTTP/1.1" 200 1 "-" "WordPress/7.0; https://www.maimounz.formagloba.fr"
109.234.164.184 - - [07/Jun/2026:10:54:53 +0200] "POST /wp-cron.php?doing_wp_cron=1780822493.7142078876495361328125 HTTP/1.1" 200 - "-" "WordPress/7.0; https://www.maimounz.formagloba.fr"
185.59.220.170 - - [07/Jun/2026:10:54:53 +0200] "POST /wp-admin/admin-ajax.php HTTP/1.1" 200 47 "https://www.maimounz.formagloba.fr/wp-admin/users.php" "Mozilla/5.0 (Windows NT 10.0; Win64; x64) AppleWebKit/537.36 (KHTML, like Gecko) Chrome/148.0.0.0 Safari/537.36"
109.234.164.184 - - [07/Jun/2026:10:54:54 +0200] "POST /wp-admin/admin-ajax.php?action=async_litespeed&nonce=DpACSnfKzxEdlneLwsM5UeQmhJ0JnNpM&litespeed_type=imgoptm HTTP/1.1" 200 1 "-" "WordPress/7.0; https://www.maimounz.formagloba.fr"
109.234.164.184 - - [07/Jun/2026:10:56:54 +0200] "POST /wp-cron.php?doing_wp_cron=1780822614.5930619239807128906250 HTTP/1.1" 200 - "-" "WordPress/7.0; https://www.maimounz.formagloba.fr"
185.59.220.170 - - [07/Jun/2026:10:56:54 +0200] "POST /wp-admin/admin-ajax.php HTTP/1.1" 200 47 "https://www.maimounz.formagloba.fr/wp-admin/users.php" "Mozilla/5.0 (Windows NT 10.0; Win64; x64) AppleWebKit/537.36 (KHTML, like Gecko) Chrome/148.0.0.0 Safari/537.36"
109.234.164.184 - - [07/Jun/2026:10:56:54 +0200] "POST /wp-admin/admin-ajax.php?action=async_litespeed&nonce=GMxs6A7CuD1Gw7hi7kkSDVDcJ1sPzUay&litespeed_type=imgoptm HTTP/1.1" 200 1 "-" "WordPress/7.0; https://www.maimounz.formagloba.fr"
109.234.164.184 - - [07/Jun/2026:10:58:55 +0200] "POST /wp-cron.php?doing_wp_cron=1780822735.6123180389404296875000 HTTP/1.1" 200 - "-" "WordPress/7.0; https://www.maimounz.formagloba.fr"
185.59.220.170 - - [07/Jun/2026:10:58:55 +0200] "POST /wp-admin/admin-ajax.php HTTP/1.1" 200 47 "https://www.maimounz.formagloba.fr/wp-admin/users.php" "Mozilla/5.0 (Windows NT 10.0; Win64; x64) AppleWebKit/537.36 (KHTML, like Gecko) Chrome/148.0.0.0 Safari/537.36"
109.234.164.184 - - [07/Jun/2026:10:58:56 +0200] "POST /wp-admin/admin-ajax.php?action=async_litespeed&nonce=vp01Dt9ZOGrBW8cYXe0EHBVH76ClD7aV&litespeed_type=imgoptm HTTP/1.1" 200 1 "-" "WordPress/7.0; https://www.maimounz.formagloba.fr"
109.234.164.184 - - [07/Jun/2026:11:00:56 +0200] "POST /wp-cron.php?doing_wp_cron=1780822856.4756550788879394531250 HTTP/1.1" 200 - "-" "WordPress/7.0; https://www.maimounz.formagloba.fr"
185.59.220.170 - - [07/Jun/2026:11:00:56 +0200] "POST /wp-admin/admin-ajax.php HTTP/1.1" 200 47 "https://www.maimounz.formagloba.fr/wp-admin/users.php" "Mozilla/5.0 (Windows NT 10.0; Win64; x64) AppleWebKit/537.36 (KHTML, like Gecko) Chrome/148.0.0.0 Safari/537.36"
109.234.164.184 - - [07/Jun/2026:11:00:56 +0200] "POST /wp-admin/admin-ajax.php?action=async_litespeed&nonce=Xy4gfbpOVzJ6qoCzchTKq2JMgB3XeJX2&litespeed_type=imgoptm HTTP/1.1" 200 1 "-" "WordPress/7.0; https://www.maimounz.formagloba.fr"
109.234.164.184 - - [07/Jun/2026:11:02:32 +0200] "POST /wp-cron.php?doing_wp_cron=1780822952.4275569915771484375000 HTTP/1.1" 200 - "-" "WordPress/7.0; https://www.maimounz.formagloba.fr"
216.73.216.102 - - [07/Jun/2026:11:02:31 +0200] "GET /robots.txt HTTP/1.1" 200 124 "-" "Mozilla/5.0 AppleWebKit/537.36 (KHTML, like Gecko; compatible; ClaudeBot/1.0; +claudebot@anthropic.com)"
216.73.216.102 - - [07/Jun/2026:11:02:32 +0200] "GET /sitemap.xml HTTP/1.1" 200 3418 "-" "Mozilla/5.0 AppleWebKit/537.36 (KHTML, like Gecko; compatible; ClaudeBot/1.0; +claudebot@anthropic.com)"
109.234.164.184 - - [07/Jun/2026:11:02:32 +0200] "POST /wp-admin/admin-ajax.php?action=async_litespeed&nonce=8JjofwMks6bOdakhBwCZaV8obaRrkFu0&litespeed_type=imgoptm HTTP/1.1" 200 1 "-" "WordPress/7.0; https://www.maimounz.formagloba.fr"
109.234.164.184 - - [07/Jun/2026:11:02:57 +0200] "POST /wp-cron.php?doing_wp_cron=1780822977.4629049301147460937500 HTTP/1.1" 200 - "-" "WordPress/7.0; https://www.maimounz.formagloba.fr"
185.59.220.170 - - [07/Jun/2026:11:02:57 +0200] "POST /wp-admin/admin-ajax.php HTTP/1.1" 200 47 "https://www.maimounz.formagloba.fr/wp-admin/users.php" "Mozilla/5.0 (Windows NT 10.0; Win64; x64) AppleWebKit/537.36 (KHTML, like Gecko) Chrome/148.0.0.0 Safari/537.36"
109.234.164.184 - - [07/Jun/2026:11:04:58 +0200] "POST /wp-cron.php?doing_wp_cron=1780823098.5323948860168457031250 HTTP/1.1" 200 - "-" "WordPress/7.0; https://www.maimounz.formagloba.fr"
185.59.220.170 - - [07/Jun/2026:11:04:58 +0200] "POST /wp-admin/admin-ajax.php HTTP/1.1" 200 47 "https://www.maimounz.formagloba.fr/wp-admin/users.php" "Mozilla/5.0 (Windows NT 10.0; Win64; x64) AppleWebKit/537.36 (KHTML, like Gecko) Chrome/148.0.0.0 Safari/537.36"
109.234.164.184 - - [07/Jun/2026:11:04:58 +0200] "POST /wp-admin/admin-ajax.php?action=async_litespeed&nonce=0xzxVHE4kmCgtkPV3yDwVWXvIwGknp21&litespeed_type=imgoptm HTTP/1.1" 200 1 "-" "WordPress/7.0; https://www.maimounz.formagloba.fr"
109.234.164.184 - - [07/Jun/2026:11:06:59 +0200] "POST /wp-cron.php?doing_wp_cron=1780823219.4494659900665283203125 HTTP/1.1" 200 - "-" "WordPress/7.0; https://www.maimounz.formagloba.fr"
185.59.220.170 - - [07/Jun/2026:11:06:59 +0200] "POST /wp-admin/admin-ajax.php HTTP/1.1" 200 47 "https://www.maimounz.formagloba.fr/wp-admin/users.php" "Mozilla/5.0 (Windows NT 10.0; Win64; x64) AppleWebKit/537.36 (KHTML, like Gecko) Chrome/148.0.0.0 Safari/537.36"
109.234.164.184 - - [07/Jun/2026:11:06:59 +0200] "POST /wp-admin/admin-ajax.php?action=async_litespeed&nonce=miSKkLeZYqG9aW0sxwn03ygWRd9RS7ye&litespeed_type=imgoptm HTTP/1.1" 200 1 "-" "WordPress/7.0; https://www.maimounz.formagloba.fr"
109.234.164.184 - - [07/Jun/2026:11:09:00 +0200] "POST /wp-cron.php?doing_wp_cron=1780823340.4538159370422363281250 HTTP/1.1" 200 - "-" "WordPress/7.0; https://www.maimounz.formagloba.fr"
185.59.220.170 - - [07/Jun/2026:11:09:00 +0200] "POST /wp-admin/admin-ajax.php HTTP/1.1" 200 47 "https://www.maimounz.formagloba.fr/wp-admin/users.php" "Mozilla/5.0 (Windows NT 10.0; Win64; x64) AppleWebKit/537.36 (KHTML, like Gecko) Chrome/148.0.0.0 Safari/537.36"
109.234.164.184 - - [07/Jun/2026:11:09:00 +0200] "POST /wp-admin/admin-ajax.php?action=async_litespeed&nonce=Xoas8JJnbZ1WmX53MWiHmIHxQgWbTlOz&litespeed_type=imgoptm HTTP/1.1" 200 1 "-" "WordPress/7.0; https://www.maimounz.formagloba.fr"
109.234.164.184 - - [07/Jun/2026:11:11:01 +0200] "POST /wp-cron.php?doing_wp_cron=1780823461.4102950096130371093750 HTTP/1.1" 200 - "-" "WordPress/7.0; https://www.maimounz.formagloba.fr"
185.59.220.170 - - [07/Jun/2026:11:11:01 +0200] "POST /wp-admin/admin-ajax.php HTTP/1.1" 200 47 "https://www.maimounz.formagloba.fr/wp-admin/users.php" "Mozilla/5.0 (Windows NT 10.0; Win64; x64) AppleWebKit/537.36 (KHTML, like Gecko) Chrome/148.0.0.0 Safari/537.36"
109.234.164.184 - - [07/Jun/2026:11:11:01 +0200] "POST /wp-admin/admin-ajax.php?action=async_litespeed&nonce=wyoKjC0kQWaVA9otwpLEeMxr61xWvyES&litespeed_type=imgoptm HTTP/1.1" 200 1 "-" "WordPress/7.0; https://www.maimounz.formagloba.fr"
109.234.164.184 - - [07/Jun/2026:11:13:02 +0200] "POST /wp-cron.php?doing_wp_cron=1780823582.5000429153442382812500 HTTP/1.1" 200 - "-" "WordPress/7.0; https://www.maimounz.formagloba.fr"
185.59.220.170 - - [07/Jun/2026:11:13:02 +0200] "POST /wp-admin/admin-ajax.php HTTP/1.1" 200 47 "https://www.maimounz.formagloba.fr/wp-admin/users.php" "Mozilla/5.0 (Windows NT 10.0; Win64; x64) AppleWebKit/537.36 (KHTML, like Gecko) Chrome/148.0.0.0 Safari/537.36"
109.234.164.184 - - [07/Jun/2026:11:13:02 +0200] "POST /wp-admin/admin-ajax.php?action=async_litespeed&nonce=LlPkNSFdMZrcD39VKOi82wdU85W65khp&litespeed_type=imgoptm HTTP/1.1" 200 1 "-" "WordPress/7.0; https://www.maimounz.formagloba.fr"
109.234.164.184 - - [07/Jun/2026:11:14:10 +0200] "POST /wp-cron.php?doing_wp_cron=1780823650.9770359992980957031250 HTTP/1.1" 200 - "-" "WordPress/7.0; https://www.maimounz.formagloba.fr"
40.77.167.20 - - [07/Jun/2026:11:14:10 +0200] "GET /detail/202670587 HTTP/1.1" 404 219716 "-" "Mozilla/5.0 AppleWebKit/537.36 (KHTML, like Gecko; compatible; bingbot/2.0; +http://www.bing.com/bingbot.htm) Chrome/116.0.1938.76 Safari/537.36"
109.234.164.184 - - [07/Jun/2026:11:14:11 +0200] "POST /wp-admin/admin-ajax.php?action=async_litespeed&nonce=zNxYywbnrO7Uz48D5uH5KDnxjwXH8MfN&litespeed_type=imgoptm HTTP/1.1" 200 1 "-" "WordPress/7.0; https://www.maimounz.formagloba.fr"
109.234.164.184 - - [07/Jun/2026:11:15:03 +0200] "POST /wp-cron.php?doing_wp_cron=1780823703.4234769344329833984375 HTTP/1.1" 200 - "-" "WordPress/7.0; https://www.maimounz.formagloba.fr"
185.59.220.170 - - [07/Jun/2026:11:15:03 +0200] "POST /wp-admin/admin-ajax.php HTTP/1.1" 200 47 "https://www.maimounz.formagloba.fr/wp-admin/users.php" "Mozilla/5.0 (Windows NT 10.0; Win64; x64) AppleWebKit/537.36 (KHTML, like Gecko) Chrome/148.0.0.0 Safari/537.36"
109.234.164.184 - - [07/Jun/2026:11:15:03 +0200] "POST /wp-admin/admin-ajax.php?action=async_litespeed&nonce=Kvn6OlpQzBRP4f8kI2weXHOeUujoCJVq&litespeed_type=imgoptm HTTP/1.1" 200 1 "-" "WordPress/7.0; https://www.maimounz.formagloba.fr"
109.234.164.184 - - [07/Jun/2026:11:17:04 +0200] "POST /wp-cron.php?doing_wp_cron=1780823824.4537470340728759765625 HTTP/1.1" 200 - "-" "WordPress/7.0; https://www.maimounz.formagloba.fr"
185.59.220.170 - - [07/Jun/2026:11:17:04 +0200] "POST /wp-admin/admin-ajax.php HTTP/1.1" 200 47 "https://www.maimounz.formagloba.fr/wp-admin/users.php" "Mozilla/5.0 (Windows NT 10.0; Win64; x64) AppleWebKit/537.36 (KHTML, like Gecko) Chrome/148.0.0.0 Safari/537.36"
109.234.164.184 - - [07/Jun/2026:11:17:04 +0200] "POST /wp-admin/admin-ajax.php?action=async_litespeed&nonce=1KD371Fe6VCjMvOMH8No1hFdQejSWyI7&litespeed_type=imgoptm HTTP/1.1" 200 1 "-" "WordPress/7.0; https://www.maimounz.formagloba.fr"
109.234.164.184 - - [07/Jun/2026:11:17:54 +0200] "POST /wp-cron.php?doing_wp_cron=1780823874.3671579360961914062500 HTTP/1.1" 200 - "-" "WordPress/7.0; https://www.maimounz.formagloba.fr"
170.64.252.169 - - [07/Jun/2026:11:17:53 +0200] "GET / HTTP/1.1" 200 274610 "-" "Mozilla/5.0 (Linux; Android 10; K) AppleWebKit/537.36 (KHTML, like Gecko) Chrome/137.0.0.0 Mobile Safari/537.36"
109.234.164.184 - - [07/Jun/2026:11:17:54 +0200] "POST /wp-admin/admin-ajax.php?action=async_litespeed&nonce=c6FoMEtYvV2GxijmKIjmAGDdeAnR5swd&litespeed_type=imgoptm HTTP/1.1" 200 1 "-" "WordPress/7.0; https://www.maimounz.formagloba.fr"
109.234.164.184 - - [07/Jun/2026:11:19:06 +0200] "POST /wp-cron.php?doing_wp_cron=1780823946.1143820285797119140625 HTTP/1.1" 200 - "-" "WordPress/7.0; https://www.maimounz.formagloba.fr"
185.59.220.170 - - [07/Jun/2026:11:19:04 +0200] "POST /wp-admin/admin-ajax.php HTTP/1.1" 200 47 "https://www.maimounz.formagloba.fr/wp-admin/users.php" "Mozilla/5.0 (Windows NT 10.0; Win64; x64) AppleWebKit/537.36 (KHTML, like Gecko) Chrome/148.0.0.0 Safari/537.36"
109.234.164.184 - - [07/Jun/2026:11:19:06 +0200] "POST /wp-admin/admin-ajax.php?action=async_litespeed&nonce=Rjqw4DzYPItazf9vxbqr8vKd5UN3ft71&litespeed_type=imgoptm HTTP/1.1" 200 1 "-" "WordPress/7.0; https://www.maimounz.formagloba.fr"
109.234.164.184 - - [07/Jun/2026:11:19:34 +0200] "POST /wp-cron.php?doing_wp_cron=1780823974.3303000926971435546875 HTTP/1.1" 200 - "-" "WordPress/7.0; https://www.maimounz.formagloba.fr"
170.64.252.169 - - [07/Jun/2026:11:19:33 +0200] "GET /favicon.ico HTTP/1.1" 302 - "-" "Mozilla/5.0 (Linux; Android 10; K) AppleWebKit/537.36 (KHTML, like Gecko) Chrome/137.0.0.0 Mobile Safari/537.36"
109.234.164.184 - - [07/Jun/2026:11:19:34 +0200] "POST /wp-admin/admin-ajax.php?action=async_litespeed&nonce=Gxf0nJosBaqaBZMx6SJJwUihXzLuwBAB&litespeed_type=imgoptm HTTP/1.1" 200 1 "-" "WordPress/7.0; https://www.maimounz.formagloba.fr"
170.64.252.169 - - [07/Jun/2026:11:19:36 +0200] "GET /wp-includes/images/w-logo-blue-white-bg.png HTTP/1.1" 200 4119 "-" "req/v3 (https://github.com/imroc/req)"
109.234.164.184 - - [07/Jun/2026:11:21:06 +0200] "POST /wp-cron.php?doing_wp_cron=1780824066.3949899673461914062500 HTTP/1.1" 200 - "-" "WordPress/7.0; https://www.maimounz.formagloba.fr"
185.59.220.170 - - [07/Jun/2026:11:21:06 +0200] "POST /wp-admin/admin-ajax.php HTTP/1.1" 200 47 "https://www.maimounz.formagloba.fr/wp-admin/users.php" "Mozilla/5.0 (Windows NT 10.0; Win64; x64) AppleWebKit/537.36 (KHTML, like Gecko) Chrome/148.0.0.0 Safari/537.36"
109.234.164.184 - - [07/Jun/2026:11:21:06 +0200] "POST /wp-admin/admin-ajax.php?action=async_litespeed&nonce=R98ocwGuzDolScmkEBiESob2lPwY82b8&litespeed_type=imgoptm HTTP/1.1" 200 1 "-" "WordPress/7.0; https://www.maimounz.formagloba.fr"
109.234.164.184 - - [07/Jun/2026:11:21:22 +0200] "POST /wp-cron.php?doing_wp_cron=1780824082.5185790061950683593750 HTTP/1.1" 200 - "-" "WordPress/7.0; https://www.maimounz.formagloba.fr"
40.77.167.56 - - [07/Jun/2026:11:21:21 +0200] "GET /detail/202622427 HTTP/1.1" 404 219716 "-" "Mozilla/5.0 AppleWebKit/537.36 (KHTML, like Gecko; compatible; bingbot/2.0; +http://www.bing.com/bingbot.htm) Chrome/116.0.1938.76 Safari/537.36"
109.234.164.184 - - [07/Jun/2026:11:21:22 +0200] "POST /wp-admin/admin-ajax.php?action=async_litespeed&nonce=CtoClRu2RtUpapCEu2yQFMIKFg8W78bq&litespeed_type=imgoptm HTTP/1.1" 200 1 "-" "WordPress/7.0; https://www.maimounz.formagloba.fr"
109.234.164.184 - - [07/Jun/2026:11:23:07 +0200] "POST /wp-cron.php?doing_wp_cron=1780824187.4551210403442382812500 HTTP/1.1" 200 - "-" "WordPress/7.0; https://www.maimounz.formagloba.fr"
185.59.220.170 - - [07/Jun/2026:11:23:07 +0200] "POST /wp-admin/admin-ajax.php HTTP/1.1" 200 47 "https://www.maimounz.formagloba.fr/wp-admin/users.php" "Mozilla/5.0 (Windows NT 10.0; Win64; x64) AppleWebKit/537.36 (KHTML, like Gecko) Chrome/148.0.0.0 Safari/537.36"
109.234.164.184 - - [07/Jun/2026:11:23:07 +0200] "POST /wp-admin/admin-ajax.php?action=async_litespeed&nonce=rNOPXSXTpC8mOAlZG9NXboL3iaFwOYjR&litespeed_type=imgoptm HTTP/1.1" 200 1 "-" "WordPress/7.0; https://www.maimounz.formagloba.fr"
109.234.164.184 - - [07/Jun/2026:11:25:08 +0200] "POST /wp-cron.php?doing_wp_cron=1780824308.1965599060058593750000 HTTP/1.1" 200 - "-" "WordPress/7.0; https://www.maimounz.formagloba.fr"
185.59.220.170 - - [07/Jun/2026:11:25:07 +0200] "POST /wp-admin/admin-ajax.php HTTP/1.1" 200 47 "https://www.maimounz.formagloba.fr/wp-admin/users.php" "Mozilla/5.0 (Windows NT 10.0; Win64; x64) AppleWebKit/537.36 (KHTML, like Gecko) Chrome/148.0.0.0 Safari/537.36"
109.234.164.184 - - [07/Jun/2026:11:25:08 +0200] "POST /wp-admin/admin-ajax.php?action=async_litespeed&nonce=zCHdwShF8ECqgKfgQLZq3ws3tF9daAA2&litespeed_type=imgoptm HTTP/1.1" 200 1 "-" "WordPress/7.0; https://www.maimounz.formagloba.fr"
109.234.164.184 - - [07/Jun/2026:11:25:54 +0200] "POST /wp-cron.php?doing_wp_cron=1780824354.7850461006164550781250 HTTP/1.1" 200 - "-" "WordPress/7.0; https://www.maimounz.formagloba.fr"
150.107.172.66 - - [07/Jun/2026:11:25:53 +0200] "GET /checkout HTTP/1.1" 404 224460 "-" "Mozilla/5.0 (Linux; Android 10; K) AppleWebKit/537.36 (KHTML, like Gecko) Chrome/143.0.0.0 Mobile Safari/537.36"
109.234.164.184 - - [07/Jun/2026:11:25:55 +0200] "POST /wp-admin/admin-ajax.php?action=async_litespeed&nonce=DfauXxIRaosAuUh23gxZKTFdUrUAiF5x&litespeed_type=imgoptm HTTP/1.1" 200 1 "-" "WordPress/7.0; https://www.maimounz.formagloba.fr"
150.107.172.66 - - [07/Jun/2026:11:25:58 +0200] "GET /wp-content/plugins/woocommerce/assets/client/blocks/wc-blocks.css?ver=wc-9.7.3 HTTP/1.1" 200 12942 "https://www.maimounz.formagloba.fr/checkout" "Mozilla/5.0 (Linux; Android 10; K) AppleWebKit/537.36 (KHTML, like Gecko) Chrome/143.0.0.0 Mobile Safari/537.36"
150.107.172.66 - - [07/Jun/2026:11:25:58 +0200] "GET /wp-content/uploads/automatic-css/automatic.css?ver=1780813897 HTTP/1.1" 200 273001 "https://www.maimounz.formagloba.fr/checkout" "Mozilla/5.0 (Linux; Android 10; K) AppleWebKit/537.36 (KHTML, like Gecko) Chrome/143.0.0.0 Mobile Safari/537.36"
150.107.172.66 - - [07/Jun/2026:11:25:58 +0200] "GET /wp-content/uploads/automatic-css/automatic-gutenberg.css?ver=1780813899 HTTP/1.1" 200 7360 "https://www.maimounz.formagloba.fr/checkout" "Mozilla/5.0 (Linux; Android 10; K) AppleWebKit/537.36 (KHTML, like Gecko) Chrome/143.0.0.0 Mobile Safari/537.36"
150.107.172.66 - - [07/Jun/2026:11:25:58 +0200] "GET /wp-content/plugins/complianz-gdpr/assets/css/cookieblocker.min.css?ver=1749658933 HTTP/1.1" 200 2782 "https://www.maimounz.formagloba.fr/checkout" "Mozilla/5.0 (Linux; Android 10; K) AppleWebKit/537.36 (KHTML, like Gecko) Chrome/143.0.0.0 Mobile Safari/537.36"
150.107.172.66 - - [07/Jun/2026:11:25:58 +0200] "GET /wp-content/plugins/woocommerce/assets/css/brands.css?ver=9.7.3 HTTP/1.1" 200 2279 "https://www.maimounz.formagloba.fr/checkout" "Mozilla/5.0 (Linux; Android 10; K) AppleWebKit/537.36 (KHTML, like Gecko) Chrome/143.0.0.0 Mobile Safari/537.36"
150.107.172.66 - - [07/Jun/2026:11:25:58 +0200] "GET /wp-content/themes/bricks/assets/css/frontend.min.css?ver=1734284665 HTTP/1.1" 200 124058 "https://www.maimounz.formagloba.fr/checkout" "Mozilla/5.0 (Linux; Android 10; K) AppleWebKit/537.36 (KHTML, like Gecko) Chrome/143.0.0.0 Mobile Safari/537.36"
150.107.172.66 - - [07/Jun/2026:11:25:58 +0200] "GET /wp-content/themes/bricks-child/style.css?ver=1734284678 HTTP/1.1" 200 260 "https://www.maimounz.formagloba.fr/checkout" "Mozilla/5.0 (Linux; Android 10; K) AppleWebKit/537.36 (KHTML, like Gecko) Chrome/143.0.0.0 Mobile Safari/537.36"
150.107.172.66 - - [07/Jun/2026:11:25:58 +0200] "GET /wp-content/themes/bricks/assets/css/frontend/404.min.css?ver=1734284665 HTTP/1.1" 200 304 "https://www.maimounz.formagloba.fr/checkout" "Mozilla/5.0 (Linux; Android 10; K) AppleWebKit/537.36 (KHTML, like Gecko) Chrome/143.0.0.0 Mobile Safari/537.36"
150.107.172.66 - - [07/Jun/2026:11:25:58 +0200] "GET /wp-content/themes/bricks/assets/css/integrations/woocommerce.min.css?ver=1734284665 HTTP/1.1" 200 65184 "https://www.maimounz.formagloba.fr/checkout" "Mozilla/5.0 (Linux; Android 10; K) AppleWebKit/537.36 (KHTML, like Gecko) Chrome/143.0.0.0 Mobile Safari/537.36"
150.107.172.66 - - [07/Jun/2026:11:25:58 +0200] "GET /wp-content/themes/bricks/assets/css/libs/themify-icons.min.css?ver=1734284665 HTTP/1.1" 200 13845 "https://www.maimounz.formagloba.fr/checkout" "Mozilla/5.0 (Linux; Android 10; K) AppleWebKit/537.36 (KHTML, like Gecko) Chrome/143.0.0.0 Mobile Safari/537.36"
150.107.172.66 - - [07/Jun/2026:11:25:58 +0200] "GET /wp-content/uploads/automatic-css/automatic-bricks.css?ver=1780813899 HTTP/1.1" 200 53821 "https://www.maimounz.formagloba.fr/checkout" "Mozilla/5.0 (Linux; Android 10; K) AppleWebKit/537.36 (KHTML, like Gecko) Chrome/143.0.0.0 Mobile Safari/537.36"
150.107.172.66 - - [07/Jun/2026:11:25:58 +0200] "GET /wp-content/plugins/automaticcss-plugin/classes/Features/Color_Scheme_Switcher/css/frontend.css?ver=1734284973 HTTP/1.1" 200 138 "https://www.maimounz.formagloba.fr/checkout" "Mozilla/5.0 (Linux; Android 10; K) AppleWebKit/537.36 (KHTML, like Gecko) Chrome/143.0.0.0 Mobile Safari/537.36"
150.107.172.66 - - [07/Jun/2026:11:25:58 +0200] "GET /wp-content/plugins/site-reviews/assets/styles/default.css?ver=7.2.7 HTTP/1.1" 200 30353 "https://www.maimounz.formagloba.fr/checkout" "Mozilla/5.0 (Linux; Android 10; K) AppleWebKit/537.36 (KHTML, like Gecko) Chrome/143.0.0.0 Mobile Safari/537.36"
150.107.172.66 - - [07/Jun/2026:11:25:58 +0200] "GET /wp-includes/js/jquery/jquery.min.js?ver=3.7.1 HTTP/1.1" 200 87553 "https://www.maimounz.formagloba.fr/checkout" "Mozilla/5.0 (Linux; Android 10; K) AppleWebKit/537.36 (KHTML, like Gecko) Chrome/143.0.0.0 Mobile Safari/537.36"
150.107.172.66 - - [07/Jun/2026:11:25:58 +0200] "GET /wp-includes/js/jquery/jquery-migrate.min.js?ver=3.4.1 HTTP/1.1" 200 13577 "https://www.maimounz.formagloba.fr/checkout" "Mozilla/5.0 (Linux; Android 10; K) AppleWebKit/537.36 (KHTML, like Gecko) Chrome/143.0.0.0 Mobile Safari/537.36"
150.107.172.66 - - [07/Jun/2026:11:25:58 +0200] "GET /wp-content/plugins/automaticcss-plugin/classes/Features/Color_Scheme_Switcher/js/frontend.min.js?ver=1734284973 HTTP/1.1" 200 1561 "https://www.maimounz.formagloba.fr/checkout" "Mozilla/5.0 (Linux; Android 10; K) AppleWebKit/537.36 (KHTML, like Gecko) Chrome/143.0.0.0 Mobile Safari/537.36"
150.107.172.66 - - [07/Jun/2026:11:26:00 +0200] "GET /wp-content/plugins/ws-form/public/css/ws-form-public-base.min.css?ver=1.10.46 HTTP/1.1" 200 54588 "https://www.maimounz.formagloba.fr/checkout" "Mozilla/5.0 (Linux; Android 10; K) AppleWebKit/537.36 (KHTML, like Gecko) Chrome/143.0.0.0 Mobile Safari/537.36"
150.107.172.66 - - [07/Jun/2026:11:26:00 +0200] "GET /wp-content/plugins/ws-form/public/css/ws-form-public-button.min.css?ver=1.10.46 HTTP/1.1" 200 13852 "https://www.maimounz.formagloba.fr/checkout" "Mozilla/5.0 (Linux; Android 10; K) AppleWebKit/537.36 (KHTML, like Gecko) Chrome/143.0.0.0 Mobile Safari/537.36"
150.107.172.66 - - [07/Jun/2026:11:26:00 +0200] "GET /wp-content/themes/bricks/assets/js/bricks.min.js?ver=1734284665 HTTP/1.1" 200 130994 "https://www.maimounz.formagloba.fr/checkout" "Mozilla/5.0 (Linux; Android 10; K) AppleWebKit/537.36 (KHTML, like Gecko) Chrome/143.0.0.0 Mobile Safari/537.36"
150.107.172.66 - - [07/Jun/2026:11:26:00 +0200] "GET /wp-content/themes/bricks/assets/js/integrations/woocommerce.min.js?ver=1734284665 HTTP/1.1" 200 20560 "https://www.maimounz.formagloba.fr/checkout" "Mozilla/5.0 (Linux; Android 10; K) AppleWebKit/537.36 (KHTML, like Gecko) Chrome/143.0.0.0 Mobile Safari/537.36"
150.107.172.66 - - [07/Jun/2026:11:26:00 +0200] "GET /wp-content/plugins/woocommerce/assets/js/sourcebuster/sourcebuster.min.js?ver=9.7.3 HTTP/1.1" 200 15315 "https://www.maimounz.formagloba.fr/checkout" "Mozilla/5.0 (Linux; Android 10; K) AppleWebKit/537.36 (KHTML, like Gecko) Chrome/143.0.0.0 Mobile Safari/537.36"
150.107.172.66 - - [07/Jun/2026:11:26:00 +0200] "GET /wp-content/plugins/woocommerce/assets/js/frontend/order-attribution.min.js?ver=9.7.3 HTTP/1.1" 200 2356 "https://www.maimounz.formagloba.fr/checkout" "Mozilla/5.0 (Linux; Android 10; K) AppleWebKit/537.36 (KHTML, like Gecko) Chrome/143.0.0.0 Mobile Safari/537.36"
150.107.172.66 - - [07/Jun/2026:11:26:00 +0200] "GET /wp-content/plugins/ws-form/shared/js/ws-form.min.js?ver=1.10.46 HTTP/1.1" 200 96198 "https://www.maimounz.formagloba.fr/checkout" "Mozilla/5.0 (Linux; Android 10; K) AppleWebKit/537.36 (KHTML, like Gecko) Chrome/143.0.0.0 Mobile Safari/537.36"
150.107.172.66 - - [07/Jun/2026:11:26:00 +0200] "GET /wp-content/plugins/ws-form/public/js/ws-form-public.min.js?ver=1.10.46 HTTP/1.1" 200 59791 "https://www.maimounz.formagloba.fr/checkout" "Mozilla/5.0 (Linux; Android 10; K) AppleWebKit/537.36 (KHTML, like Gecko) Chrome/143.0.0.0 Mobile Safari/537.36"
150.107.172.66 - - [07/Jun/2026:11:26:10 +0200] "GET /wp-content/uploads/2024/12/PlayfairDisplay-Regular.ttf HTTP/1.1" 200 193380 "https://www.maimounz.formagloba.fr/checkout" "Mozilla/5.0 (Windows NT 10.0; Win64; x64) AppleWebKit/537.36 (KHTML, like Gecko) Chrome/145.0.0.0 Safari/537.36"
150.107.172.66 - - [07/Jun/2026:11:26:10 +0200] "GET /wp-content/uploads/2024/12/PlayfairDisplay-Bold.ttf HTTP/1.1" 200 193720 "https://www.maimounz.formagloba.fr/checkout" "Mozilla/5.0 (Windows NT 10.0; Win64; x64) AppleWebKit/537.36 (KHTML, like Gecko) Chrome/145.0.0.0 Safari/537.36"
150.107.172.66 - - [07/Jun/2026:11:26:14 +0200] "GET /wp-content/plugins/woocommerce/assets/js/jquery-blockui/jquery.blockUI.min.js?ver=2.7.0-wc.9.7.3 HTTP/1.1" 200 9636 "https://www.maimounz.formagloba.fr/checkout" "Mozilla/5.0 (Linux; Android 10; K) AppleWebKit/537.36 (KHTML, like Gecko) Chrome/143.0.0.0 Mobile Safari/537.36"
150.107.172.66 - - [07/Jun/2026:11:26:15 +0200] "GET /wp-content/plugins/woocommerce/assets/js/frontend/add-to-cart.min.js?ver=9.7.3 HTTP/1.1" 200 4035 "https://www.maimounz.formagloba.fr/checkout" "Mozilla/5.0 (Linux; Android 10; K) AppleWebKit/537.36 (KHTML, like Gecko) Chrome/143.0.0.0 Mobile Safari/537.36"
109.234.164.184 - - [07/Jun/2026:11:26:33 +0200] "POST /wp-cron.php?doing_wp_cron=1780824393.4433739185333251953125 HTTP/1.1" 200 - "-" "WordPress/7.0; https://www.maimounz.formagloba.fr"
170.64.252.169 - - [07/Jun/2026:11:26:32 +0200] "GET /checkout HTTP/1.1" 404 224460 "-" "Mozilla/5.0 (Linux; Android 10; K) AppleWebKit/537.36 (KHTML, like Gecko) Chrome/146.0.0.0 Mobile Safari/537.36"
109.234.164.184 - - [07/Jun/2026:11:26:33 +0200] "POST /wp-admin/admin-ajax.php?action=async_litespeed&nonce=ZjA5wAD43x9u9far1g7nj5pHYVK6itKG&litespeed_type=imgoptm HTTP/1.1" 200 1 "-" "WordPress/7.0; https://www.maimounz.formagloba.fr"
109.234.164.184 - - [07/Jun/2026:11:27:09 +0200] "POST /wp-cron.php?doing_wp_cron=1780824429.2367630004882812500000 HTTP/1.1" 200 - "-" "WordPress/7.0; https://www.maimounz.formagloba.fr"
185.59.220.170 - - [07/Jun/2026:11:27:08 +0200] "POST /wp-admin/admin-ajax.php HTTP/1.1" 200 47 "https://www.maimounz.formagloba.fr/wp-admin/users.php" "Mozilla/5.0 (Windows NT 10.0; Win64; x64) AppleWebKit/537.36 (KHTML, like Gecko) Chrome/148.0.0.0 Safari/537.36"
109.234.164.184 - - [07/Jun/2026:11:27:37 +0200] "POST /wp-cron.php?doing_wp_cron=1780824457.5102388858795166015625 HTTP/1.1" 200 - "-" "WordPress/7.0; https://www.maimounz.formagloba.fr"
219.89.126.159 - - [07/Jun/2026:11:27:36 +0200] "GET /checkout HTTP/1.1" 404 224460 "-" "Mozilla/5.0 (iPhone; CPU iPhone OS 18_7 like Mac OS X) AppleWebKit/605.1.15 (KHTML, like Gecko) Version/26.0.1 Mobile/15E148 Safari/604.1"
109.234.164.184 - - [07/Jun/2026:11:27:37 +0200] "POST /wp-admin/admin-ajax.php?action=async_litespeed&nonce=OQXbXpLnIxIugKU8VJbgoklWLCspzxxn&litespeed_type=imgoptm HTTP/1.1" 200 1 "-" "WordPress/7.0; https://www.maimounz.formagloba.fr"
109.234.164.184 - - [07/Jun/2026:11:28:16 +0200] "POST /wp-cron.php?doing_wp_cron=1780824496.1668128967285156250000 HTTP/1.1" 200 - "-" "WordPress/7.0; https://www.maimounz.formagloba.fr"
170.64.252.169 - - [07/Jun/2026:11:28:15 +0200] "GET /checkout HTTP/1.1" 404 224460 "-" "Mozilla/5.0 (Linux; Android 10; K) AppleWebKit/537.36 (KHTML, like Gecko) Chrome/146.0.0.0 Mobile Safari/537.36"
170.64.252.169 - - [07/Jun/2026:11:28:16 +0200] "GET /wp-content/plugins/woocommerce/assets/client/blocks/wc-blocks.css?ver=wc-9.7.3 HTTP/1.1" 200 12942 "https://www.maimounz.formagloba.fr/checkout" "Mozilla/5.0 (Linux; Android 10; K) AppleWebKit/537.36 (KHTML, like Gecko) Chrome/146.0.0.0 Mobile Safari/537.36"
170.64.252.169 - - [07/Jun/2026:11:28:16 +0200] "GET /wp-content/uploads/automatic-css/automatic.css?ver=1780813897 HTTP/1.1" 200 273001 "https://www.maimounz.formagloba.fr/checkout" "Mozilla/5.0 (Linux; Android 10; K) AppleWebKit/537.36 (KHTML, like Gecko) Chrome/146.0.0.0 Mobile Safari/537.36"
170.64.252.169 - - [07/Jun/2026:11:28:16 +0200] "GET /wp-content/uploads/automatic-css/automatic-gutenberg.css?ver=1780813899 HTTP/1.1" 200 7360 "https://www.maimounz.formagloba.fr/checkout" "Mozilla/5.0 (Linux; Android 10; K) AppleWebKit/537.36 (KHTML, like Gecko) Chrome/146.0.0.0 Mobile Safari/537.36"
170.64.252.169 - - [07/Jun/2026:11:28:16 +0200] "GET /wp-content/plugins/complianz-gdpr/assets/css/cookieblocker.min.css?ver=1749658933 HTTP/1.1" 200 2782 "https://www.maimounz.formagloba.fr/checkout" "Mozilla/5.0 (Linux; Android 10; K) AppleWebKit/537.36 (KHTML, like Gecko) Chrome/146.0.0.0 Mobile Safari/537.36"
170.64.252.169 - - [07/Jun/2026:11:28:16 +0200] "GET /wp-content/plugins/woocommerce/assets/css/brands.css?ver=9.7.3 HTTP/1.1" 200 2279 "https://www.maimounz.formagloba.fr/checkout" "Mozilla/5.0 (Linux; Android 10; K) AppleWebKit/537.36 (KHTML, like Gecko) Chrome/146.0.0.0 Mobile Safari/537.36"
170.64.252.169 - - [07/Jun/2026:11:28:16 +0200] "GET /wp-content/themes/bricks/assets/css/frontend.min.css?ver=1734284665 HTTP/1.1" 200 124058 "https://www.maimounz.formagloba.fr/checkout" "Mozilla/5.0 (Linux; Android 10; K) AppleWebKit/537.36 (KHTML, like Gecko) Chrome/146.0.0.0 Mobile Safari/537.36"
170.64.252.169 - - [07/Jun/2026:11:28:16 +0200] "GET /wp-content/themes/bricks-child/style.css?ver=1734284678 HTTP/1.1" 200 260 "https://www.maimounz.formagloba.fr/checkout" "Mozilla/5.0 (Linux; Android 10; K) AppleWebKit/537.36 (KHTML, like Gecko) Chrome/146.0.0.0 Mobile Safari/537.36"
170.64.252.169 - - [07/Jun/2026:11:28:16 +0200] "GET /wp-content/themes/bricks/assets/css/frontend/404.min.css?ver=1734284665 HTTP/1.1" 200 304 "https://www.maimounz.formagloba.fr/checkout" "Mozilla/5.0 (Linux; Android 10; K) AppleWebKit/537.36 (KHTML, like Gecko) Chrome/146.0.0.0 Mobile Safari/537.36"
170.64.252.169 - - [07/Jun/2026:11:28:16 +0200] "GET /wp-content/themes/bricks/assets/css/integrations/woocommerce.min.css?ver=1734284665 HTTP/1.1" 200 65184 "https://www.maimounz.formagloba.fr/checkout" "Mozilla/5.0 (Linux; Android 10; K) AppleWebKit/537.36 (KHTML, like Gecko) Chrome/146.0.0.0 Mobile Safari/537.36"
170.64.252.169 - - [07/Jun/2026:11:28:17 +0200] "GET /wp-content/themes/bricks/assets/css/libs/themify-icons.min.css?ver=1734284665 HTTP/1.1" 200 13845 "https://www.maimounz.formagloba.fr/checkout" "Mozilla/5.0 (Linux; Android 10; K) AppleWebKit/537.36 (KHTML, like Gecko) Chrome/146.0.0.0 Mobile Safari/537.36"
170.64.252.169 - - [07/Jun/2026:11:28:17 +0200] "GET /wp-content/uploads/automatic-css/automatic-bricks.css?ver=1780813899 HTTP/1.1" 200 53821 "https://www.maimounz.formagloba.fr/checkout" "Mozilla/5.0 (Linux; Android 10; K) AppleWebKit/537.36 (KHTML, like Gecko) Chrome/146.0.0.0 Mobile Safari/537.36"
170.64.252.169 - - [07/Jun/2026:11:28:17 +0200] "GET /wp-content/plugins/automaticcss-plugin/classes/Features/Color_Scheme_Switcher/css/frontend.css?ver=1734284973 HTTP/1.1" 200 138 "https://www.maimounz.formagloba.fr/checkout" "Mozilla/5.0 (Linux; Android 10; K) AppleWebKit/537.36 (KHTML, like Gecko) Chrome/146.0.0.0 Mobile Safari/537.36"
170.64.252.169 - - [07/Jun/2026:11:28:17 +0200] "GET /wp-content/plugins/site-reviews/assets/styles/default.css?ver=7.2.7 HTTP/1.1" 200 30353 "https://www.maimounz.formagloba.fr/checkout" "Mozilla/5.0 (Linux; Android 10; K) AppleWebKit/537.36 (KHTML, like Gecko) Chrome/146.0.0.0 Mobile Safari/537.36"
170.64.252.169 - - [07/Jun/2026:11:28:17 +0200] "GET /wp-content/plugins/ws-form/public/css/ws-form-public-base.min.css?ver=1.10.46 HTTP/1.1" 200 54588 "https://www.maimounz.formagloba.fr/checkout" "Mozilla/5.0 (Linux; Android 10; K) AppleWebKit/537.36 (KHTML, like Gecko) Chrome/146.0.0.0 Mobile Safari/537.36"
170.64.252.169 - - [07/Jun/2026:11:28:17 +0200] "GET /wp-content/plugins/ws-form/public/css/ws-form-public-button.min.css?ver=1.10.46 HTTP/1.1" 200 13852 "https://www.maimounz.formagloba.fr/checkout" "Mozilla/5.0 (Linux; Android 10; K) AppleWebKit/537.36 (KHTML, like Gecko) Chrome/146.0.0.0 Mobile Safari/537.36"
170.64.252.169 - - [07/Jun/2026:11:28:17 +0200] "GET /wp-includes/js/jquery/jquery.min.js?ver=3.7.1 HTTP/1.1" 200 87553 "https://www.maimounz.formagloba.fr/checkout" "Mozilla/5.0 (Linux; Android 10; K) AppleWebKit/537.36 (KHTML, like Gecko) Chrome/146.0.0.0 Mobile Safari/537.36"
170.64.252.169 - - [07/Jun/2026:11:28:17 +0200] "GET /wp-includes/js/jquery/jquery-migrate.min.js?ver=3.4.1 HTTP/1.1" 200 13577 "https://www.maimounz.formagloba.fr/checkout" "Mozilla/5.0 (Linux; Android 10; K) AppleWebKit/537.36 (KHTML, like Gecko) Chrome/146.0.0.0 Mobile Safari/537.36"
170.64.252.169 - - [07/Jun/2026:11:28:17 +0200] "GET /wp-content/plugins/automaticcss-plugin/classes/Features/Color_Scheme_Switcher/js/frontend.min.js?ver=1734284973 HTTP/1.1" 200 1561 "https://www.maimounz.formagloba.fr/checkout" "Mozilla/5.0 (Linux; Android 10; K) AppleWebKit/537.36 (KHTML, like Gecko) Chrome/146.0.0.0 Mobile Safari/537.36"
170.64.252.169 - - [07/Jun/2026:11:28:17 +0200] "GET /wp-content/themes/bricks/assets/js/bricks.min.js?ver=1734284665 HTTP/1.1" 200 130994 "https://www.maimounz.formagloba.fr/checkout" "Mozilla/5.0 (Linux; Android 10; K) AppleWebKit/537.36 (KHTML, like Gecko) Chrome/146.0.0.0 Mobile Safari/537.36"
170.64.252.169 - - [07/Jun/2026:11:28:17 +0200] "GET /wp-content/themes/bricks/assets/js/integrations/woocommerce.min.js?ver=1734284665 HTTP/1.1" 200 20560 "https://www.maimounz.formagloba.fr/checkout" "Mozilla/5.0 (Linux; Android 10; K) AppleWebKit/537.36 (KHTML, like Gecko) Chrome/146.0.0.0 Mobile Safari/537.36"
170.64.252.169 - - [07/Jun/2026:11:28:17 +0200] "GET /wp-content/plugins/woocommerce/assets/js/sourcebuster/sourcebuster.min.js?ver=9.7.3 HTTP/1.1" 200 15315 "https://www.maimounz.formagloba.fr/checkout" "Mozilla/5.0 (Linux; Android 10; K) AppleWebKit/537.36 (KHTML, like Gecko) Chrome/146.0.0.0 Mobile Safari/537.36"
170.64.252.169 - - [07/Jun/2026:11:28:17 +0200] "GET /wp-content/plugins/woocommerce/assets/js/frontend/order-attribution.min.js?ver=9.7.3 HTTP/1.1" 200 2356 "https://www.maimounz.formagloba.fr/checkout" "Mozilla/5.0 (Linux; Android 10; K) AppleWebKit/537.36 (KHTML, like Gecko) Chrome/146.0.0.0 Mobile Safari/537.36"
170.64.252.169 - - [07/Jun/2026:11:28:17 +0200] "GET /wp-content/plugins/ws-form/shared/js/ws-form.min.js?ver=1.10.46 HTTP/1.1" 200 96198 "https://www.maimounz.formagloba.fr/checkout" "Mozilla/5.0 (Linux; Android 10; K) AppleWebKit/537.36 (KHTML, like Gecko) Chrome/146.0.0.0 Mobile Safari/537.36"
170.64.252.169 - - [07/Jun/2026:11:28:17 +0200] "GET /wp-content/plugins/ws-form/public/js/ws-form-public.min.js?ver=1.10.46 HTTP/1.1" 200 59791 "https://www.maimounz.formagloba.fr/checkout" "Mozilla/5.0 (Linux; Android 10; K) AppleWebKit/537.36 (KHTML, like Gecko) Chrome/146.0.0.0 Mobile Safari/537.36"
170.64.252.169 - - [07/Jun/2026:11:28:17 +0200] "GET /wp-content/uploads/2024/12/PlayfairDisplay-Regular.ttf HTTP/1.1" 200 193380 "https://www.maimounz.formagloba.fr/checkout" "Mozilla/5.0 (Linux; Android 10; K) AppleWebKit/537.36 (KHTML, like Gecko) Chrome/146.0.0.0 Mobile Safari/537.36"
170.64.252.169 - - [07/Jun/2026:11:28:17 +0200] "GET /wp-content/uploads/2024/12/PlayfairDisplay-Bold.ttf HTTP/1.1" 200 193720 "https://www.maimounz.formagloba.fr/checkout" "Mozilla/5.0 (Linux; Android 10; K) AppleWebKit/537.36 (KHTML, like Gecko) Chrome/146.0.0.0 Mobile Safari/537.36"
170.64.252.169 - - [07/Jun/2026:11:28:18 +0200] "GET /wp-content/plugins/woocommerce/assets/js/jquery-blockui/jquery.blockUI.min.js?ver=2.7.0-wc.9.7.3 HTTP/1.1" 200 9636 "https://www.maimounz.formagloba.fr/checkout" "Mozilla/5.0 (Linux; Android 10; K) AppleWebKit/537.36 (KHTML, like Gecko) Chrome/146.0.0.0 Mobile Safari/537.36"
170.64.252.169 - - [07/Jun/2026:11:28:18 +0200] "GET /wp-content/plugins/woocommerce/assets/js/frontend/add-to-cart.min.js?ver=9.7.3 HTTP/1.1" 200 4035 "https://www.maimounz.formagloba.fr/checkout" "Mozilla/5.0 (Linux; Android 10; K) AppleWebKit/537.36 (KHTML, like Gecko) Chrome/146.0.0.0 Mobile Safari/537.36"
170.64.252.169 - - [07/Jun/2026:11:28:18 +0200] "GET /wp-content/plugins/woocommerce/assets/js/js-cookie/js.cookie.min.js?ver=2.1.4-wc.9.7.3 HTTP/1.1" 200 1720 "https://www.maimounz.formagloba.fr/checkout" "Mozilla/5.0 (Linux; Android 10; K) AppleWebKit/537.36 (KHTML, like Gecko) Chrome/146.0.0.0 Mobile Safari/537.36"
170.64.252.169 - - [07/Jun/2026:11:28:18 +0200] "GET /wp-content/plugins/woocommerce/assets/js/frontend/woocommerce.min.js?ver=9.7.3 HTTP/1.1" 200 3804 "https://www.maimounz.formagloba.fr/checkout" "Mozilla/5.0 (Linux; Android 10; K) AppleWebKit/537.36 (KHTML, like Gecko) Chrome/146.0.0.0 Mobile Safari/537.36"
170.64.252.169 - - [07/Jun/2026:11:28:18 +0200] "GET /wp-content/plugins/site-reviews/assets/scripts/site-reviews.js?ver=7.2.7 HTTP/1.1" 200 42592 "https://www.maimounz.formagloba.fr/checkout" "Mozilla/5.0 (Linux; Android 10; K) AppleWebKit/537.36 (KHTML, like Gecko) Chrome/146.0.0.0 Mobile Safari/537.36"
170.64.252.169 - - [07/Jun/2026:11:28:18 +0200] "GET /wp-content/plugins/woocommerce/assets/js/frontend/cart-fragments.min.js?ver=9.7.3 HTTP/1.1" 200 2939 "https://www.maimounz.formagloba.fr/checkout" "Mozilla/5.0 (Linux; Android 10; K) AppleWebKit/537.36 (KHTML, like Gecko) Chrome/146.0.0.0 Mobile Safari/537.36"
170.64.252.169 - - [07/Jun/2026:11:28:19 +0200] "GET /wp-content/themes/bricks/assets/fonts/themify/themify.woff? HTTP/1.1" 200 56108 "https://www.maimounz.formagloba.fr/wp-content/themes/bricks/assets/css/libs/themify-icons.min.css?ver=1734284665" "Mozilla/5.0 (Linux; Android 10; K) AppleWebKit/537.36 (KHTML, like Gecko) Chrome/146.0.0.0 Mobile Safari/537.36"
170.64.252.169 - - [07/Jun/2026:11:28:19 +0200] "GET /wp-content/uploads/2025/01/Screenshot-2025-01-03-at-01-44-41-Maimounz-bougies-@maimounz-%E2%80%A2-Photos-et-videos-Instagram-Photoroom1-150x150.png HTTP/1.1" 200 3698 "https://www.maimounz.formagloba.fr/checkout" "Mozilla/5.0 (Linux; Android 10; K) AppleWebKit/537.36 (KHTML, like Gecko) Chrome/146.0.0.0 Mobile Safari/537.36"
109.234.164.184 - - [07/Jun/2026:11:28:20 +0200] "POST /wp-cron.php?doing_wp_cron=1780824500.3536090850830078125000 HTTP/1.1" 200 - "-" "WordPress/7.0; https://www.maimounz.formagloba.fr"
170.64.252.169 - - [07/Jun/2026:11:28:19 +0200] "GET /favicon.ico HTTP/1.1" 302 - "https://www.maimounz.formagloba.fr/checkout" "Mozilla/5.0 (Linux; Android 10; K) AppleWebKit/537.36 (KHTML, like Gecko) Chrome/146.0.0.0 Mobile Safari/537.36"
170.64.252.169 - - [07/Jun/2026:11:28:21 +0200] "GET /wp-includes/images/w-logo-blue-white-bg.png HTTP/1.1" 200 4119 "https://www.maimounz.formagloba.fr/checkout" "Mozilla/5.0 (Linux; Android 10; K) AppleWebKit/537.36 (KHTML, like Gecko) Chrome/146.0.0.0 Mobile Safari/537.36"
109.234.164.184 - - [07/Jun/2026:11:28:20 +0200] "POST /wp-admin/admin-ajax.php?action=async_litespeed&nonce=Izodzks2PtlY58JsnPd8TZAb2oT715Sh&litespeed_type=imgoptm HTTP/1.1" 200 1 "-" "WordPress/7.0; https://www.maimounz.formagloba.fr"
109.234.164.184 - - [07/Jun/2026:11:29:10 +0200] "POST /wp-cron.php?doing_wp_cron=1780824550.3760130405426025390625 HTTP/1.1" 200 - "-" "WordPress/7.0; https://www.maimounz.formagloba.fr"
185.59.220.170 - - [07/Jun/2026:11:29:09 +0200] "POST /wp-admin/admin-ajax.php HTTP/1.1" 200 47 "https://www.maimounz.formagloba.fr/wp-admin/users.php" "Mozilla/5.0 (Windows NT 10.0; Win64; x64) AppleWebKit/537.36 (KHTML, like Gecko) Chrome/148.0.0.0 Safari/537.36"
109.234.164.184 - - [07/Jun/2026:11:31:11 +0200] "POST /wp-cron.php?doing_wp_cron=1780824671.1168301105499267578125 HTTP/1.1" 200 - "-" "WordPress/7.0; https://www.maimounz.formagloba.fr"
185.59.220.170 - - [07/Jun/2026:11:31:10 +0200] "POST /wp-admin/admin-ajax.php HTTP/1.1" 200 47 "https://www.maimounz.formagloba.fr/wp-admin/users.php" "Mozilla/5.0 (Windows NT 10.0; Win64; x64) AppleWebKit/537.36 (KHTML, like Gecko) Chrome/148.0.0.0 Safari/537.36"
109.234.164.184 - - [07/Jun/2026:11:31:11 +0200] "POST /wp-admin/admin-ajax.php?action=async_litespeed&nonce=G2EnbrxgrUBINXFWchnfJRlSz4jWXD5L&litespeed_type=imgoptm HTTP/1.1" 200 1 "-" "WordPress/7.0; https://www.maimounz.formagloba.fr"
109.234.164.184 - - [07/Jun/2026:11:33:12 +0200] "POST /wp-cron.php?doing_wp_cron=1780824792.2159280776977539062500 HTTP/1.1" 200 - "-" "WordPress/7.0; https://www.maimounz.formagloba.fr"
185.59.220.170 - - [07/Jun/2026:11:33:11 +0200] "POST /wp-admin/admin-ajax.php HTTP/1.1" 200 47 "https://www.maimounz.formagloba.fr/wp-admin/users.php" "Mozilla/5.0 (Windows NT 10.0; Win64; x64) AppleWebKit/537.36 (KHTML, like Gecko) Chrome/148.0.0.0 Safari/537.36"
109.234.164.184 - - [07/Jun/2026:11:33:12 +0200] "POST /wp-admin/admin-ajax.php?action=async_litespeed&nonce=4cBvtZQ5x69hagx5qrNLEiq0J16z166q&litespeed_type=imgoptm HTTP/1.1" 200 1 "-" "WordPress/7.0; https://www.maimounz.formagloba.fr"
109.234.164.184 - - [07/Jun/2026:11:35:13 +0200] "POST /wp-cron.php?doing_wp_cron=1780824913.2573070526123046875000 HTTP/1.1" 200 - "-" "WordPress/7.0; https://www.maimounz.formagloba.fr"
185.59.220.170 - - [07/Jun/2026:11:35:12 +0200] "POST /wp-admin/admin-ajax.php HTTP/1.1" 200 47 "https://www.maimounz.formagloba.fr/wp-admin/users.php" "Mozilla/5.0 (Windows NT 10.0; Win64; x64) AppleWebKit/537.36 (KHTML, like Gecko) Chrome/148.0.0.0 Safari/537.36"
109.234.164.184 - - [07/Jun/2026:11:35:13 +0200] "POST /wp-admin/admin-ajax.php?action=async_litespeed&nonce=yolXD4UuXkrIZuHtbjQsBKHYVkfyqETZ&litespeed_type=imgoptm HTTP/1.1" 200 1 "-" "WordPress/7.0; https://www.maimounz.formagloba.fr"
109.234.164.184 - - [07/Jun/2026:11:37:14 +0200] "POST /wp-cron.php?doing_wp_cron=1780825034.2026329040527343750000 HTTP/1.1" 200 - "-" "WordPress/7.0; https://www.maimounz.formagloba.fr"
185.59.220.170 - - [07/Jun/2026:11:37:13 +0200] "POST /wp-admin/admin-ajax.php HTTP/1.1" 200 47 "https://www.maimounz.formagloba.fr/wp-admin/users.php" "Mozilla/5.0 (Windows NT 10.0; Win64; x64) AppleWebKit/537.36 (KHTML, like Gecko) Chrome/148.0.0.0 Safari/537.36"
109.234.164.184 - - [07/Jun/2026:11:37:14 +0200] "POST /wp-admin/admin-ajax.php?action=async_litespeed&nonce=w0F2Xu2hVpTUSlwm56d68Ib3Wc0x4MkN&litespeed_type=imgoptm HTTP/1.1" 200 1 "-" "WordPress/7.0; https://www.maimounz.formagloba.fr"
109.234.164.184 - - [07/Jun/2026:11:39:15 +0200] "POST /wp-cron.php?doing_wp_cron=1780825155.1480538845062255859375 HTTP/1.1" 200 - "-" "WordPress/7.0; https://www.maimounz.formagloba.fr"
185.59.220.170 - - [07/Jun/2026:11:39:14 +0200] "POST /wp-admin/admin-ajax.php HTTP/1.1" 200 47 "https://www.maimounz.formagloba.fr/wp-admin/users.php" "Mozilla/5.0 (Windows NT 10.0; Win64; x64) AppleWebKit/537.36 (KHTML, like Gecko) Chrome/148.0.0.0 Safari/537.36"
109.234.164.184 - - [07/Jun/2026:11:39:15 +0200] "POST /wp-admin/admin-ajax.php?action=async_litespeed&nonce=fHO9IoHxHXOfq0ShrNMQDOt2L4U3SDs6&litespeed_type=imgoptm HTTP/1.1" 200 1 "-" "WordPress/7.0; https://www.maimounz.formagloba.fr"
