185.193.50.150 - - [07/Jun/2026:08:35:05 +0200] "GET /wp-content/plugins/wpvivid-backuprestore/admin/partials/images/storage-dropbox(gray).png HTTP/1.1" 200 1576 "https://www.maimounz.formagloba.fr/wp-admin/admin.php?page=WPvivid" "Mozilla/5.0 (Windows NT 10.0; Win64; x64) AppleWebKit/537.36 (KHTML, like Gecko) Chrome/148.0.0.0 Safari/537.36"
185.193.50.150 - - [07/Jun/2026:08:35:05 +0200] "GET /wp-content/plugins/wpvivid-backuprestore/admin/partials/images/storage-microsoft-onedrive(gray).png HTTP/1.1" 200 1368 "https://www.maimounz.formagloba.fr/wp-admin/admin.php?page=WPvivid" "Mozilla/5.0 (Windows NT 10.0; Win64; x64) AppleWebKit/537.36 (KHTML, like Gecko) Chrome/148.0.0.0 Safari/537.36"
185.193.50.150 - - [07/Jun/2026:08:35:05 +0200] "GET /wp-content/plugins/wpvivid-backuprestore/admin/partials/images/storage-amazon-s3(gray).png HTTP/1.1" 200 1447 "https://www.maimounz.formagloba.fr/wp-admin/admin.php?page=WPvivid" "Mozilla/5.0 (Windows NT 10.0; Win64; x64) AppleWebKit/537.36 (KHTML, like Gecko) Chrome/148.0.0.0 Safari/537.36"
185.193.50.150 - - [07/Jun/2026:08:35:05 +0200] "GET /wp-content/plugins/wpvivid-backuprestore/admin/partials/images/storage-digitalocean(gray).png HTTP/1.1" 200 1442 "https://www.maimounz.formagloba.fr/wp-admin/admin.php?page=WPvivid" "Mozilla/5.0 (Windows NT 10.0; Win64; x64) AppleWebKit/537.36 (KHTML, like Gecko) Chrome/148.0.0.0 Safari/537.36"
185.193.50.150 - - [07/Jun/2026:08:35:05 +0200] "GET /wp-content/plugins/wpvivid-backuprestore/admin/partials/images/add-storages.png HTTP/1.1" 200 1153 "https://www.maimounz.formagloba.fr/wp-admin/admin.php?page=WPvivid" "Mozilla/5.0 (Windows NT 10.0; Win64; x64) AppleWebKit/537.36 (KHTML, like Gecko) Chrome/148.0.0.0 Safari/537.36"
185.193.50.150 - - [07/Jun/2026:08:35:05 +0200] "GET /wp-content/plugins/wpvivid-backuprestore/admin/partials/images/unlocked.png HTTP/1.1" 200 1207 "https://www.maimounz.formagloba.fr/wp-admin/admin.php?page=WPvivid" "Mozilla/5.0 (Windows NT 10.0; Win64; x64) AppleWebKit/537.36 (KHTML, like Gecko) Chrome/148.0.0.0 Safari/537.36"
185.193.50.150 - - [07/Jun/2026:08:35:05 +0200] "GET /wp-content/plugins/wpvivid-backuprestore/admin/partials/images/Log.png HTTP/1.1" 200 1154 "https://www.maimounz.formagloba.fr/wp-admin/admin.php?page=WPvivid" "Mozilla/5.0 (Windows NT 10.0; Win64; x64) AppleWebKit/537.36 (KHTML, like Gecko) Chrome/148.0.0.0 Safari/537.36"
185.193.50.150 - - [07/Jun/2026:08:35:05 +0200] "GET /wp-content/plugins/wpvivid-backuprestore/admin/partials/images/storage-local.png HTTP/1.1" 200 1432 "https://www.maimounz.formagloba.fr/wp-admin/admin.php?page=WPvivid" "Mozilla/5.0 (Windows NT 10.0; Win64; x64) AppleWebKit/537.36 (KHTML, like Gecko) Chrome/148.0.0.0 Safari/537.36"
185.193.50.150 - - [07/Jun/2026:08:35:05 +0200] "GET /wp-content/plugins/wpvivid-backuprestore/admin/partials/images/download.png HTTP/1.1" 200 1213 "https://www.maimounz.formagloba.fr/wp-admin/admin.php?page=WPvivid" "Mozilla/5.0 (Windows NT 10.0; Win64; x64) AppleWebKit/537.36 (KHTML, like Gecko) Chrome/148.0.0.0 Safari/537.36"
185.193.50.150 - - [07/Jun/2026:08:35:05 +0200] "GET /wp-content/plugins/wpvivid-backuprestore/admin/partials/images/Restore.png HTTP/1.1" 200 1367 "https://www.maimounz.formagloba.fr/wp-admin/admin.php?page=WPvivid" "Mozilla/5.0 (Windows NT 10.0; Win64; x64) AppleWebKit/537.36 (KHTML, like Gecko) Chrome/148.0.0.0 Safari/537.36"
185.193.50.150 - - [07/Jun/2026:08:35:05 +0200] "GET /wp-content/plugins/wpvivid-backuprestore/admin/partials/images/Delete.png HTTP/1.1" 200 1209 "https://www.maimounz.formagloba.fr/wp-admin/admin.php?page=WPvivid" "Mozilla/5.0 (Windows NT 10.0; Win64; x64) AppleWebKit/537.36 (KHTML, like Gecko) Chrome/148.0.0.0 Safari/537.36"
185.193.50.150 - - [07/Jun/2026:08:35:05 +0200] "GET /wp-content/plugins/wpvivid-backuprestore/admin/partials/images/stroage-google-drive.png HTTP/1.1" 200 4150 "https://www.maimounz.formagloba.fr/wp-admin/admin.php?page=WPvivid" "Mozilla/5.0 (Windows NT 10.0; Win64; x64) AppleWebKit/537.36 (KHTML, like Gecko) Chrome/148.0.0.0 Safari/537.36"
185.193.50.150 - - [07/Jun/2026:08:35:05 +0200] "GET /wp-content/plugins/wpvivid-backuprestore/admin/partials/images/storage-dropbox.png HTTP/1.1" 200 4206 "https://www.maimounz.formagloba.fr/wp-admin/admin.php?page=WPvivid" "Mozilla/5.0 (Windows NT 10.0; Win64; x64) AppleWebKit/537.36 (KHTML, like Gecko) Chrome/148.0.0.0 Safari/537.36"
185.193.50.150 - - [07/Jun/2026:08:35:05 +0200] "GET /wp-content/plugins/wpvivid-backuprestore/admin/partials/images/storage-microsoft-onedrive.png HTTP/1.1" 200 4025 "https://www.maimounz.formagloba.fr/wp-admin/admin.php?page=WPvivid" "Mozilla/5.0 (Windows NT 10.0; Win64; x64) AppleWebKit/537.36 (KHTML, like Gecko) Chrome/148.0.0.0 Safari/537.36"
185.193.50.150 - - [07/Jun/2026:08:35:05 +0200] "GET /wp-content/plugins/wpvivid-backuprestore/admin/partials/images/storage-amazon-s3.png HTTP/1.1" 200 4078 "https://www.maimounz.formagloba.fr/wp-admin/admin.php?page=WPvivid" "Mozilla/5.0 (Windows NT 10.0; Win64; x64) AppleWebKit/537.36 (KHTML, like Gecko) Chrome/148.0.0.0 Safari/537.36"
185.193.50.150 - - [07/Jun/2026:08:35:05 +0200] "GET /wp-content/plugins/wpvivid-backuprestore/admin/partials/images/storage-digitalocean.png HTTP/1.1" 200 1407 "https://www.maimounz.formagloba.fr/wp-admin/admin.php?page=WPvivid" "Mozilla/5.0 (Windows NT 10.0; Win64; x64) AppleWebKit/537.36 (KHTML, like Gecko) Chrome/148.0.0.0 Safari/537.36"
185.193.50.150 - - [07/Jun/2026:08:35:05 +0200] "GET /wp-content/plugins/wpvivid-backuprestore/admin/partials/images/storage-ftp.png HTTP/1.1" 200 1208 "https://www.maimounz.formagloba.fr/wp-admin/admin.php?page=WPvivid" "Mozilla/5.0 (Windows NT 10.0; Win64; x64) AppleWebKit/537.36 (KHTML, like Gecko) Chrome/148.0.0.0 Safari/537.36"
185.193.50.150 - - [07/Jun/2026:08:35:05 +0200] "GET /wp-content/plugins/wpvivid-backuprestore/admin/partials/images/storage-sftp.png HTTP/1.1" 200 1297 "https://www.maimounz.formagloba.fr/wp-admin/admin.php?page=WPvivid" "Mozilla/5.0 (Windows NT 10.0; Win64; x64) AppleWebKit/537.36 (KHTML, like Gecko) Chrome/148.0.0.0 Safari/537.36"
185.193.50.150 - - [07/Jun/2026:08:35:05 +0200] "GET /wp-cron.php HTTP/1.1" 200 - "https://www.maimounz.formagloba.fr/wp-admin/admin.php?page=WPvivid" "Mozilla/5.0 (Windows NT 10.0; Win64; x64) AppleWebKit/537.36 (KHTML, like Gecko) Chrome/148.0.0.0 Safari/537.36"
185.193.50.150 - - [07/Jun/2026:08:35:05 +0200] "POST /wp-admin/admin-ajax.php HTTP/1.1" 200 329 "https://www.maimounz.formagloba.fr/wp-admin/admin.php?page=WPvivid" "Mozilla/5.0 (Windows NT 10.0; Win64; x64) AppleWebKit/537.36 (KHTML, like Gecko) Chrome/148.0.0.0 Safari/537.36"
185.193.50.150 - - [07/Jun/2026:08:35:09 +0200] "POST /wp-admin/admin-ajax.php HTTP/1.1" 200 329 "https://www.maimounz.formagloba.fr/wp-admin/admin.php?page=WPvivid" "Mozilla/5.0 (Windows NT 10.0; Win64; x64) AppleWebKit/537.36 (KHTML, like Gecko) Chrome/148.0.0.0 Safari/537.36"
185.193.50.150 - - [07/Jun/2026:08:35:12 +0200] "POST /wp-admin/admin-ajax.php HTTP/1.1" 200 329 "https://www.maimounz.formagloba.fr/wp-admin/admin.php?page=WPvivid" "Mozilla/5.0 (Windows NT 10.0; Win64; x64) AppleWebKit/537.36 (KHTML, like Gecko) Chrome/148.0.0.0 Safari/537.36"
185.193.50.150 - - [07/Jun/2026:08:35:14 +0200] "GET /wp-admin/plugins.php HTTP/1.1" 200 998249 "https://www.maimounz.formagloba.fr/wp-admin/admin.php?page=WPvivid" "Mozilla/5.0 (Windows NT 10.0; Win64; x64) AppleWebKit/537.36 (KHTML, like Gecko) Chrome/148.0.0.0 Safari/537.36"
185.193.50.150 - - [07/Jun/2026:08:35:15 +0200] "POST /wp-admin/admin-ajax.php HTTP/1.1" 200 17781 "https://www.maimounz.formagloba.fr/wp-admin/plugins.php" "Mozilla/5.0 (Windows NT 10.0; Win64; x64) AppleWebKit/537.36 (KHTML, like Gecko) Chrome/148.0.0.0 Safari/537.36"
109.234.164.184 - - [07/Jun/2026:08:35:20 +0200] "POST /wp-cron.php?doing_wp_cron=1780814120.4175069332122802734375 HTTP/1.1" 200 - "-" "WordPress/7.0; https://www.maimounz.formagloba.fr"
185.193.50.150 - - [07/Jun/2026:08:35:19 +0200] "GET /wp-admin/plugins.php?plugin_status=inactive HTTP/1.1" 200 922639 "https://www.maimounz.formagloba.fr/wp-admin/plugins.php" "Mozilla/5.0 (Windows NT 10.0; Win64; x64) AppleWebKit/537.36 (KHTML, like Gecko) Chrome/148.0.0.0 Safari/537.36"
109.234.164.184 - - [07/Jun/2026:08:35:20 +0200] "POST /wp-admin/admin-ajax.php?action=async_litespeed&nonce=3Czt5EEIJQDFFLvUxxHAlLzcDMxjmVow&litespeed_type=imgoptm HTTP/1.1" 200 1 "-" "WordPress/7.0; https://www.maimounz.formagloba.fr"
185.193.50.150 - - [07/Jun/2026:08:35:20 +0200] "POST /wp-admin/admin-ajax.php HTTP/1.1" 200 17781 "https://www.maimounz.formagloba.fr/wp-admin/plugins.php?plugin_status=inactive" "Mozilla/5.0 (Windows NT 10.0; Win64; x64) AppleWebKit/537.36 (KHTML, like Gecko) Chrome/148.0.0.0 Safari/537.36"
185.193.50.150 - - [07/Jun/2026:08:35:23 +0200] "GET /wp-admin/plugins.php?action=activate&plugin=insert-headers-and-footers%2Fihaf.php&plugin_status=inactive&paged=1&s&_wpnonce=26e61e415a HTTP/1.1" 302 - "https://www.maimounz.formagloba.fr/wp-admin/plugins.php?plugin_status=inactive" "Mozilla/5.0 (Windows NT 10.0; Win64; x64) AppleWebKit/537.36 (KHTML, like Gecko) Chrome/148.0.0.0 Safari/537.36"
185.193.50.150 - - [07/Jun/2026:08:35:24 +0200] "GET /wp-admin/plugins.php?activate=true&plugin_status=inactive&paged=1&s= HTTP/1.1" 200 930191 "https://www.maimounz.formagloba.fr/wp-admin/plugins.php?plugin_status=inactive" "Mozilla/5.0 (Windows NT 10.0; Win64; x64) AppleWebKit/537.36 (KHTML, like Gecko) Chrome/148.0.0.0 Safari/537.36"
185.193.50.150 - - [07/Jun/2026:08:35:25 +0200] "POST /wp-admin/admin-ajax.php HTTP/1.1" 200 17781 "https://www.maimounz.formagloba.fr/wp-admin/plugins.php?plugin_status=inactive&paged=1&s" "Mozilla/5.0 (Windows NT 10.0; Win64; x64) AppleWebKit/537.36 (KHTML, like Gecko) Chrome/148.0.0.0 Safari/537.36"
185.193.50.150 - - [07/Jun/2026:08:35:29 +0200] "GET /wp-admin/plugins.php?action=activate&plugin=wp-rogh%2Fubh.php&plugin_status=inactive&paged=1&s&_wpnonce=bbc5bbf430 HTTP/1.1" 302 - "https://www.maimounz.formagloba.fr/wp-admin/plugins.php?plugin_status=inactive&paged=1&s" "Mozilla/5.0 (Windows NT 10.0; Win64; x64) AppleWebKit/537.36 (KHTML, like Gecko) Chrome/148.0.0.0 Safari/537.36"
185.193.50.150 - - [07/Jun/2026:08:35:30 +0200] "GET /wp-admin/plugins.php?activate=true&plugin_status=inactive&paged=1&s= HTTP/1.1" 200 928772 "https://www.maimounz.formagloba.fr/wp-admin/plugins.php?plugin_status=inactive&paged=1&s" "Mozilla/5.0 (Windows NT 10.0; Win64; x64) AppleWebKit/537.36 (KHTML, like Gecko) Chrome/148.0.0.0 Safari/537.36"
185.193.50.150 - - [07/Jun/2026:08:35:31 +0200] "POST /wp-admin/admin-ajax.php HTTP/1.1" 200 17781 "https://www.maimounz.formagloba.fr/wp-admin/plugins.php?plugin_status=inactive&paged=1&s" "Mozilla/5.0 (Windows NT 10.0; Win64; x64) AppleWebKit/537.36 (KHTML, like Gecko) Chrome/148.0.0.0 Safari/537.36"
185.193.50.150 - - [07/Jun/2026:08:35:33 +0200] "GET /wp-admin/plugins.php?action=activate&plugin=wp-mountain%2Fubh.php&plugin_status=inactive&paged=1&s&_wpnonce=f460863ac4 HTTP/1.1" 302 - "https://www.maimounz.formagloba.fr/wp-admin/plugins.php?plugin_status=inactive&paged=1&s" "Mozilla/5.0 (Windows NT 10.0; Win64; x64) AppleWebKit/537.36 (KHTML, like Gecko) Chrome/148.0.0.0 Safari/537.36"
185.193.50.150 - - [07/Jun/2026:08:35:34 +0200] "GET /wp-admin/plugins.php?activate=true&plugin_status=inactive&paged=1&s= HTTP/1.1" 200 927328 "https://www.maimounz.formagloba.fr/wp-admin/plugins.php?plugin_status=inactive&paged=1&s" "Mozilla/5.0 (Windows NT 10.0; Win64; x64) AppleWebKit/537.36 (KHTML, like Gecko) Chrome/148.0.0.0 Safari/537.36"
185.193.50.150 - - [07/Jun/2026:08:35:35 +0200] "POST /wp-admin/admin-ajax.php HTTP/1.1" 200 17781 "https://www.maimounz.formagloba.fr/wp-admin/plugins.php?plugin_status=inactive&paged=1&s" "Mozilla/5.0 (Windows NT 10.0; Win64; x64) AppleWebKit/537.36 (KHTML, like Gecko) Chrome/148.0.0.0 Safari/537.36"
185.193.50.150 - - [07/Jun/2026:08:35:37 +0200] "GET /wp-admin/plugins.php?action=activate&plugin=torsa%2Fubh.php&plugin_status=inactive&paged=1&s&_wpnonce=981821bb5c HTTP/1.1" 302 - "https://www.maimounz.formagloba.fr/wp-admin/plugins.php?plugin_status=inactive&paged=1&s" "Mozilla/5.0 (Windows NT 10.0; Win64; x64) AppleWebKit/537.36 (KHTML, like Gecko) Chrome/148.0.0.0 Safari/537.36"
185.193.50.150 - - [07/Jun/2026:08:35:37 +0200] "GET /wp-admin/plugins.php?activate=true&plugin_status=inactive&paged=1&s= HTTP/1.1" 200 1009380 "https://www.maimounz.formagloba.fr/wp-admin/plugins.php?plugin_status=inactive&paged=1&s" "Mozilla/5.0 (Windows NT 10.0; Win64; x64) AppleWebKit/537.36 (KHTML, like Gecko) Chrome/148.0.0.0 Safari/537.36"
185.193.50.150 - - [07/Jun/2026:08:35:39 +0200] "POST /wp-admin/admin-ajax.php HTTP/1.1" 200 17781 "https://www.maimounz.formagloba.fr/wp-admin/plugins.php?plugin_status=inactive&paged=1&s" "Mozilla/5.0 (Windows NT 10.0; Win64; x64) AppleWebKit/537.36 (KHTML, like Gecko) Chrome/148.0.0.0 Safari/537.36"
185.193.50.150 - - [07/Jun/2026:08:35:39 +0200] "GET / HTTP/1.1" 200 732338 "-" "Mozilla/5.0 (Windows NT 10.0; Win64; x64) AppleWebKit/537.36 (KHTML, like Gecko) Chrome/148.0.0.0 Safari/537.36"
185.193.50.150 - - [07/Jun/2026:08:35:41 +0200] "GET /wp-content/uploads/automatic-css/automatic.css?ver=1780813897 HTTP/1.1" 200 273001 "https://www.maimounz.formagloba.fr/" "Mozilla/5.0 (Windows NT 10.0; Win64; x64) AppleWebKit/537.36 (KHTML, like Gecko) Chrome/148.0.0.0 Safari/537.36"
185.193.50.150 - - [07/Jun/2026:08:35:41 +0200] "GET /wp-content/uploads/automatic-css/automatic-gutenberg.css?ver=1780813899 HTTP/1.1" 200 7360 "https://www.maimounz.formagloba.fr/" "Mozilla/5.0 (Windows NT 10.0; Win64; x64) AppleWebKit/537.36 (KHTML, like Gecko) Chrome/148.0.0.0 Safari/537.36"
185.193.50.150 - - [07/Jun/2026:08:35:41 +0200] "GET /wp-content/uploads/automatic-css/automatic-bricks.css?ver=1780813899 HTTP/1.1" 200 53821 "https://www.maimounz.formagloba.fr/" "Mozilla/5.0 (Windows NT 10.0; Win64; x64) AppleWebKit/537.36 (KHTML, like Gecko) Chrome/148.0.0.0 Safari/537.36"
185.193.50.150 - - [07/Jun/2026:08:35:41 +0200] "GET /wp-content/plugins/ws-form/public/css/ws-form-public-base.min.css?ver=1.10.46 HTTP/1.1" 200 54588 "https://www.maimounz.formagloba.fr/" "Mozilla/5.0 (Windows NT 10.0; Win64; x64) AppleWebKit/537.36 (KHTML, like Gecko) Chrome/148.0.0.0 Safari/537.36"
185.193.50.150 - - [07/Jun/2026:08:35:41 +0200] "GET /wp-content/plugins/ws-form/public/css/ws-form-public-button.min.css?ver=1.10.46 HTTP/1.1" 200 13852 "https://www.maimounz.formagloba.fr/" "Mozilla/5.0 (Windows NT 10.0; Win64; x64) AppleWebKit/537.36 (KHTML, like Gecko) Chrome/148.0.0.0 Safari/537.36"
185.193.50.150 - - [07/Jun/2026:08:35:41 +0200] "GET /wp-content/plugins/ws-form/shared/js/ws-form.min.js?ver=1.10.46 HTTP/1.1" 200 96198 "https://www.maimounz.formagloba.fr/" "Mozilla/5.0 (Windows NT 10.0; Win64; x64) AppleWebKit/537.36 (KHTML, like Gecko) Chrome/148.0.0.0 Safari/537.36"
185.193.50.150 - - [07/Jun/2026:08:35:41 +0200] "GET /wp-content/plugins/ws-form/public/js/ws-form-public.min.js?ver=1.10.46 HTTP/1.1" 200 59791 "https://www.maimounz.formagloba.fr/" "Mozilla/5.0 (Windows NT 10.0; Win64; x64) AppleWebKit/537.36 (KHTML, like Gecko) Chrome/148.0.0.0 Safari/537.36"
185.193.50.150 - - [07/Jun/2026:08:35:48 +0200] "GET /wp-content/plugins/wp-grid-builder/public/css/facets.css?ver=2.2.0 HTTP/1.1" 200 36726 "https://www.maimounz.formagloba.fr/boutique/decoration/" "Mozilla/5.0 (Windows NT 10.0; Win64; x64) AppleWebKit/537.36 (KHTML, like Gecko) Chrome/148.0.0.0 Safari/537.36"
185.193.50.150 - - [07/Jun/2026:08:35:46 +0200] "GET /boutique/decoration/ HTTP/1.1" 200 710640 "https://www.maimounz.formagloba.fr/" "Mozilla/5.0 (Windows NT 10.0; Win64; x64) AppleWebKit/537.36 (KHTML, like Gecko) Chrome/148.0.0.0 Safari/537.36"
185.193.50.150 - - [07/Jun/2026:08:35:48 +0200] "GET /wp-content/uploads/wpgb/facets/styles.css?ver=1734773235 HTTP/1.1" 200 215 "https://www.maimounz.formagloba.fr/boutique/decoration/" "Mozilla/5.0 (Windows NT 10.0; Win64; x64) AppleWebKit/537.36 (KHTML, like Gecko) Chrome/148.0.0.0 Safari/537.36"
185.193.50.150 - - [07/Jun/2026:08:35:48 +0200] "GET /wp-content/plugins/wp-grid-builder/public/js/polyfills.js?ver=2.2.0 HTTP/1.1" 200 20742 "https://www.maimounz.formagloba.fr/boutique/decoration/" "Mozilla/5.0 (Windows NT 10.0; Win64; x64) AppleWebKit/537.36 (KHTML, like Gecko) Chrome/148.0.0.0 Safari/537.36"
185.193.50.150 - - [07/Jun/2026:08:35:48 +0200] "GET /wp-content/plugins/wp-grid-builder/public/js/facets.js?ver=2.2.0 HTTP/1.1" 200 50792 "https://www.maimounz.formagloba.fr/boutique/decoration/" "Mozilla/5.0 (Windows NT 10.0; Win64; x64) AppleWebKit/537.36 (KHTML, like Gecko) Chrome/148.0.0.0 Safari/537.36"
185.193.50.150 - - [07/Jun/2026:08:35:48 +0200] "GET /wp-content/plugins/wp-grid-builder-bricks/assets/js/frontend.js?ver=1.3.5 HTTP/1.1" 200 12692 "https://www.maimounz.formagloba.fr/boutique/decoration/" "Mozilla/5.0 (Windows NT 10.0; Win64; x64) AppleWebKit/537.36 (KHTML, like Gecko) Chrome/148.0.0.0 Safari/537.36"
185.193.50.150 - - [07/Jun/2026:08:35:48 +0200] "POST /?wpgb-ajax=render HTTP/1.1" 200 3696 "https://www.maimounz.formagloba.fr/boutique/decoration/" "Mozilla/5.0 (Windows NT 10.0; Win64; x64) AppleWebKit/537.36 (KHTML, like Gecko) Chrome/148.0.0.0 Safari/537.36"
185.193.50.150 - - [07/Jun/2026:08:35:50 +0200] "GET /wp-content/plugins/wp-grid-builder/public/js/vendors/select.js?v=1749659014 HTTP/1.1" 200 20327 "https://www.maimounz.formagloba.fr/boutique/decoration/" "Mozilla/5.0 (Windows NT 10.0; Win64; x64) AppleWebKit/537.36 (KHTML, like Gecko) Chrome/148.0.0.0 Safari/537.36"
185.193.50.150 - - [07/Jun/2026:08:35:50 +0200] "GET /wp-content/plugins/wp-grid-builder/public/js/vendors/range.js?v=1749659014 HTTP/1.1" 200 13452 "https://www.maimounz.formagloba.fr/boutique/decoration/" "Mozilla/5.0 (Windows NT 10.0; Win64; x64) AppleWebKit/537.36 (KHTML, like Gecko) Chrome/148.0.0.0 Safari/537.36"
109.234.164.184 - - [07/Jun/2026:08:35:55 +0200] "POST /wp-cron.php?doing_wp_cron=1780814155.8745510578155517578125 HTTP/1.1" 200 - "-" "WordPress/7.0; https://www.maimounz.formagloba.fr"
185.193.50.150 - - [07/Jun/2026:08:35:52 +0200] "GET /produit/brule-parfum-minymal/ HTTP/1.1" 200 728998 "https://www.maimounz.formagloba.fr/boutique/decoration/" "Mozilla/5.0 (Windows NT 10.0; Win64; x64) AppleWebKit/537.36 (KHTML, like Gecko) Chrome/148.0.0.0 Safari/537.36"
185.193.50.150 - - [07/Jun/2026:08:35:56 +0200] "GET /wp-content/plugins/woocommerce/assets/css/photoswipe/photoswipe.min.css?ver=9.7.3 HTTP/1.1" 200 3287 "https://www.maimounz.formagloba.fr/produit/brule-parfum-minymal/" "Mozilla/5.0 (Windows NT 10.0; Win64; x64) AppleWebKit/537.36 (KHTML, like Gecko) Chrome/148.0.0.0 Safari/537.36"
185.193.50.150 - - [07/Jun/2026:08:35:56 +0200] "GET /wp-content/plugins/woocommerce/assets/css/photoswipe/default-skin/default-skin.min.css?ver=9.7.3 HTTP/1.1" 200 7947 "https://www.maimounz.formagloba.fr/produit/brule-parfum-minymal/" "Mozilla/5.0 (Windows NT 10.0; Win64; x64) AppleWebKit/537.36 (KHTML, like Gecko) Chrome/148.0.0.0 Safari/537.36"
185.193.50.150 - - [07/Jun/2026:08:35:56 +0200] "GET /wp-content/themes/bricks/assets/css/libs/ionicons.min.css?ver=1734284665 HTTP/1.1" 200 29261 "https://www.maimounz.formagloba.fr/produit/brule-parfum-minymal/" "Mozilla/5.0 (Windows NT 10.0; Win64; x64) AppleWebKit/537.36 (KHTML, like Gecko) Chrome/148.0.0.0 Safari/537.36"
185.193.50.150 - - [07/Jun/2026:08:35:56 +0200] "GET /wp-content/plugins/frames-plugin/classes/Widgets/accordion/css/accordion.css?ver=1749658964 HTTP/1.1" 200 1600 "https://www.maimounz.formagloba.fr/produit/brule-parfum-minymal/" "Mozilla/5.0 (Windows NT 10.0; Win64; x64) AppleWebKit/537.36 (KHTML, like Gecko) Chrome/148.0.0.0 Safari/537.36"
185.193.50.150 - - [07/Jun/2026:08:35:56 +0200] "GET /wp-content/themes/bricks/assets/css/libs/tooltips.min.css?ver=1734284665 HTTP/1.1" 200 4721 "https://www.maimounz.formagloba.fr/produit/brule-parfum-minymal/" "Mozilla/5.0 (Windows NT 10.0; Win64; x64) AppleWebKit/537.36 (KHTML, like Gecko) Chrome/148.0.0.0 Safari/537.36"
185.193.50.150 - - [07/Jun/2026:08:35:56 +0200] "GET /wp-content/uploads/woocommerce-placeholder.png HTTP/1.1" 200 8934 "https://www.maimounz.formagloba.fr/produit/brule-parfum-minymal/" "Mozilla/5.0 (Windows NT 10.0; Win64; x64) AppleWebKit/537.36 (KHTML, like Gecko) Chrome/148.0.0.0 Safari/537.36"
185.193.50.150 - - [07/Jun/2026:08:35:56 +0200] "GET /wp-content/plugins/frames-plugin/classes/Widgets/accordion/js/accordion.js?ver=1749658964 HTTP/1.1" 200 21455 "https://www.maimounz.formagloba.fr/produit/brule-parfum-minymal/" "Mozilla/5.0 (Windows NT 10.0; Win64; x64) AppleWebKit/537.36 (KHTML, like Gecko) Chrome/148.0.0.0 Safari/537.36"
185.193.50.150 - - [07/Jun/2026:08:35:56 +0200] "GET /wp-content/plugins/woocommerce/assets/js/zoom/jquery.zoom.min.js?ver=1.7.21-wc.9.7.3 HTTP/1.1" 200 2673 "https://www.maimounz.formagloba.fr/produit/brule-parfum-minymal/" "Mozilla/5.0 (Windows NT 10.0; Win64; x64) AppleWebKit/537.36 (KHTML, like Gecko) Chrome/148.0.0.0 Safari/537.36"
185.193.50.150 - - [07/Jun/2026:08:35:56 +0200] "GET /wp-content/plugins/woocommerce/assets/js/flexslider/jquery.flexslider.min.js?ver=2.7.2-wc.9.7.3 HTTP/1.1" 200 21555 "https://www.maimounz.formagloba.fr/produit/brule-parfum-minymal/" "Mozilla/5.0 (Windows NT 10.0; Win64; x64) AppleWebKit/537.36 (KHTML, like Gecko) Chrome/148.0.0.0 Safari/537.36"
185.193.50.150 - - [07/Jun/2026:08:35:56 +0200] "GET /wp-content/plugins/woocommerce/assets/js/photoswipe/photoswipe.min.js?ver=4.1.1-wc.9.7.3 HTTP/1.1" 200 31626 "https://www.maimounz.formagloba.fr/produit/brule-parfum-minymal/" "Mozilla/5.0 (Windows NT 10.0; Win64; x64) AppleWebKit/537.36 (KHTML, like Gecko) Chrome/148.0.0.0 Safari/537.36"
185.193.50.150 - - [07/Jun/2026:08:35:56 +0200] "GET /wp-content/plugins/woocommerce/assets/js/photoswipe/photoswipe-ui-default.min.js?ver=4.1.1-wc.9.7.3 HTTP/1.1" 200 9749 "https://www.maimounz.formagloba.fr/produit/brule-parfum-minymal/" "Mozilla/5.0 (Windows NT 10.0; Win64; x64) AppleWebKit/537.36 (KHTML, like Gecko) Chrome/148.0.0.0 Safari/537.36"
185.193.50.150 - - [07/Jun/2026:08:35:56 +0200] "GET /wp-content/plugins/woocommerce/assets/js/frontend/single-product.min.js?ver=9.7.3 HTTP/1.1" 200 9347 "https://www.maimounz.formagloba.fr/produit/brule-parfum-minymal/" "Mozilla/5.0 (Windows NT 10.0; Win64; x64) AppleWebKit/537.36 (KHTML, like Gecko) Chrome/148.0.0.0 Safari/537.36"
185.193.50.150 - - [07/Jun/2026:08:35:56 +0200] "GET /wp-content/plugins/woocommerce/assets/js/frontend/add-to-cart-variation.min.js?ver=9.7.3 HTTP/1.1" 200 14723 "https://www.maimounz.formagloba.fr/produit/brule-parfum-minymal/" "Mozilla/5.0 (Windows NT 10.0; Win64; x64) AppleWebKit/537.36 (KHTML, like Gecko) Chrome/148.0.0.0 Safari/537.36"
185.193.50.150 - - [07/Jun/2026:08:35:56 +0200] "GET /wp-content/themes/bricks/assets/fonts/ionicons/ionicons.woff2 HTTP/1.1" 200 50632 "https://www.maimounz.formagloba.fr/wp-content/themes/bricks/assets/css/libs/ionicons.min.css?ver=1734284665" "Mozilla/5.0 (Windows NT 10.0; Win64; x64) AppleWebKit/537.36 (KHTML, like Gecko) Chrome/148.0.0.0 Safari/537.36"
185.193.50.150 - - [07/Jun/2026:08:35:56 +0200] "GET /produit/brule-parfum-minymal/%7B HTTP/1.1" 301 - "https://www.maimounz.formagloba.fr/produit/brule-parfum-minymal/" "Mozilla/5.0 (Windows NT 10.0; Win64; x64) AppleWebKit/537.36 (KHTML, like Gecko) Chrome/148.0.0.0 Safari/537.36"
185.193.50.150 - - [07/Jun/2026:08:35:56 +0200] "GET /wp-content/plugins/site-reviews/assets/images/stars/default/star-empty.svg HTTP/1.1" 200 811 "https://www.maimounz.formagloba.fr/wp-content/plugins/site-reviews/assets/styles/default.css?ver=7.2.7" "Mozilla/5.0 (Windows NT 10.0; Win64; x64) AppleWebKit/537.36 (KHTML, like Gecko) Chrome/148.0.0.0 Safari/537.36"
185.193.50.150 - - [07/Jun/2026:08:35:56 +0200] "GET /produit/brule-parfum-minymal/ HTTP/1.1" 200 728866 "https://www.maimounz.formagloba.fr/produit/brule-parfum-minymal/" "Mozilla/5.0 (Windows NT 10.0; Win64; x64) AppleWebKit/537.36 (KHTML, like Gecko) Chrome/148.0.0.0 Safari/537.36"
109.234.164.184 - - [07/Jun/2026:08:36:40 +0200] "POST /wp-cron.php?doing_wp_cron=1780814200.6413669586181640625000 HTTP/1.1" 200 - "-" "WordPress/7.0; https://www.maimounz.formagloba.fr"
185.193.50.150 - - [07/Jun/2026:08:36:40 +0200] "POST /wp-admin/admin-ajax.php HTTP/1.1" 200 47 "https://www.maimounz.formagloba.fr/wp-admin/plugins.php?plugin_status=inactive&paged=1&s" "Mozilla/5.0 (Windows NT 10.0; Win64; x64) AppleWebKit/537.36 (KHTML, like Gecko) Chrome/148.0.0.0 Safari/537.36"
109.234.164.184 - - [07/Jun/2026:08:36:41 +0200] "POST /wp-admin/admin-ajax.php?action=async_litespeed&nonce=P0r7i5wuoO8Fnps3S6gV89JHIwnHoVhM&litespeed_type=imgoptm HTTP/1.1" 200 1 "-" "WordPress/7.0; https://www.maimounz.formagloba.fr"
109.234.164.184 - - [07/Jun/2026:08:38:41 +0200] "POST /wp-cron.php?doing_wp_cron=1780814321.6972959041595458984375 HTTP/1.1" 200 - "-" "WordPress/7.0; https://www.maimounz.formagloba.fr"
185.193.50.150 - - [07/Jun/2026:08:38:41 +0200] "POST /wp-admin/admin-ajax.php HTTP/1.1" 200 47 "https://www.maimounz.formagloba.fr/wp-admin/plugins.php?plugin_status=inactive&paged=1&s" "Mozilla/5.0 (Windows NT 10.0; Win64; x64) AppleWebKit/537.36 (KHTML, like Gecko) Chrome/148.0.0.0 Safari/537.36"
109.234.164.184 - - [07/Jun/2026:08:38:42 +0200] "POST /wp-admin/admin-ajax.php?action=async_litespeed&nonce=hFZCygtXw4b79MxF1xCbFKCloFkrwhJa&litespeed_type=imgoptm HTTP/1.1" 200 1 "-" "WordPress/7.0; https://www.maimounz.formagloba.fr"
109.234.164.184 - - [07/Jun/2026:08:39:33 +0200] "POST /wp-cron.php?doing_wp_cron=1780814373.6525950431823730468750 HTTP/1.1" 200 - "-" "WordPress/7.0; https://www.maimounz.formagloba.fr"
185.193.50.150 - - [07/Jun/2026:08:39:32 +0200] "GET /wp-admin/plugins.php?plugin_status=auto-update-disabled HTTP/1.1" 200 1009563 "https://www.maimounz.formagloba.fr/wp-admin/plugins.php?plugin_status=inactive&paged=1&s" "Mozilla/5.0 (Windows NT 10.0; Win64; x64) AppleWebKit/537.36 (KHTML, like Gecko) Chrome/148.0.0.0 Safari/537.36"
109.234.164.184 - - [07/Jun/2026:08:39:34 +0200] "POST /wp-admin/admin-ajax.php?action=async_litespeed&nonce=eKToQDkKF6tYOU62hh2gu1k6R83iEWma&litespeed_type=imgoptm HTTP/1.1" 200 1 "-" "WordPress/7.0; https://www.maimounz.formagloba.fr"
185.193.50.150 - - [07/Jun/2026:08:39:34 +0200] "POST /wp-admin/admin-ajax.php HTTP/1.1" 200 17781 "https://www.maimounz.formagloba.fr/wp-admin/plugins.php?plugin_status=auto-update-disabled" "Mozilla/5.0 (Windows NT 10.0; Win64; x64) AppleWebKit/537.36 (KHTML, like Gecko) Chrome/148.0.0.0 Safari/537.36"
109.234.164.184 - - [07/Jun/2026:08:40:35 +0200] "POST /wp-cron.php?doing_wp_cron=1780814435.6333780288696289062500 HTTP/1.1" 200 - "-" "WordPress/7.0; https://www.maimounz.formagloba.fr"
185.193.50.150 - - [07/Jun/2026:08:40:35 +0200] "POST /wp-admin/admin-ajax.php HTTP/1.1" 200 47 "https://www.maimounz.formagloba.fr/wp-admin/plugins.php?plugin_status=auto-update-disabled" "Mozilla/5.0 (Windows NT 10.0; Win64; x64) AppleWebKit/537.36 (KHTML, like Gecko) Chrome/148.0.0.0 Safari/537.36"
109.234.164.184 - - [07/Jun/2026:08:40:36 +0200] "POST /wp-admin/admin-ajax.php?action=async_litespeed&nonce=j2Ptwet2iKtvZxf9enkPv3Fzx5Np5X8Y&litespeed_type=imgoptm HTTP/1.1" 200 1 "-" "WordPress/7.0; https://www.maimounz.formagloba.fr"
109.234.164.184 - - [07/Jun/2026:08:42:24 +0200] "POST /wp-cron.php?doing_wp_cron=1780814544.1240749359130859375000 HTTP/1.1" 200 - "-" "WordPress/7.0; https://www.maimounz.formagloba.fr"
185.193.50.150 - - [07/Jun/2026:08:42:23 +0200] "GET //wp-json/wp/v2/users?per_page=50 HTTP/1.1" 200 2008 "-" "Mozilla/5.0 (Windows NT 10.0; Win64; x64) AppleWebKit/537.36 (KHTML, like Gecko) Chrome/148.0.0.0 Safari/537.36"
109.234.164.184 - - [07/Jun/2026:08:42:24 +0200] "POST /wp-admin/admin-ajax.php?action=async_litespeed&nonce=f9qAtRni88QmcBHmIXr3XO6ET0dZyoXE&litespeed_type=imgoptm HTTP/1.1" 200 1 "-" "WordPress/7.0; https://www.maimounz.formagloba.fr"
185.193.50.150 - - [07/Jun/2026:08:42:35 +0200] "POST /wp-admin/admin-ajax.php HTTP/1.1" 200 47 "https://www.maimounz.formagloba.fr/wp-admin/plugins.php?plugin_status=auto-update-disabled" "Mozilla/5.0 (Windows NT 10.0; Win64; x64) AppleWebKit/537.36 (KHTML, like Gecko) Chrome/148.0.0.0 Safari/537.36"
109.234.164.184 - - [07/Jun/2026:08:44:36 +0200] "POST /wp-cron.php?doing_wp_cron=1780814676.5609030723571777343750 HTTP/1.1" 200 - "-" "WordPress/7.0; https://www.maimounz.formagloba.fr"
185.193.50.150 - - [07/Jun/2026:08:44:36 +0200] "POST /wp-admin/admin-ajax.php HTTP/1.1" 200 47 "https://www.maimounz.formagloba.fr/wp-admin/plugins.php?plugin_status=auto-update-disabled" "Mozilla/5.0 (Windows NT 10.0; Win64; x64) AppleWebKit/537.36 (KHTML, like Gecko) Chrome/148.0.0.0 Safari/537.36"
109.234.164.184 - - [07/Jun/2026:08:44:36 +0200] "POST /wp-admin/admin-ajax.php?action=async_litespeed&nonce=tiw782z6A1TE8tKnBJr1jn3dbsPohepP&litespeed_type=imgoptm HTTP/1.1" 200 1 "-" "WordPress/7.0; https://www.maimounz.formagloba.fr"
109.234.164.184 - - [07/Jun/2026:08:46:37 +0200] "POST /wp-cron.php?doing_wp_cron=1780814797.6522541046142578125000 HTTP/1.1" 200 - "-" "WordPress/7.0; https://www.maimounz.formagloba.fr"
185.193.50.150 - - [07/Jun/2026:08:46:37 +0200] "POST /wp-admin/admin-ajax.php HTTP/1.1" 200 47 "https://www.maimounz.formagloba.fr/wp-admin/plugins.php?plugin_status=auto-update-disabled" "Mozilla/5.0 (Windows NT 10.0; Win64; x64) AppleWebKit/537.36 (KHTML, like Gecko) Chrome/148.0.0.0 Safari/537.36"
109.234.164.184 - - [07/Jun/2026:08:46:38 +0200] "POST /wp-admin/admin-ajax.php?action=async_litespeed&nonce=78aWCkr7tkivs2MGC2CCvOW4AUuyfRnR&litespeed_type=imgoptm HTTP/1.1" 200 1 "-" "WordPress/7.0; https://www.maimounz.formagloba.fr"
109.234.164.184 - - [07/Jun/2026:08:47:46 +0200] "POST /wp-cron.php?doing_wp_cron=1780814866.6612720489501953125000 HTTP/1.1" 200 - "-" "WordPress/7.0; https://www.maimounz.formagloba.fr"
216.73.216.102 - - [07/Jun/2026:08:47:46 +0200] "GET /robots.txt HTTP/1.1" 301 - "-" "Mozilla/5.0 AppleWebKit/537.36 (KHTML, like Gecko; compatible; ClaudeBot/1.0; +claudebot@anthropic.com)"
109.234.164.184 - - [07/Jun/2026:08:47:47 +0200] "POST /wp-admin/admin-ajax.php?action=async_litespeed&nonce=024d6PV4hmiT6N88A9nMbAL5A2ndzaFl&litespeed_type=imgoptm HTTP/1.1" 200 1 "-" "WordPress/7.0; https://www.maimounz.formagloba.fr"
216.73.216.102 - - [07/Jun/2026:08:47:47 +0200] "GET /robots.txt HTTP/1.1" 200 124 "https://maimounz.formagloba.fr/robots.txt" "Mozilla/5.0 AppleWebKit/537.36 (KHTML, like Gecko; compatible; ClaudeBot/1.0; +claudebot@anthropic.com)"
216.73.216.102 - - [07/Jun/2026:08:47:48 +0200] "GET /index.html/ HTTP/1.1" 301 - "-" "Mozilla/5.0 AppleWebKit/537.36 (KHTML, like Gecko; compatible; ClaudeBot/1.0; +claudebot@anthropic.com)"
216.73.216.102 - - [07/Jun/2026:08:47:48 +0200] "GET /index.html/ HTTP/1.1" 404 224466 "https://maimounz.formagloba.fr/index.html/" "Mozilla/5.0 AppleWebKit/537.36 (KHTML, like Gecko; compatible; ClaudeBot/1.0; +claudebot@anthropic.com)"
109.234.164.184 - - [07/Jun/2026:08:48:38 +0200] "POST /wp-cron.php?doing_wp_cron=1780814918.6154980659484863281250 HTTP/1.1" 200 - "-" "WordPress/7.0; https://www.maimounz.formagloba.fr"
185.193.50.150 - - [07/Jun/2026:08:48:38 +0200] "POST /wp-admin/admin-ajax.php HTTP/1.1" 200 47 "https://www.maimounz.formagloba.fr/wp-admin/plugins.php?plugin_status=auto-update-disabled" "Mozilla/5.0 (Windows NT 10.0; Win64; x64) AppleWebKit/537.36 (KHTML, like Gecko) Chrome/148.0.0.0 Safari/537.36"
109.234.164.184 - - [07/Jun/2026:08:48:39 +0200] "POST /wp-admin/admin-ajax.php?action=async_litespeed&nonce=aO1C5KUJ2kMKs2bHtBPDwBqXLwd7dScH&litespeed_type=imgoptm HTTP/1.1" 200 1 "-" "WordPress/7.0; https://www.maimounz.formagloba.fr"
109.234.164.184 - - [07/Jun/2026:08:50:39 +0200] "POST /wp-cron.php?doing_wp_cron=1780815039.6911060810089111328125 HTTP/1.1" 200 - "-" "WordPress/7.0; https://www.maimounz.formagloba.fr"
185.193.50.150 - - [07/Jun/2026:08:50:39 +0200] "POST /wp-admin/admin-ajax.php HTTP/1.1" 200 47 "https://www.maimounz.formagloba.fr/wp-admin/plugins.php?plugin_status=auto-update-disabled" "Mozilla/5.0 (Windows NT 10.0; Win64; x64) AppleWebKit/537.36 (KHTML, like Gecko) Chrome/148.0.0.0 Safari/537.36"
109.234.164.184 - - [07/Jun/2026:08:50:40 +0200] "POST /wp-admin/admin-ajax.php?action=async_litespeed&nonce=wQ8vr3vQ6BIOtWvRlfjXJBXzUNPlOnt4&litespeed_type=imgoptm HTTP/1.1" 200 1 "-" "WordPress/7.0; https://www.maimounz.formagloba.fr"
109.234.164.184 - - [07/Jun/2026:08:52:40 +0200] "POST /wp-cron.php?doing_wp_cron=1780815160.6089019775390625000000 HTTP/1.1" 200 - "-" "WordPress/7.0; https://www.maimounz.formagloba.fr"
185.193.50.150 - - [07/Jun/2026:08:52:40 +0200] "POST /wp-admin/admin-ajax.php HTTP/1.1" 200 47 "https://www.maimounz.formagloba.fr/wp-admin/plugins.php?plugin_status=auto-update-disabled" "Mozilla/5.0 (Windows NT 10.0; Win64; x64) AppleWebKit/537.36 (KHTML, like Gecko) Chrome/148.0.0.0 Safari/537.36"
109.234.164.184 - - [07/Jun/2026:08:52:41 +0200] "POST /wp-admin/admin-ajax.php?action=async_litespeed&nonce=3vKS1MM8goX1i6jCsW7RYnMOcldAYO5Z&litespeed_type=imgoptm HTTP/1.1" 200 1 "-" "WordPress/7.0; https://www.maimounz.formagloba.fr"
109.234.164.184 - - [07/Jun/2026:08:54:41 +0200] "POST /wp-cron.php?doing_wp_cron=1780815281.6541581153869628906250 HTTP/1.1" 200 - "-" "WordPress/7.0; https://www.maimounz.formagloba.fr"
185.193.50.150 - - [07/Jun/2026:08:54:41 +0200] "POST /wp-admin/admin-ajax.php HTTP/1.1" 200 47 "https://www.maimounz.formagloba.fr/wp-admin/plugins.php?plugin_status=auto-update-disabled" "Mozilla/5.0 (Windows NT 10.0; Win64; x64) AppleWebKit/537.36 (KHTML, like Gecko) Chrome/148.0.0.0 Safari/537.36"
109.234.164.184 - - [07/Jun/2026:08:54:42 +0200] "POST /wp-admin/admin-ajax.php?action=async_litespeed&nonce=skROXFjiATs1Jo8kXhXkmEtOXX7yyhmp&litespeed_type=imgoptm HTTP/1.1" 200 1 "-" "WordPress/7.0; https://www.maimounz.formagloba.fr"
109.234.164.184 - - [07/Jun/2026:08:55:43 +0200] "POST /wp-cron.php?doing_wp_cron=1780815343.5564050674438476562500 HTTP/1.1" 200 - "-" "WordPress/7.0; https://www.maimounz.formagloba.fr"
185.193.50.150 - - [07/Jun/2026:08:55:42 +0200] "GET / HTTP/1.1" 200 274610 "-" "Mozilla/5.0 (Macintosh; Intel Mac OS X 10_15_7) AppleWebKit/537.36 (KHTML, like Gecko) Chrome/121.0.0.0 Safari/537.36"
109.234.164.184 - - [07/Jun/2026:08:55:43 +0200] "POST /wp-admin/admin-ajax.php?action=async_litespeed&nonce=hcXticAw9GP1P1BAot0zEzJCMmZ8mk5s&litespeed_type=imgoptm HTTP/1.1" 200 1 "-" "WordPress/7.0; https://www.maimounz.formagloba.fr"
185.193.50.150 - - [07/Jun/2026:08:55:46 +0200] "GET /wp-json/wp/v2/users HTTP/1.1" 200 1916 "-" "Mozilla/5.0 (Windows NT 10.0; Win64; x64) AppleWebKit/537.36 (KHTML, like Gecko) Chrome/121.0.0.0 Safari/537.36 Edg/121.0.0.0"
185.193.50.150 - - [07/Jun/2026:08:55:47 +0200] "GET /wp-json/wp/v2/posts?per_page=20 HTTP/1.1" 200 2099 "-" "Mozilla/5.0 (Windows NT 10.0; Win64; x64; rv:109.0) Gecko/20100101 Firefox/121.0"
185.193.50.150 - - [07/Jun/2026:08:55:47 +0200] "GET /wp-json/wp/v2/users/1 HTTP/1.1" 200 1914 "-" "Mozilla/5.0 (Macintosh; Intel Mac OS X 10.15; rv:109.0) Gecko/20100101 Firefox/121.0"
185.193.50.150 - - [07/Jun/2026:08:55:48 +0200] "GET /?author=1 HTTP/1.1" 301 - "https://www.maimounz.formagloba.fr/" "Mozilla/5.0 (X11; Linux x86_64) AppleWebKit/537.36 (KHTML, like Gecko) Chrome/121.0.0.0 Safari/537.36"
185.193.50.150 - - [07/Jun/2026:08:55:49 +0200] "GET /author/admin/ HTTP/1.1" 200 229278 "https://www.maimounz.formagloba.fr/" "Mozilla/5.0 (X11; Linux x86_64) AppleWebKit/537.36 (KHTML, like Gecko) Chrome/121.0.0.0 Safari/537.36"
185.193.50.150 - - [07/Jun/2026:08:55:50 +0200] "GET /?author=2 HTTP/1.1" 404 224452 "https://www.maimounz.formagloba.fr/" "Mozilla/5.0 (Windows NT 10.0; Win64; x64) AppleWebKit/537.36 (KHTML, like Gecko) Chrome/121.0.0.0 Safari/537.36"
185.193.50.150 - - [07/Jun/2026:08:55:51 +0200] "GET /?author=3 HTTP/1.1" 404 224452 "https://www.maimounz.formagloba.fr/" "Mozilla/5.0 (Windows NT 10.0; Win64; x64) AppleWebKit/537.36 (KHTML, like Gecko) Chrome/121.0.0.0 Safari/537.36 Edg/121.0.0.0"
185.193.50.150 - - [07/Jun/2026:08:55:53 +0200] "GET /?author=4 HTTP/1.1" 404 224452 "https://www.maimounz.formagloba.fr/" "Mozilla/5.0 (Windows NT 10.0; Win64; x64; rv:109.0) Gecko/20100101 Firefox/121.0"
109.234.164.184 - - [07/Jun/2026:08:55:55 +0200] "POST /wp-cron.php?doing_wp_cron=1780815355.3101069927215576171875 HTTP/1.1" 200 - "-" "WordPress/7.0; https://www.maimounz.formagloba.fr"
185.193.50.150 - - [07/Jun/2026:08:55:54 +0200] "GET /?author=5 HTTP/1.1" 200 221602 "https://www.maimounz.formagloba.fr/" "Mozilla/5.0 (Windows NT 10.0; Win64; x64) AppleWebKit/537.36 (KHTML, like Gecko) Chrome/121.0.0.0 Safari/537.36"
185.193.50.150 - - [07/Jun/2026:08:55:55 +0200] "GET /?author=6 HTTP/1.1" 404 224452 "https://www.maimounz.formagloba.fr/" "Mozilla/5.0 (Windows NT 10.0; Win64; x64; rv:109.0) Gecko/20100101 Firefox/121.0"
185.193.50.150 - - [07/Jun/2026:08:55:57 +0200] "GET /?author=7 HTTP/1.1" 404 224452 "https://www.maimounz.formagloba.fr/" "Mozilla/5.0 (Macintosh; Intel Mac OS X 10_15_7) AppleWebKit/537.36 (KHTML, like Gecko) Chrome/121.0.0.0 Safari/537.36"
185.193.50.150 - - [07/Jun/2026:08:55:58 +0200] "GET /?author=8 HTTP/1.1" 200 221638 "https://www.maimounz.formagloba.fr/" "Mozilla/5.0 (Macintosh; Intel Mac OS X 10.15; rv:109.0) Gecko/20100101 Firefox/121.0"
185.193.50.150 - - [07/Jun/2026:08:55:59 +0200] "GET /?author=9 HTTP/1.1" 404 224452 "https://www.maimounz.formagloba.fr/" "Mozilla/5.0 (Windows NT 10.0; Win64; x64) AppleWebKit/537.36 (KHTML, like Gecko) Chrome/121.0.0.0 Safari/537.36 Edg/121.0.0.0"
185.193.50.150 - - [07/Jun/2026:08:56:01 +0200] "GET /?author=10 HTTP/1.1" 404 224454 "https://www.maimounz.formagloba.fr/" "Mozilla/5.0 (Macintosh; Intel Mac OS X 10_15_7) AppleWebKit/537.36 (KHTML, like Gecko) Chrome/121.0.0.0 Safari/537.36"
185.193.50.150 - - [07/Jun/2026:08:56:02 +0200] "GET /?author=11 HTTP/1.1" 404 224454 "https://www.maimounz.formagloba.fr/" "Mozilla/5.0 (Macintosh; Intel Mac OS X 10_15_7) AppleWebKit/605.1.15 (KHTML, like Gecko) Version/17.0 Safari/605.1.15"
185.193.50.150 - - [07/Jun/2026:08:56:04 +0200] "GET /?author=12 HTTP/1.1" 404 224454 "https://www.maimounz.formagloba.fr/" "Mozilla/5.0 (X11; Linux x86_64) AppleWebKit/537.36 (KHTML, like Gecko) Chrome/121.0.0.0 Safari/537.36"
185.193.50.150 - - [07/Jun/2026:08:56:05 +0200] "GET /?author=13 HTTP/1.1" 404 224454 "https://www.maimounz.formagloba.fr/" "Mozilla/5.0 (Windows NT 10.0; Win64; x64; rv:109.0) Gecko/20100101 Firefox/121.0"
185.193.50.150 - - [07/Jun/2026:08:56:06 +0200] "GET /?author=14 HTTP/1.1" 404 224454 "https://www.maimounz.formagloba.fr/" "Mozilla/5.0 (Windows NT 10.0; Win64; x64) AppleWebKit/537.36 (KHTML, like Gecko) Chrome/121.0.0.0 Safari/537.36"
185.193.50.150 - - [07/Jun/2026:08:56:08 +0200] "GET /?author=15 HTTP/1.1" 200 221680 "https://www.maimounz.formagloba.fr/" "Mozilla/5.0 (X11; Linux x86_64) AppleWebKit/537.36 (KHTML, like Gecko) Chrome/121.0.0.0 Safari/537.36"
185.193.50.150 - - [07/Jun/2026:08:56:09 +0200] "GET /?author=16 HTTP/1.1" 404 224454 "https://www.maimounz.formagloba.fr/" "Mozilla/5.0 (X11; Linux x86_64) AppleWebKit/537.36 (KHTML, like Gecko) Chrome/121.0.0.0 Safari/537.36"
185.193.50.150 - - [07/Jun/2026:08:56:10 +0200] "GET /?author=17 HTTP/1.1" 404 224474 "https://www.maimounz.formagloba.fr/" "Mozilla/5.0 (Macintosh; Intel Mac OS X 10_15_7) AppleWebKit/605.1.15 (KHTML, like Gecko) Version/17.0 Safari/605.1.15"
185.193.50.150 - - [07/Jun/2026:08:56:11 +0200] "GET /?author=18 HTTP/1.1" 404 224454 "https://www.maimounz.formagloba.fr/" "Mozilla/5.0 (Windows NT 10.0; Win64; x64) AppleWebKit/537.36 (KHTML, like Gecko) Chrome/121.0.0.0 Safari/537.36"
185.193.50.150 - - [07/Jun/2026:08:56:12 +0200] "GET /?author=19 HTTP/1.1" 404 224454 "https://www.maimounz.formagloba.fr/" "Mozilla/5.0 (Macintosh; Intel Mac OS X 10.15; rv:109.0) Gecko/20100101 Firefox/121.0"
185.193.50.150 - - [07/Jun/2026:08:56:14 +0200] "GET /?author=20 HTTP/1.1" 404 224454 "https://www.maimounz.formagloba.fr/" "Mozilla/5.0 (Macintosh; Intel Mac OS X 10_15_7) AppleWebKit/537.36 (KHTML, like Gecko) Chrome/121.0.0.0 Safari/537.36"
109.234.164.184 - - [07/Jun/2026:08:56:21 +0200] "POST /wp-cron.php?doing_wp_cron=1780815381.6213779449462890625000 HTTP/1.1" 200 - "-" "WordPress/7.0; https://www.maimounz.formagloba.fr"
185.193.50.150 - - [07/Jun/2026:08:56:21 +0200] "GET /feed/ HTTP/1.1" 200 1791 "-" "Mozilla/5.0 (Macintosh; Intel Mac OS X 10.15; rv:109.0) Gecko/20100101 Firefox/121.0"
109.234.164.184 - - [07/Jun/2026:08:56:21 +0200] "POST /wp-admin/admin-ajax.php?action=async_litespeed&nonce=N90j8m5VK0KRkrkHnUlhNSd3kmjyAjUC&litespeed_type=imgoptm HTTP/1.1" 200 1 "-" "WordPress/7.0; https://www.maimounz.formagloba.fr"
185.193.50.150 - - [07/Jun/2026:08:56:22 +0200] "GET /wp-sitemap-users-1.xml HTTP/1.1" 404 224522 "-" "Mozilla/5.0 (X11; Linux x86_64) AppleWebKit/537.36 (KHTML, like Gecko) Chrome/121.0.0.0 Safari/537.36"
185.193.50.150 - - [07/Jun/2026:08:56:22 +0200] "GET /sitemap.xml HTTP/1.1" 200 3421 "-" "Mozilla/5.0 (Windows NT 10.0; Win64; x64; rv:109.0) Gecko/20100101 Firefox/121.0"
185.193.50.150 - - [07/Jun/2026:08:56:23 +0200] "GET /wp-json/wp/v2/comments HTTP/1.1" 200 1337 "-" "Mozilla/5.0 (Macintosh; Intel Mac OS X 10_15_7) AppleWebKit/537.36 (KHTML, like Gecko) Chrome/121.0.0.0 Safari/537.36"
185.193.50.150 - - [07/Jun/2026:08:56:42 +0200] "POST /wp-admin/admin-ajax.php HTTP/1.1" 200 47 "https://www.maimounz.formagloba.fr/wp-admin/plugins.php?plugin_status=auto-update-disabled" "Mozilla/5.0 (Windows NT 10.0; Win64; x64) AppleWebKit/537.36 (KHTML, like Gecko) Chrome/148.0.0.0 Safari/537.36"
109.234.164.184 - - [07/Jun/2026:08:58:43 +0200] "POST /wp-cron.php?doing_wp_cron=1780815523.6458699703216552734375 HTTP/1.1" 200 - "-" "WordPress/7.0; https://www.maimounz.formagloba.fr"
185.193.50.150 - - [07/Jun/2026:08:58:43 +0200] "POST /wp-admin/admin-ajax.php HTTP/1.1" 200 47 "https://www.maimounz.formagloba.fr/wp-admin/plugins.php?plugin_status=auto-update-disabled" "Mozilla/5.0 (Windows NT 10.0; Win64; x64) AppleWebKit/537.36 (KHTML, like Gecko) Chrome/148.0.0.0 Safari/537.36"
109.234.164.184 - - [07/Jun/2026:08:58:44 +0200] "POST /wp-admin/admin-ajax.php?action=async_litespeed&nonce=9h55awDvFiqt2Tf0DKflQP0iW4YihAmT&litespeed_type=imgoptm HTTP/1.1" 200 1 "-" "WordPress/7.0; https://www.maimounz.formagloba.fr"
109.234.164.184 - - [07/Jun/2026:08:59:03 +0200] "POST /wp-cron.php?doing_wp_cron=1780815543.8119299411773681640625 HTTP/1.1" 200 - "-" "WordPress/7.0; https://www.maimounz.formagloba.fr"
185.193.50.150 - - [07/Jun/2026:08:59:02 +0200] "GET / HTTP/1.1" 200 274610 "-" "Mozilla/5.0 (Windows NT 10.0; Win64; x64) Chrome/121.0.0.0"
185.193.50.150 - - [07/Jun/2026:08:59:07 +0200] "GET /wp-json/wp/v2/users HTTP/1.1" 200 1916 "-" "Mozilla/5.0 (Windows NT 10.0; Win64; x64) AppleWebKit/537.36 Chrome/120.0.0.0"
185.193.50.150 - - [07/Jun/2026:08:59:08 +0200] "GET /?author=1 HTTP/1.1" 301 - "-" "Mozilla/5.0 (Windows NT 10.0; Win64; x64) AppleWebKit/537.36 Chrome/120.0.0.0"
185.193.50.150 - - [07/Jun/2026:08:59:08 +0200] "GET /author/admin/ HTTP/1.1" 200 229278 "-" "Mozilla/5.0 (Windows NT 10.0; Win64; x64) AppleWebKit/537.36 Chrome/120.0.0.0"
185.193.50.150 - - [07/Jun/2026:08:59:10 +0200] "GET /?author=2 HTTP/1.1" 404 224452 "-" "Mozilla/5.0 (Windows NT 10.0; Win64; x64) AppleWebKit/537.36 Chrome/120.0.0.0"
185.193.50.150 - - [07/Jun/2026:08:59:11 +0200] "GET /?author=3 HTTP/1.1" 404 224452 "-" "Mozilla/5.0 (Windows NT 10.0; Win64; x64) AppleWebKit/537.36 Chrome/120.0.0.0"
185.193.50.150 - - [07/Jun/2026:08:59:12 +0200] "GET /?author=4 HTTP/1.1" 404 224452 "-" "Mozilla/5.0 (Windows NT 10.0; Win64; x64) AppleWebKit/537.36 Chrome/120.0.0.0"
185.193.50.150 - - [07/Jun/2026:08:59:13 +0200] "GET /?author=5 HTTP/1.1" 200 221602 "-" "Mozilla/5.0 (Windows NT 10.0; Win64; x64) AppleWebKit/537.36 Chrome/120.0.0.0"
185.193.50.150 - - [07/Jun/2026:08:59:15 +0200] "GET /?author=6 HTTP/1.1" 404 224452 "-" "Mozilla/5.0 (Windows NT 10.0; Win64; x64) AppleWebKit/537.36 Chrome/120.0.0.0"
185.193.50.150 - - [07/Jun/2026:08:59:16 +0200] "GET /?author=7 HTTP/1.1" 404 224452 "-" "Mozilla/5.0 (Windows NT 10.0; Win64; x64) AppleWebKit/537.36 Chrome/120.0.0.0"
109.234.164.184 - - [07/Jun/2026:08:59:18 +0200] "POST /wp-cron.php?doing_wp_cron=1780815558.2636148929595947265625 HTTP/1.1" 200 - "-" "WordPress/7.0; https://www.maimounz.formagloba.fr"
185.193.50.150 - - [07/Jun/2026:08:59:17 +0200] "GET /?author=8 HTTP/1.1" 200 221638 "-" "Mozilla/5.0 (Windows NT 10.0; Win64; x64) AppleWebKit/537.36 Chrome/120.0.0.0"
109.234.164.184 - - [07/Jun/2026:08:59:18 +0200] "POST /wp-admin/admin-ajax.php?action=async_litespeed&nonce=yRQyLaWsgTXTmvJNZtzb22UNh7T9vnVz&litespeed_type=imgoptm HTTP/1.1" 200 1 "-" "WordPress/7.0; https://www.maimounz.formagloba.fr"
185.193.50.150 - - [07/Jun/2026:08:59:18 +0200] "GET /?author=9 HTTP/1.1" 404 224452 "-" "Mozilla/5.0 (Windows NT 10.0; Win64; x64) AppleWebKit/537.36 Chrome/120.0.0.0"
185.193.50.150 - - [07/Jun/2026:08:59:19 +0200] "GET /?author=10 HTTP/1.1" 404 224454 "-" "Mozilla/5.0 (Windows NT 10.0; Win64; x64) AppleWebKit/537.36 Chrome/120.0.0.0"
185.193.50.150 - - [07/Jun/2026:08:59:21 +0200] "GET /?author=11 HTTP/1.1" 404 224454 "-" "Mozilla/5.0 (Windows NT 10.0; Win64; x64) AppleWebKit/537.36 Chrome/120.0.0.0"
185.193.50.150 - - [07/Jun/2026:08:59:22 +0200] "GET /?author=12 HTTP/1.1" 404 224454 "-" "Mozilla/5.0 (Windows NT 10.0; Win64; x64) AppleWebKit/537.36 Chrome/120.0.0.0"
185.193.50.150 - - [07/Jun/2026:08:59:23 +0200] "GET /?author=13 HTTP/1.1" 404 224454 "-" "Mozilla/5.0 (Windows NT 10.0; Win64; x64) AppleWebKit/537.36 Chrome/120.0.0.0"
185.193.50.150 - - [07/Jun/2026:08:59:24 +0200] "GET /?author=14 HTTP/1.1" 404 224454 "-" "Mozilla/5.0 (Windows NT 10.0; Win64; x64) AppleWebKit/537.36 Chrome/120.0.0.0"
185.193.50.150 - - [07/Jun/2026:08:59:25 +0200] "GET /?author=15 HTTP/1.1" 200 221680 "-" "Mozilla/5.0 (Windows NT 10.0; Win64; x64) AppleWebKit/537.36 Chrome/120.0.0.0"
185.193.50.150 - - [07/Jun/2026:08:59:26 +0200] "GET /?author=16 HTTP/1.1" 404 224454 "-" "Mozilla/5.0 (Windows NT 10.0; Win64; x64) AppleWebKit/537.36 Chrome/120.0.0.0"
185.193.50.150 - - [07/Jun/2026:08:59:28 +0200] "GET /?author=17 HTTP/1.1" 404 224474 "-" "Mozilla/5.0 (Windows NT 10.0; Win64; x64) AppleWebKit/537.36 Chrome/120.0.0.0"
185.193.50.150 - - [07/Jun/2026:08:59:29 +0200] "GET /?author=18 HTTP/1.1" 404 224454 "-" "Mozilla/5.0 (Windows NT 10.0; Win64; x64) AppleWebKit/537.36 Chrome/120.0.0.0"
185.193.50.150 - - [07/Jun/2026:08:59:30 +0200] "GET /?author=19 HTTP/1.1" 404 224454 "-" "Mozilla/5.0 (Windows NT 10.0; Win64; x64) AppleWebKit/537.36 Chrome/120.0.0.0"
185.193.50.150 - - [07/Jun/2026:08:59:31 +0200] "GET /?author=20 HTTP/1.1" 404 224454 "-" "Mozilla/5.0 (Windows NT 10.0; Win64; x64) AppleWebKit/537.36 Chrome/120.0.0.0"
185.193.50.150 - - [07/Jun/2026:08:59:35 +0200] "GET /feed/ HTTP/1.1" 200 1791 "-" "Mozilla/5.0 (Windows NT 10.0; Win64; x64) AppleWebKit/537.36 Chrome/120.0.0.0"
185.193.50.150 - - [07/Jun/2026:08:59:36 +0200] "GET /wp-sitemap-users-1.xml HTTP/1.1" 404 224521 "-" "Mozilla/5.0 (Windows NT 10.0; Win64; x64) AppleWebKit/537.36 Chrome/120.0.0.0"
185.193.50.150 - - [07/Jun/2026:08:59:37 +0200] "GET /wp-json/wp/v2/comments HTTP/1.1" 200 1337 "-" "Mozilla/5.0 (Windows NT 10.0; Win64; x64) AppleWebKit/537.36 Chrome/120.0.0.0"
109.234.164.184 - - [07/Jun/2026:09:00:44 +0200] "POST /wp-cron.php?doing_wp_cron=1780815644.8285319805145263671875 HTTP/1.1" 200 - "-" "WordPress/7.0; https://www.maimounz.formagloba.fr"
185.193.50.150 - - [07/Jun/2026:09:00:44 +0200] "POST /wp-admin/admin-ajax.php HTTP/1.1" 200 47 "https://www.maimounz.formagloba.fr/wp-admin/plugins.php?plugin_status=auto-update-disabled" "Mozilla/5.0 (Windows NT 10.0; Win64; x64) AppleWebKit/537.36 (KHTML, like Gecko) Chrome/148.0.0.0 Safari/537.36"
109.234.164.184 - - [07/Jun/2026:09:00:45 +0200] "POST /wp-admin/admin-ajax.php?action=async_litespeed&nonce=QX1Us9KHlbbAaNfmLEGnPDMMZ1K5D3qf&litespeed_type=imgoptm HTTP/1.1" 200 1 "-" "WordPress/7.0; https://www.maimounz.formagloba.fr"
109.234.164.184 - - [07/Jun/2026:09:00:56 +0200] "POST /wp-cron.php?doing_wp_cron=1780815656.9335169792175292968750 HTTP/1.1" 200 - "-" "WordPress/7.0; https://www.maimounz.formagloba.fr"
185.193.50.150 - - [07/Jun/2026:09:00:55 +0200] "GET /wp-admin/users.php HTTP/1.1" 200 360024 "https://www.maimounz.formagloba.fr/wp-admin/plugins.php?plugin_status=auto-update-disabled" "Mozilla/5.0 (Windows NT 10.0; Win64; x64) AppleWebKit/537.36 (KHTML, like Gecko) Chrome/148.0.0.0 Safari/537.36"
185.193.50.150 - - [07/Jun/2026:09:00:57 +0200] "GET /wp-content/plugins/codepress-admin-columns/assets/css/notice.css?ver=1734284912 HTTP/1.1" 200 377 "https://www.maimounz.formagloba.fr/wp-admin/users.php" "Mozilla/5.0 (Windows NT 10.0; Win64; x64) AppleWebKit/537.36 (KHTML, like Gecko) Chrome/148.0.0.0 Safari/537.36"
185.193.50.150 - - [07/Jun/2026:09:00:57 +0200] "GET /wp-content/plugins/codepress-admin-columns/assets/css/table.css?ver=1734284912 HTTP/1.1" 200 51758 "https://www.maimounz.formagloba.fr/wp-admin/users.php" "Mozilla/5.0 (Windows NT 10.0; Win64; x64) AppleWebKit/537.36 (KHTML, like Gecko) Chrome/148.0.0.0 Safari/537.36"
185.193.50.150 - - [07/Jun/2026:09:00:57 +0200] "GET /wp-content/plugins/codepress-admin-columns/assets/js/notice-dismissible.js?ver=1734284912 HTTP/1.1" 200 730 "https://www.maimounz.formagloba.fr/wp-admin/users.php" "Mozilla/5.0 (Windows NT 10.0; Win64; x64) AppleWebKit/537.36 (KHTML, like Gecko) Chrome/148.0.0.0 Safari/537.36"
185.193.50.150 - - [07/Jun/2026:09:00:57 +0200] "GET /wp-content/plugins/codepress-admin-columns/assets/js/global-translations.js?ver=1734284912 HTTP/1.1" 200 - "https://www.maimounz.formagloba.fr/wp-admin/users.php" "Mozilla/5.0 (Windows NT 10.0; Win64; x64) AppleWebKit/537.36 (KHTML, like Gecko) Chrome/148.0.0.0 Safari/537.36"
