216.73.216.102 - - [07/Jun/2026:13:53:18 +0200] "GET /produit/coffret-patisserie/ HTTP/1.1" 200 301307 "https://www.maimounz.formagloba.fr/produit/coffret-patisserie/%7B" "Mozilla/5.0 AppleWebKit/537.36 (KHTML, like Gecko; compatible; ClaudeBot/1.0; +claudebot@anthropic.com)"
216.73.216.102 - - [07/Jun/2026:13:53:45 +0200] "GET /wp-content/uploads/2024/12/picto_obligatoire_afnor-480x270.jpg HTTP/1.1" 200 30337 "-" "Mozilla/5.0 AppleWebKit/537.36 (KHTML, like Gecko; compatible; ClaudeBot/1.0; +claudebot@anthropic.com)"
109.234.164.184 - - [07/Jun/2026:13:53:46 +0200] "POST /wp-cron.php?doing_wp_cron=1780833226.1057031154632568359375 HTTP/1.1" 200 - "-" "WordPress/7.0; https://www.maimounz.formagloba.fr"
216.73.216.102 - - [07/Jun/2026:13:53:45 +0200] "GET /produit/coffret-patisserie/feed/ HTTP/1.1" 200 806 "-" "Mozilla/5.0 AppleWebKit/537.36 (KHTML, like Gecko; compatible; ClaudeBot/1.0; +claudebot@anthropic.com)"
216.73.216.102 - - [07/Jun/2026:13:53:53 +0200] "GET /wp-content/plugins/woocommerce/assets/js/photoswipe/photoswipe-ui-default.min.js HTTP/1.1" 200 9749 "-" "Mozilla/5.0 AppleWebKit/537.36 (KHTML, like Gecko; compatible; ClaudeBot/1.0; +claudebot@anthropic.com)"
216.73.216.102 - - [07/Jun/2026:13:53:54 +0200] "GET /produit/plateau-mandina/%7B HTTP/1.1" 301 - "-" "Mozilla/5.0 AppleWebKit/537.36 (KHTML, like Gecko; compatible; ClaudeBot/1.0; +claudebot@anthropic.com)"
109.234.164.184 - - [07/Jun/2026:13:53:55 +0200] "POST /wp-cron.php?doing_wp_cron=1780833235.4751770496368408203125 HTTP/1.1" 200 - "-" "WordPress/7.0; https://www.maimounz.formagloba.fr"
216.73.216.102 - - [07/Jun/2026:13:53:54 +0200] "GET /produit/plateau-mandina/ HTTP/1.1" 200 267112 "https://www.maimounz.formagloba.fr/produit/plateau-mandina/%7B" "Mozilla/5.0 AppleWebKit/537.36 (KHTML, like Gecko; compatible; ClaudeBot/1.0; +claudebot@anthropic.com)"
216.73.216.102 - - [07/Jun/2026:13:54:38 +0200] "GET /wp-includes/js/comment-reply.min.js HTTP/1.1" 200 3026 "-" "Mozilla/5.0 AppleWebKit/537.36 (KHTML, like Gecko; compatible; ClaudeBot/1.0; +claudebot@anthropic.com)"
216.73.216.102 - - [07/Jun/2026:13:55:02 +0200] "GET /wp-content/themes/bricks/assets/css/frontend/content-default.min.css HTTP/1.1" 200 2184 "-" "Mozilla/5.0 AppleWebKit/537.36 (KHTML, like Gecko; compatible; ClaudeBot/1.0; +claudebot@anthropic.com)"
109.234.164.184 - - [07/Jun/2026:13:55:08 +0200] "POST /wp-cron.php?doing_wp_cron=1780833308.2272400856018066406250 HTTP/1.1" 200 - "-" "WordPress/7.0; https://www.maimounz.formagloba.fr"
216.73.216.102 - - [07/Jun/2026:13:55:07 +0200] "GET /hello-world/feed/ HTTP/1.1" 200 1677 "-" "Mozilla/5.0 AppleWebKit/537.36 (KHTML, like Gecko; compatible; ClaudeBot/1.0; +claudebot@anthropic.com)"
109.234.164.184 - - [07/Jun/2026:13:55:08 +0200] "POST /wp-admin/admin-ajax.php?action=async_litespeed&nonce=4UZG7SSQMtCQhladETrfgUlCIZaws5Ls&litespeed_type=imgoptm HTTP/1.1" 200 1 "-" "WordPress/7.0; https://www.maimounz.formagloba.fr"
109.234.164.184 - - [07/Jun/2026:13:55:33 +0200] "POST /wp-cron.php?doing_wp_cron=1780833333.9308149814605712890625 HTTP/1.1" 200 - "-" "WordPress/7.0; https://www.maimounz.formagloba.fr"
216.73.216.102 - - [07/Jun/2026:13:55:33 +0200] "GET /produit/plateau-nubes/feed/ HTTP/1.1" 200 790 "-" "Mozilla/5.0 AppleWebKit/537.36 (KHTML, like Gecko; compatible; ClaudeBot/1.0; +claudebot@anthropic.com)"
109.234.164.184 - - [07/Jun/2026:13:55:34 +0200] "POST /wp-admin/admin-ajax.php?action=async_litespeed&nonce=SQGQMU81Z0ZX0ddOeR6Vl2Lvol0IQQiX&litespeed_type=imgoptm HTTP/1.1" 200 1 "-" "WordPress/7.0; https://www.maimounz.formagloba.fr"
109.234.164.184 - - [07/Jun/2026:13:56:13 +0200] "POST /wp-cron.php?doing_wp_cron=1780833373.3456220626831054687500 HTTP/1.1" 200 - "-" "WordPress/7.0; https://www.maimounz.formagloba.fr"
216.73.216.102 - - [07/Jun/2026:13:56:12 +0200] "GET /produit/plateau-horga/feed/ HTTP/1.1" 200 790 "-" "Mozilla/5.0 AppleWebKit/537.36 (KHTML, like Gecko; compatible; ClaudeBot/1.0; +claudebot@anthropic.com)"
109.234.164.184 - - [07/Jun/2026:13:56:41 +0200] "POST /wp-cron.php?doing_wp_cron=1780833401.9405710697174072265625 HTTP/1.1" 200 - "-" "WordPress/7.0; https://www.maimounz.formagloba.fr"
216.73.216.102 - - [07/Jun/2026:13:56:41 +0200] "GET /produit/plateau-nubes/%7B HTTP/1.1" 301 - "-" "Mozilla/5.0 AppleWebKit/537.36 (KHTML, like Gecko; compatible; ClaudeBot/1.0; +claudebot@anthropic.com)"
216.73.216.102 - - [07/Jun/2026:13:56:42 +0200] "GET /produit/plateau-nubes/ HTTP/1.1" 200 267025 "https://www.maimounz.formagloba.fr/produit/plateau-nubes/%7B" "Mozilla/5.0 AppleWebKit/537.36 (KHTML, like Gecko; compatible; ClaudeBot/1.0; +claudebot@anthropic.com)"
109.234.164.184 - - [07/Jun/2026:13:56:42 +0200] "POST /wp-admin/admin-ajax.php?action=async_litespeed&nonce=uvh4o7siL5cvfZQKBWkzt1FE3d4L24zk&litespeed_type=imgoptm HTTP/1.1" 200 1 "-" "WordPress/7.0; https://www.maimounz.formagloba.fr"
216.73.216.102 - - [07/Jun/2026:13:56:47 +0200] "GET /produit/fondant-parfume/feed/ HTTP/1.1" 200 819 "-" "Mozilla/5.0 AppleWebKit/537.36 (KHTML, like Gecko; compatible; ClaudeBot/1.0; +claudebot@anthropic.com)"
109.234.164.184 - - [07/Jun/2026:13:57:12 +0200] "POST /wp-cron.php?doing_wp_cron=1780833432.1002249717712402343750 HTTP/1.1" 200 - "-" "WordPress/7.0; https://www.maimounz.formagloba.fr"
216.73.216.102 - - [07/Jun/2026:13:57:11 +0200] "GET /produit/bougie-bar/feed/ HTTP/1.1" 200 781 "-" "Mozilla/5.0 AppleWebKit/537.36 (KHTML, like Gecko; compatible; ClaudeBot/1.0; +claudebot@anthropic.com)"
216.73.216.102 - - [07/Jun/2026:13:57:14 +0200] "GET /produit/plateau-horga/%7B HTTP/1.1" 301 - "-" "Mozilla/5.0 AppleWebKit/537.36 (KHTML, like Gecko; compatible; ClaudeBot/1.0; +claudebot@anthropic.com)"
216.73.216.102 - - [07/Jun/2026:13:57:14 +0200] "GET /produit/plateau-horga/ HTTP/1.1" 200 267531 "https://www.maimounz.formagloba.fr/produit/plateau-horga/%7B" "Mozilla/5.0 AppleWebKit/537.36 (KHTML, like Gecko; compatible; ClaudeBot/1.0; +claudebot@anthropic.com)"
109.234.164.184 - - [07/Jun/2026:13:58:26 +0200] "POST /wp-cron.php?doing_wp_cron=1780833506.7076048851013183593750 HTTP/1.1" 200 - "-" "WordPress/7.0; https://www.maimounz.formagloba.fr"
216.73.216.102 - - [07/Jun/2026:13:58:26 +0200] "GET /produit/fondant-parfume/%7B HTTP/1.1" 301 - "-" "Mozilla/5.0 AppleWebKit/537.36 (KHTML, like Gecko; compatible; ClaudeBot/1.0; +claudebot@anthropic.com)"
109.234.164.184 - - [07/Jun/2026:13:58:27 +0200] "POST /wp-admin/admin-ajax.php?action=async_litespeed&nonce=kmJrIzG51rVBTEaKpk9apdHVhkVf9ROA&litespeed_type=imgoptm HTTP/1.1" 200 1 "-" "WordPress/7.0; https://www.maimounz.formagloba.fr"
216.73.216.102 - - [07/Jun/2026:13:58:26 +0200] "GET /produit/fondant-parfume/ HTTP/1.1" 200 291326 "https://www.maimounz.formagloba.fr/produit/fondant-parfume/%7B" "Mozilla/5.0 AppleWebKit/537.36 (KHTML, like Gecko; compatible; ClaudeBot/1.0; +claudebot@anthropic.com)"
109.234.164.184 - - [07/Jun/2026:13:58:46 +0200] "POST /wp-cron.php?doing_wp_cron=1780833526.8987560272216796875000 HTTP/1.1" 200 - "-" "WordPress/7.0; https://www.maimounz.formagloba.fr"
216.73.216.102 - - [07/Jun/2026:13:58:46 +0200] "GET /produit/vide-poche-pyla/feed/ HTTP/1.1" 200 796 "-" "Mozilla/5.0 AppleWebKit/537.36 (KHTML, like Gecko; compatible; ClaudeBot/1.0; +claudebot@anthropic.com)"
109.234.164.184 - - [07/Jun/2026:13:59:24 +0200] "POST /wp-cron.php?doing_wp_cron=1780833564.9217131137847900390625 HTTP/1.1" 200 - "-" "WordPress/7.0; https://www.maimounz.formagloba.fr"
216.73.216.102 - - [07/Jun/2026:13:59:24 +0200] "GET /produit/plateau-a-oeuf/feed/ HTTP/1.1" 200 794 "-" "Mozilla/5.0 AppleWebKit/537.36 (KHTML, like Gecko; compatible; ClaudeBot/1.0; +claudebot@anthropic.com)"
109.234.164.184 - - [07/Jun/2026:13:59:25 +0200] "POST /wp-admin/admin-ajax.php?action=async_litespeed&nonce=h0TBvuNlLoHZ84cQjfus5b8y0Ca8cJy1&litespeed_type=imgoptm HTTP/1.1" 200 1 "-" "WordPress/7.0; https://www.maimounz.formagloba.fr"
216.73.216.102 - - [07/Jun/2026:13:59:29 +0200] "GET /produit/bougie-bar/%7B HTTP/1.1" 301 - "-" "Mozilla/5.0 AppleWebKit/537.36 (KHTML, like Gecko; compatible; ClaudeBot/1.0; +claudebot@anthropic.com)"
216.73.216.102 - - [07/Jun/2026:13:59:30 +0200] "GET /produit/bougie-bar/ HTTP/1.1" 200 277182 "https://www.maimounz.formagloba.fr/produit/bougie-bar/%7B" "Mozilla/5.0 AppleWebKit/537.36 (KHTML, like Gecko; compatible; ClaudeBot/1.0; +claudebot@anthropic.com)"
216.73.216.102 - - [07/Jun/2026:13:59:37 +0200] "GET /produit/brule-parfum-minymal/feed/ HTTP/1.1" 200 812 "-" "Mozilla/5.0 AppleWebKit/537.36 (KHTML, like Gecko; compatible; ClaudeBot/1.0; +claudebot@anthropic.com)"
216.73.216.102 - - [07/Jun/2026:13:59:50 +0200] "GET /produit/vide-poche-pyla/%7B HTTP/1.1" 301 - "-" "Mozilla/5.0 AppleWebKit/537.36 (KHTML, like Gecko; compatible; ClaudeBot/1.0; +claudebot@anthropic.com)"
216.73.216.102 - - [07/Jun/2026:13:59:51 +0200] "GET /produit/vide-poche-pyla/ HTTP/1.1" 200 267120 "https://www.maimounz.formagloba.fr/produit/vide-poche-pyla/%7B" "Mozilla/5.0 AppleWebKit/537.36 (KHTML, like Gecko; compatible; ClaudeBot/1.0; +claudebot@anthropic.com)"
109.234.164.184 - - [07/Jun/2026:13:59:59 +0200] "POST /wp-cron.php?doing_wp_cron=1780833599.4459810256958007812500 HTTP/1.1" 200 - "-" "WordPress/7.0; https://www.maimounz.formagloba.fr"
216.73.216.102 - - [07/Jun/2026:13:59:59 +0200] "GET /produit/brule-parfum-minymal/%7B HTTP/1.1" 301 - "-" "Mozilla/5.0 AppleWebKit/537.36 (KHTML, like Gecko; compatible; ClaudeBot/1.0; +claudebot@anthropic.com)"
216.73.216.102 - - [07/Jun/2026:13:59:59 +0200] "GET /produit/brule-parfum-minymal/ HTTP/1.1" 200 270954 "https://www.maimounz.formagloba.fr/produit/brule-parfum-minymal/%7B" "Mozilla/5.0 AppleWebKit/537.36 (KHTML, like Gecko; compatible; ClaudeBot/1.0; +claudebot@anthropic.com)"
109.234.164.184 - - [07/Jun/2026:14:01:08 +0200] "POST /wp-cron.php?doing_wp_cron=1780833668.4461250305175781250000 HTTP/1.1" 200 - "-" "WordPress/7.0; https://www.maimounz.formagloba.fr"
216.73.216.102 - - [07/Jun/2026:14:01:08 +0200] "GET /produit/plateau-a-oeuf/%7B HTTP/1.1" 301 - "-" "Mozilla/5.0 AppleWebKit/537.36 (KHTML, like Gecko; compatible; ClaudeBot/1.0; +claudebot@anthropic.com)"
109.234.164.184 - - [07/Jun/2026:14:01:08 +0200] "POST /wp-admin/admin-ajax.php?action=async_litespeed&nonce=IKFnxcvFpBg1ObqJ5aFDjnP8f6OaRPBx&litespeed_type=imgoptm HTTP/1.1" 200 1 "-" "WordPress/7.0; https://www.maimounz.formagloba.fr"
216.73.216.102 - - [07/Jun/2026:14:01:08 +0200] "GET /produit/plateau-a-oeuf/ HTTP/1.1" 200 268805 "https://www.maimounz.formagloba.fr/produit/plateau-a-oeuf/%7B" "Mozilla/5.0 AppleWebKit/537.36 (KHTML, like Gecko; compatible; ClaudeBot/1.0; +claudebot@anthropic.com)"
216.73.216.102 - - [07/Jun/2026:14:01:16 +0200] "GET /produit/bougie-signature/feed/ HTTP/1.1" 200 799 "-" "Mozilla/5.0 AppleWebKit/537.36 (KHTML, like Gecko; compatible; ClaudeBot/1.0; +claudebot@anthropic.com)"
109.234.164.184 - - [07/Jun/2026:14:01:36 +0200] "POST /wp-cron.php?doing_wp_cron=1780833696.1745030879974365234375 HTTP/1.1" 200 - "-" "WordPress/7.0; https://www.maimounz.formagloba.fr"
216.73.216.102 - - [07/Jun/2026:14:01:35 +0200] "GET /produit/bougie-signature/%7B HTTP/1.1" 301 - "-" "Mozilla/5.0 AppleWebKit/537.36 (KHTML, like Gecko; compatible; ClaudeBot/1.0; +claudebot@anthropic.com)"
109.234.164.184 - - [07/Jun/2026:14:01:36 +0200] "POST /wp-admin/admin-ajax.php?action=async_litespeed&nonce=8qTPVJfufO1P7WN65dtUdFS65ZhMJGtU&litespeed_type=imgoptm HTTP/1.1" 200 1 "-" "WordPress/7.0; https://www.maimounz.formagloba.fr"
216.73.216.102 - - [07/Jun/2026:14:01:36 +0200] "GET /produit/bougie-signature/ HTTP/1.1" 200 268848 "https://www.maimounz.formagloba.fr/produit/bougie-signature/%7B" "Mozilla/5.0 AppleWebKit/537.36 (KHTML, like Gecko; compatible; ClaudeBot/1.0; +claudebot@anthropic.com)"
216.73.216.102 - - [07/Jun/2026:14:01:48 +0200] "GET /produit/bougie-mug-patisserie/%7B HTTP/1.1" 301 - "-" "Mozilla/5.0 AppleWebKit/537.36 (KHTML, like Gecko; compatible; ClaudeBot/1.0; +claudebot@anthropic.com)"
216.73.216.102 - - [07/Jun/2026:14:01:49 +0200] "GET /produit/bougie-mug-patisserie/ HTTP/1.1" 200 280302 "https://www.maimounz.formagloba.fr/produit/bougie-mug-patisserie/%7B" "Mozilla/5.0 AppleWebKit/537.36 (KHTML, like Gecko; compatible; ClaudeBot/1.0; +claudebot@anthropic.com)"
109.234.164.184 - - [07/Jun/2026:14:01:55 +0200] "POST /wp-cron.php?doing_wp_cron=1780833715.1158239841461181640625 HTTP/1.1" 200 - "-" "WordPress/7.0; https://www.maimounz.formagloba.fr"
216.73.216.102 - - [07/Jun/2026:14:01:54 +0200] "GET /produit/bougie-mug-patisserie/feed/ HTTP/1.1" 200 814 "-" "Mozilla/5.0 AppleWebKit/537.36 (KHTML, like Gecko; compatible; ClaudeBot/1.0; +claudebot@anthropic.com)"
109.234.164.184 - - [07/Jun/2026:14:02:25 +0200] "POST /wp-cron.php?doing_wp_cron=1780833745.3366498947143554687500 HTTP/1.1" 200 - "-" "WordPress/7.0; https://www.maimounz.formagloba.fr"
216.73.216.102 - - [07/Jun/2026:14:02:24 +0200] "GET /produit/bougie-promenons-nous-au-pyla/%7B HTTP/1.1" 301 - "-" "Mozilla/5.0 AppleWebKit/537.36 (KHTML, like Gecko; compatible; ClaudeBot/1.0; +claudebot@anthropic.com)"
109.234.164.184 - - [07/Jun/2026:14:02:25 +0200] "POST /wp-admin/admin-ajax.php?action=async_litespeed&nonce=4Omj4Fd5O5Zy8I9kxndrLY3uzIi0fh2O&litespeed_type=imgoptm HTTP/1.1" 200 1 "-" "WordPress/7.0; https://www.maimounz.formagloba.fr"
216.73.216.102 - - [07/Jun/2026:14:02:25 +0200] "GET /produit/bougie-promenons-nous-au-pyla/ HTTP/1.1" 200 267713 "https://www.maimounz.formagloba.fr/produit/bougie-promenons-nous-au-pyla/%7B" "Mozilla/5.0 AppleWebKit/537.36 (KHTML, like Gecko; compatible; ClaudeBot/1.0; +claudebot@anthropic.com)"
109.234.164.184 - - [07/Jun/2026:14:03:15 +0200] "POST /wp-cron.php?doing_wp_cron=1780833795.5616068840026855468750 HTTP/1.1" 200 - "-" "WordPress/7.0; https://www.maimounz.formagloba.fr"
216.73.216.102 - - [07/Jun/2026:14:03:15 +0200] "GET /produit/bougie-promenons-nous-au-pyla/feed/ HTTP/1.1" 200 838 "-" "Mozilla/5.0 AppleWebKit/537.36 (KHTML, like Gecko; compatible; ClaudeBot/1.0; +claudebot@anthropic.com)"
109.234.164.184 - - [07/Jun/2026:14:03:47 +0200] "POST /wp-cron.php?doing_wp_cron=1780833827.6371479034423828125000 HTTP/1.1" 200 - "-" "WordPress/7.0; https://www.maimounz.formagloba.fr"
216.73.216.102 - - [07/Jun/2026:14:03:47 +0200] "GET /sitemap.xml HTTP/1.1" 200 3418 "-" "Mozilla/5.0 AppleWebKit/537.36 (KHTML, like Gecko; compatible; ClaudeBot/1.0; +claudebot@anthropic.com)"
109.234.164.184 - - [07/Jun/2026:14:03:48 +0200] "POST /wp-admin/admin-ajax.php?action=async_litespeed&nonce=fxOECCdPdrYlsaSleJLjCcJBPKvVecQ0&litespeed_type=imgoptm HTTP/1.1" 200 1 "-" "WordPress/7.0; https://www.maimounz.formagloba.fr"
109.234.164.184 - - [07/Jun/2026:14:53:27 +0200] "POST /wp-cron.php?doing_wp_cron=1780836807.8814530372619628906250 HTTP/1.1" 200 - "-" "WordPress/7.0; https://www.maimounz.formagloba.fr"
216.73.216.102 - - [07/Jun/2026:14:53:27 +0200] "GET /robots.txt HTTP/1.1" 200 124 "-" "Mozilla/5.0 AppleWebKit/537.36 (KHTML, like Gecko; compatible; ClaudeBot/1.0; +claudebot@anthropic.com)"
216.73.216.102 - - [07/Jun/2026:14:53:28 +0200] "GET /sitemap.xml HTTP/1.1" 200 3418 "-" "Mozilla/5.0 AppleWebKit/537.36 (KHTML, like Gecko; compatible; ClaudeBot/1.0; +claudebot@anthropic.com)"
109.234.164.184 - - [07/Jun/2026:14:53:28 +0200] "POST /wp-admin/admin-ajax.php?action=async_litespeed&nonce=mSWtTfGR164JuWSpqMqKa6pzDUxSsaJ4&litespeed_type=imgoptm HTTP/1.1" 200 1 "-" "WordPress/7.0; https://www.maimounz.formagloba.fr"
216.73.216.102 - - [07/Jun/2026:15:09:20 +0200] "GET /wp-content/plugins/wp-grid-builder/public/js/polyfills.js HTTP/1.1" 200 20742 "-" "Mozilla/5.0 AppleWebKit/537.36 (KHTML, like Gecko; compatible; ClaudeBot/1.0; +claudebot@anthropic.com)"
109.234.164.184 - - [07/Jun/2026:15:10:19 +0200] "POST /wp-cron.php?doing_wp_cron=1780837819.6320641040802001953125 HTTP/1.1" 200 - "-" "WordPress/7.0; https://www.maimounz.formagloba.fr"
198.235.24.220 - - [07/Jun/2026:15:10:18 +0200] "GET /.well-known/security.txt HTTP/1.1" 404 224493 "-" "Hello from Palo Alto Networks, find out more about our scans in https://docs-cortex.paloaltonetworks.com/r/1/Cortex-Xpanse/Scanning-activity"
109.234.164.184 - - [07/Jun/2026:15:10:20 +0200] "POST /wp-admin/admin-ajax.php?action=async_litespeed&nonce=EAx1CpkxaaNeyM68S05Iaw2P4UCQGT8b&litespeed_type=imgoptm HTTP/1.1" 200 1 "-" "WordPress/7.0; https://www.maimounz.formagloba.fr"
216.73.216.102 - - [07/Jun/2026:15:12:42 +0200] "GET /wp-content/plugins/wp-grid-builder/public/css/facets.css HTTP/1.1" 200 36726 "-" "Mozilla/5.0 AppleWebKit/537.36 (KHTML, like Gecko; compatible; ClaudeBot/1.0; +claudebot@anthropic.com)"
216.73.216.102 - - [07/Jun/2026:15:13:06 +0200] "GET /wp-content/plugins/wp-grid-builder-bricks/assets/js/frontend.js HTTP/1.1" 200 12692 "-" "Mozilla/5.0 AppleWebKit/537.36 (KHTML, like Gecko; compatible; ClaudeBot/1.0; +claudebot@anthropic.com)"
216.73.216.102 - - [07/Jun/2026:15:14:40 +0200] "GET /wp-content/plugins/wp-grid-builder/public/js/facets.js HTTP/1.1" 200 50792 "-" "Mozilla/5.0 AppleWebKit/537.36 (KHTML, like Gecko; compatible; ClaudeBot/1.0; +claudebot@anthropic.com)"
109.234.164.184 - - [07/Jun/2026:15:15:23 +0200] "POST /wp-cron.php?doing_wp_cron=1780838123.8839190006256103515625 HTTP/1.1" 200 - "-" "WordPress/7.0; https://www.maimounz.formagloba.fr"
216.73.216.102 - - [07/Jun/2026:15:15:23 +0200] "GET /boutique/non-classe/feed/ HTTP/1.1" 200 4739 "-" "Mozilla/5.0 AppleWebKit/537.36 (KHTML, like Gecko; compatible; ClaudeBot/1.0; +claudebot@anthropic.com)"
109.234.164.184 - - [07/Jun/2026:15:15:24 +0200] "POST /wp-admin/admin-ajax.php?action=async_litespeed&nonce=dN4TNF6bPgujI5ivb08ykHqzQvSiEUiQ&litespeed_type=imgoptm HTTP/1.1" 200 1 "-" "WordPress/7.0; https://www.maimounz.formagloba.fr"
216.73.216.102 - - [07/Jun/2026:15:18:00 +0200] "GET /wp-content/uploads/wpgb/facets/styles.css HTTP/1.1" 200 215 "-" "Mozilla/5.0 AppleWebKit/537.36 (KHTML, like Gecko; compatible; ClaudeBot/1.0; +claudebot@anthropic.com)"
216.73.216.102 - - [07/Jun/2026:15:18:14 +0200] "GET /wp-content/uploads/woocommerce-placeholder-480x480.png HTTP/1.1" 200 25785 "-" "Mozilla/5.0 AppleWebKit/537.36 (KHTML, like Gecko; compatible; ClaudeBot/1.0; +claudebot@anthropic.com)"
109.234.164.184 - - [07/Jun/2026:15:23:45 +0200] "POST /wp-cron.php?doing_wp_cron=1780838625.2352170944213867187500 HTTP/1.1" 200 - "-" "WordPress/7.0; https://www.maimounz.formagloba.fr"
207.46.13.168 - - [07/Jun/2026:15:23:44 +0200] "GET /detail/32270516 HTTP/1.1" 404 219707 "-" "Mozilla/5.0 AppleWebKit/537.36 (KHTML, like Gecko; compatible; bingbot/2.0; +http://www.bing.com/bingbot.htm) Chrome/116.0.1938.76 Safari/537.36"
109.234.164.184 - - [07/Jun/2026:15:23:45 +0200] "POST /wp-admin/admin-ajax.php?action=async_litespeed&nonce=2ikRZTGHe2sFOij3ezBvOPWGEHsljItt&litespeed_type=imgoptm HTTP/1.1" 200 1 "-" "WordPress/7.0; https://www.maimounz.formagloba.fr"
109.234.164.184 - - [07/Jun/2026:17:09:51 +0200] "POST /wp-admin/admin-ajax.php?action=async_litespeed&nonce=IJtqh7aITZV6zSEqnOqORmjsgQxayXlG&litespeed_type=imgoptm HTTP/1.1" 200 1 "-" "WordPress/7.0; https://www.maimounz.formagloba.fr"
109.234.164.184 - - [07/Jun/2026:17:11:59 +0200] "POST /wp-admin/admin-ajax.php?action=async_litespeed&nonce=SfmCWLwz58jhUqH95Hukl4xNPZ7YurL2&litespeed_type=imgoptm HTTP/1.1" 200 1 "-" "WordPress/7.0; https://www.maimounz.formagloba.fr"
109.234.164.184 - - [07/Jun/2026:17:14:04 +0200] "POST /wp-admin/admin-ajax.php?action=async_litespeed&nonce=mIhW3x38cOOe33OWPsf6KzXgzP5Ba3U5&litespeed_type=imgoptm HTTP/1.1" 200 1 "-" "WordPress/7.0; https://www.maimounz.formagloba.fr"
109.234.164.184 - - [07/Jun/2026:17:16:11 +0200] "POST /wp-admin/admin-ajax.php?action=async_litespeed&nonce=skUYErLulgvD9eBZ9TciOBUQq76pQWIN&litespeed_type=imgoptm HTTP/1.1" 200 1 "-" "WordPress/7.0; https://www.maimounz.formagloba.fr"
109.234.164.184 - - [07/Jun/2026:17:16:37 +0200] "POST /wp-cron.php?doing_wp_cron=1780845397.3446919918060302734375 HTTP/1.1" 200 - "-" "WordPress/7.0; https://www.maimounz.formagloba.fr"
216.73.216.102 - - [07/Jun/2026:17:16:36 +0200] "GET /robots.txt HTTP/1.1" 200 124 "-" "Mozilla/5.0 AppleWebKit/537.36 (KHTML, like Gecko; compatible; ClaudeBot/1.0; +claudebot@anthropic.com)"
216.73.216.102 - - [07/Jun/2026:17:16:37 +0200] "GET /sitemap.xml HTTP/1.1" 200 3418 "-" "Mozilla/5.0 AppleWebKit/537.36 (KHTML, like Gecko; compatible; ClaudeBot/1.0; +claudebot@anthropic.com)"
109.234.164.184 - - [07/Jun/2026:17:16:37 +0200] "POST /wp-admin/admin-ajax.php?action=async_litespeed&nonce=JEMMyJVtM3LyIncPJdDwVw1lViTH4swM&litespeed_type=imgoptm HTTP/1.1" 200 1 "-" "WordPress/7.0; https://www.maimounz.formagloba.fr"
109.234.164.184 - - [07/Jun/2026:17:18:17 +0200] "POST /wp-admin/admin-ajax.php?action=async_litespeed&nonce=38VOLeIMc76PrKS6kI7cGJqNCH4bR7nI&litespeed_type=imgoptm HTTP/1.1" 200 1 "-" "WordPress/7.0; https://www.maimounz.formagloba.fr"
109.234.164.184 - - [07/Jun/2026:17:18:19 +0200] "POST /wp-admin/admin-ajax.php?action=async_litespeed&nonce=c1JVu4LJb3gqDITAoSdPOuPlYtjkQ8Rf&litespeed_type=imgoptm HTTP/1.1" 200 1 "-" "WordPress/7.0; https://www.maimounz.formagloba.fr"
109.234.164.184 - - [07/Jun/2026:17:30:54 +0200] "POST /wp-admin/admin-ajax.php?action=async_litespeed&nonce=9kzUi8wxf3fua93QCSbsntfHhEeEjnv8&litespeed_type=imgoptm HTTP/1.1" 200 1 "-" "WordPress/7.0; https://www.maimounz.formagloba.fr"
64.89.162.132 - - [07/Jun/2026:17:30:54 +0200] "GET / HTTP/1.1" 200 274612 "-" "Mozilla/5.0 (Windows NT 10.0; Win64; x64) AppleWebKit/537.36 (KHTML, like Gecko) Chrome/88.0.4240.193 Safari/537.36"
109.234.164.184 - - [07/Jun/2026:17:30:58 +0200] "POST /wp-cron.php?doing_wp_cron=1780846258.0030279159545898437500 HTTP/1.1" 200 - "-" "WordPress/7.0; https://www.maimounz.formagloba.fr"
64.89.162.132 - - [07/Jun/2026:17:30:57 +0200] "GET //wp-includes/wlwmanifest.xml HTTP/1.1" 301 - "-" "Mozilla/5.0 (Windows NT 10.0; Win64; x64) AppleWebKit/537.36 (KHTML, like Gecko) Chrome/88.0.4240.193 Safari/537.36"
64.89.162.132 - - [07/Jun/2026:17:30:58 +0200] "GET / HTTP/1.1" 200 274610 "-" "Mozilla/5.0 (Windows NT 10.0; Win64; x64) AppleWebKit/537.36 (KHTML, like Gecko) Chrome/88.0.4240.193 Safari/537.36"
64.89.162.132 - - [07/Jun/2026:17:31:12 +0200] "GET / HTTP/1.1" 200 274610 "-" "Mozilla/5.0 (Windows NT 10.0; Win64; x64) AppleWebKit/537.36 (KHTML, like Gecko) Chrome/88.0.4240.193 Safari/537.36"
64.89.162.132 - - [07/Jun/2026:17:31:16 +0200] "GET //wp-includes/wlwmanifest.xml HTTP/1.1" 301 - "-" "Mozilla/5.0 (Windows NT 10.0; Win64; x64) AppleWebKit/537.36 (KHTML, like Gecko) Chrome/88.0.4240.193 Safari/537.36"
64.89.162.132 - - [07/Jun/2026:17:31:16 +0200] "GET / HTTP/1.1" 200 274610 "-" "Mozilla/5.0 (Windows NT 10.0; Win64; x64) AppleWebKit/537.36 (KHTML, like Gecko) Chrome/88.0.4240.193 Safari/537.36"
109.234.164.184 - - [07/Jun/2026:17:34:27 +0200] "POST /wp-admin/admin-ajax.php?action=async_litespeed&nonce=C7Ts0xtWaoJlniyKSfQRhApWBGEVbnJp&litespeed_type=imgoptm HTTP/1.1" 200 1 "-" "WordPress/7.0; https://www.maimounz.formagloba.fr"
205.210.31.53 - - [07/Jun/2026:17:34:27 +0200] "GET / HTTP/1.1" 200 274610 "http://maimounz.formagloba.fr/" "Hello from Palo Alto Networks, find out more about our scans in https://docs-cortex.paloaltonetworks.com/r/1/Cortex-Xpanse/Scanning-activity"
109.234.164.184 - - [07/Jun/2026:18:29:15 +0200] "POST /wp-cron.php?doing_wp_cron=1780849755.2271370887756347656250 HTTP/1.1" 200 - "-" "WordPress/7.0; https://www.maimounz.formagloba.fr"
207.46.13.130 - - [07/Jun/2026:18:29:14 +0200] "GET /detail/451424416 HTTP/1.1" 404 219716 "-" "Mozilla/5.0 AppleWebKit/537.36 (KHTML, like Gecko; compatible; bingbot/2.0; +http://www.bing.com/bingbot.htm) Chrome/116.0.1938.76 Safari/537.36"
109.234.164.184 - - [07/Jun/2026:18:29:15 +0200] "POST /wp-admin/admin-ajax.php?action=async_litespeed&nonce=xX9RTtXzgiIh2FfWf12CALpL4rITunxF&litespeed_type=imgoptm HTTP/1.1" 200 1 "-" "WordPress/7.0; https://www.maimounz.formagloba.fr"
109.234.164.184 - - [07/Jun/2026:18:40:43 +0200] "POST /wp-admin/admin-ajax.php?action=async_litespeed&nonce=l4eLTyKgzC1hmmKpv7igEZ3PCt0FHdIy&litespeed_type=imgoptm HTTP/1.1" 200 1 "-" "WordPress/7.0; https://www.maimounz.formagloba.fr"
64.89.162.132 - - [07/Jun/2026:18:40:40 +0200] "GET / HTTP/1.1" 200 274610 "-" "Mozilla/5.0 (Windows NT 10.0; Win64; x64) AppleWebKit/537.36 (KHTML, like Gecko) Chrome/88.0.4240.193 Safari/537.36"
64.89.162.132 - - [07/Jun/2026:18:40:48 +0200] "GET //wp-includes/wlwmanifest.xml HTTP/1.1" 301 - "-" "Mozilla/5.0 (Windows NT 10.0; Win64; x64) AppleWebKit/537.36 (KHTML, like Gecko) Chrome/88.0.4240.193 Safari/537.36"
64.89.162.132 - - [07/Jun/2026:18:40:48 +0200] "GET / HTTP/1.1" 200 274610 "-" "Mozilla/5.0 (Windows NT 10.0; Win64; x64) AppleWebKit/537.36 (KHTML, like Gecko) Chrome/88.0.4240.193 Safari/537.36"
64.89.162.132 - - [07/Jun/2026:18:40:52 +0200] "GET / HTTP/1.1" 200 274610 "-" "Mozilla/5.0 (Windows NT 10.0; Win64; x64) AppleWebKit/537.36 (KHTML, like Gecko) Chrome/88.0.4240.193 Safari/537.36"
109.234.164.184 - - [07/Jun/2026:19:20:26 +0200] "POST /wp-cron.php?doing_wp_cron=1780852826.1887099742889404296875 HTTP/1.1" 200 - "-" "WordPress/7.0; https://www.maimounz.formagloba.fr"
207.46.13.63 - - [07/Jun/2026:19:20:24 +0200] "GET /detail/260234907 HTTP/1.1" 404 219716 "-" "Mozilla/5.0 AppleWebKit/537.36 (KHTML, like Gecko; compatible; bingbot/2.0; +http://www.bing.com/bingbot.htm) Chrome/116.0.1938.76 Safari/537.36"
109.234.164.184 - - [07/Jun/2026:19:20:26 +0200] "POST /wp-admin/admin-ajax.php?action=async_litespeed&nonce=7fFuqjPd1gd1nEhLj433vThhDQSjexcE&litespeed_type=imgoptm HTTP/1.1" 200 1 "-" "WordPress/7.0; https://www.maimounz.formagloba.fr"
109.234.164.184 - - [07/Jun/2026:20:26:26 +0200] "POST /wp-cron.php?doing_wp_cron=1780856786.8484969139099121093750 HTTP/1.1" 200 - "-" "WordPress/7.0; https://www.maimounz.formagloba.fr"
157.55.39.11 - - [07/Jun/2026:20:26:26 +0200] "GET /detail/390312934 HTTP/1.1" 404 219716 "-" "Mozilla/5.0 AppleWebKit/537.36 (KHTML, like Gecko; compatible; bingbot/2.0; +http://www.bing.com/bingbot.htm) Chrome/116.0.1938.76 Safari/537.36"
109.234.164.184 - - [07/Jun/2026:20:26:27 +0200] "POST /wp-admin/admin-ajax.php?action=async_litespeed&nonce=kmeQ9fSj4DMZPC7OqEgxvCVrxKTxpGYS&litespeed_type=imgoptm HTTP/1.1" 200 1 "-" "WordPress/7.0; https://www.maimounz.formagloba.fr"