109.234.164.184 - - [07/Jun/2026:11:41:16 +0200] "POST /wp-cron.php?doing_wp_cron=1780825276.1815519332885742187500 HTTP/1.1" 200 - "-" "WordPress/7.0; https://www.maimounz.formagloba.fr"
185.59.220.170 - - [07/Jun/2026:11:41:15 +0200] "POST /wp-admin/admin-ajax.php HTTP/1.1" 200 47 "https://www.maimounz.formagloba.fr/wp-admin/users.php" "Mozilla/5.0 (Windows NT 10.0; Win64; x64) AppleWebKit/537.36 (KHTML, like Gecko) Chrome/148.0.0.0 Safari/537.36"
109.234.164.184 - - [07/Jun/2026:11:41:16 +0200] "POST /wp-admin/admin-ajax.php?action=async_litespeed&nonce=dNnGwJLDiFuJB65RVtmno3kILa40jp4I&litespeed_type=imgoptm HTTP/1.1" 200 1 "-" "WordPress/7.0; https://www.maimounz.formagloba.fr"
109.234.164.184 - - [07/Jun/2026:11:43:17 +0200] "POST /wp-cron.php?doing_wp_cron=1780825397.1740379333496093750000 HTTP/1.1" 200 - "-" "WordPress/7.0; https://www.maimounz.formagloba.fr"
185.59.220.170 - - [07/Jun/2026:11:43:16 +0200] "POST /wp-admin/admin-ajax.php HTTP/1.1" 200 47 "https://www.maimounz.formagloba.fr/wp-admin/users.php" "Mozilla/5.0 (Windows NT 10.0; Win64; x64) AppleWebKit/537.36 (KHTML, like Gecko) Chrome/148.0.0.0 Safari/537.36"
109.234.164.184 - - [07/Jun/2026:11:43:17 +0200] "POST /wp-admin/admin-ajax.php?action=async_litespeed&nonce=8aq7w1ZHFjRLBiWH5x4VWYHCFSaECbyc&litespeed_type=imgoptm HTTP/1.1" 200 1 "-" "WordPress/7.0; https://www.maimounz.formagloba.fr"
109.234.164.184 - - [07/Jun/2026:11:45:18 +0200] "POST /wp-cron.php?doing_wp_cron=1780825518.1372430324554443359375 HTTP/1.1" 200 - "-" "WordPress/7.0; https://www.maimounz.formagloba.fr"
185.59.220.170 - - [07/Jun/2026:11:45:17 +0200] "POST /wp-admin/admin-ajax.php HTTP/1.1" 200 47 "https://www.maimounz.formagloba.fr/wp-admin/users.php" "Mozilla/5.0 (Windows NT 10.0; Win64; x64) AppleWebKit/537.36 (KHTML, like Gecko) Chrome/148.0.0.0 Safari/537.36"
109.234.164.184 - - [07/Jun/2026:11:45:18 +0200] "POST /wp-admin/admin-ajax.php?action=async_litespeed&nonce=ci0DkaMLBCcmtqwADhSmST6L5abRSvFJ&litespeed_type=imgoptm HTTP/1.1" 200 1 "-" "WordPress/7.0; https://www.maimounz.formagloba.fr"
109.234.164.184 - - [07/Jun/2026:11:47:19 +0200] "POST /wp-cron.php?doing_wp_cron=1780825639.2177081108093261718750 HTTP/1.1" 200 - "-" "WordPress/7.0; https://www.maimounz.formagloba.fr"
185.59.220.170 - - [07/Jun/2026:11:47:18 +0200] "POST /wp-admin/admin-ajax.php HTTP/1.1" 200 47 "https://www.maimounz.formagloba.fr/wp-admin/users.php" "Mozilla/5.0 (Windows NT 10.0; Win64; x64) AppleWebKit/537.36 (KHTML, like Gecko) Chrome/148.0.0.0 Safari/537.36"
109.234.164.184 - - [07/Jun/2026:11:47:19 +0200] "POST /wp-admin/admin-ajax.php?action=async_litespeed&nonce=caJkUYbf09Nnm0Vl9ULhUNr2mbGEE6Lt&litespeed_type=imgoptm HTTP/1.1" 200 1 "-" "WordPress/7.0; https://www.maimounz.formagloba.fr"
109.234.164.184 - - [07/Jun/2026:11:49:20 +0200] "POST /wp-cron.php?doing_wp_cron=1780825760.1540739536285400390625 HTTP/1.1" 200 - "-" "WordPress/7.0; https://www.maimounz.formagloba.fr"
185.59.220.170 - - [07/Jun/2026:11:49:19 +0200] "POST /wp-admin/admin-ajax.php HTTP/1.1" 200 47 "https://www.maimounz.formagloba.fr/wp-admin/users.php" "Mozilla/5.0 (Windows NT 10.0; Win64; x64) AppleWebKit/537.36 (KHTML, like Gecko) Chrome/148.0.0.0 Safari/537.36"
109.234.164.184 - - [07/Jun/2026:11:49:20 +0200] "POST /wp-admin/admin-ajax.php?action=async_litespeed&nonce=GI6mtG1M9wjvwCqehAeOxwAgkoRtQfvp&litespeed_type=imgoptm HTTP/1.1" 200 1 "-" "WordPress/7.0; https://www.maimounz.formagloba.fr"
109.234.164.184 - - [07/Jun/2026:11:51:21 +0200] "POST /wp-cron.php?doing_wp_cron=1780825881.5968599319458007812500 HTTP/1.1" 200 - "-" "WordPress/7.0; https://www.maimounz.formagloba.fr"
185.59.220.170 - - [07/Jun/2026:11:51:21 +0200] "POST /wp-admin/admin-ajax.php HTTP/1.1" 200 47 "https://www.maimounz.formagloba.fr/wp-admin/users.php" "Mozilla/5.0 (Windows NT 10.0; Win64; x64) AppleWebKit/537.36 (KHTML, like Gecko) Chrome/148.0.0.0 Safari/537.36"
109.234.164.184 - - [07/Jun/2026:11:51:22 +0200] "POST /wp-admin/admin-ajax.php?action=async_litespeed&nonce=FqKA7ua1eIcfeyvxUtBcghjAbKHkfvuz&litespeed_type=imgoptm HTTP/1.1" 200 1 "-" "WordPress/7.0; https://www.maimounz.formagloba.fr"
109.234.164.184 - - [07/Jun/2026:11:53:22 +0200] "POST /wp-cron.php?doing_wp_cron=1780826002.5833299160003662109375 HTTP/1.1" 200 - "-" "WordPress/7.0; https://www.maimounz.formagloba.fr"
185.59.220.170 - - [07/Jun/2026:11:53:22 +0200] "POST /wp-admin/admin-ajax.php HTTP/1.1" 200 47 "https://www.maimounz.formagloba.fr/wp-admin/users.php" "Mozilla/5.0 (Windows NT 10.0; Win64; x64) AppleWebKit/537.36 (KHTML, like Gecko) Chrome/148.0.0.0 Safari/537.36"
109.234.164.184 - - [07/Jun/2026:11:53:22 +0200] "POST /wp-admin/admin-ajax.php?action=async_litespeed&nonce=oENahC51Ji5ZWA4jI1jr3GiI4XBjkm36&litespeed_type=imgoptm HTTP/1.1" 200 1 "-" "WordPress/7.0; https://www.maimounz.formagloba.fr"
109.234.164.184 - - [07/Jun/2026:11:55:23 +0200] "POST /wp-cron.php?doing_wp_cron=1780826123.6361689567565917968750 HTTP/1.1" 200 - "-" "WordPress/7.0; https://www.maimounz.formagloba.fr"
185.59.220.170 - - [07/Jun/2026:11:55:23 +0200] "POST /wp-admin/admin-ajax.php HTTP/1.1" 200 47 "https://www.maimounz.formagloba.fr/wp-admin/users.php" "Mozilla/5.0 (Windows NT 10.0; Win64; x64) AppleWebKit/537.36 (KHTML, like Gecko) Chrome/148.0.0.0 Safari/537.36"
109.234.164.184 - - [07/Jun/2026:11:55:24 +0200] "POST /wp-admin/admin-ajax.php?action=async_litespeed&nonce=4nHxoGZIMTQo1aRgNoMfzaiqGQjdfGWe&litespeed_type=imgoptm HTTP/1.1" 200 1 "-" "WordPress/7.0; https://www.maimounz.formagloba.fr"
109.234.164.184 - - [07/Jun/2026:11:57:24 +0200] "POST /wp-cron.php?doing_wp_cron=1780826244.5795869827270507812500 HTTP/1.1" 200 - "-" "WordPress/7.0; https://www.maimounz.formagloba.fr"
185.59.220.170 - - [07/Jun/2026:11:57:24 +0200] "POST /wp-admin/admin-ajax.php HTTP/1.1" 200 47 "https://www.maimounz.formagloba.fr/wp-admin/users.php" "Mozilla/5.0 (Windows NT 10.0; Win64; x64) AppleWebKit/537.36 (KHTML, like Gecko) Chrome/148.0.0.0 Safari/537.36"
109.234.164.184 - - [07/Jun/2026:11:57:24 +0200] "POST /wp-admin/admin-ajax.php?action=async_litespeed&nonce=nn9trvqoi8KXmsYSNWgbRpd7cHLVv9j1&litespeed_type=imgoptm HTTP/1.1" 200 1 "-" "WordPress/7.0; https://www.maimounz.formagloba.fr"
109.234.164.184 - - [07/Jun/2026:11:59:25 +0200] "POST /wp-cron.php?doing_wp_cron=1780826365.5731570720672607421875 HTTP/1.1" 200 - "-" "WordPress/7.0; https://www.maimounz.formagloba.fr"
185.59.220.170 - - [07/Jun/2026:11:59:25 +0200] "POST /wp-admin/admin-ajax.php HTTP/1.1" 200 47 "https://www.maimounz.formagloba.fr/wp-admin/users.php" "Mozilla/5.0 (Windows NT 10.0; Win64; x64) AppleWebKit/537.36 (KHTML, like Gecko) Chrome/148.0.0.0 Safari/537.36"
109.234.164.184 - - [07/Jun/2026:11:59:25 +0200] "POST /wp-admin/admin-ajax.php?action=async_litespeed&nonce=SNy5RxUZzWFfchYEaXx5sUvjQvLDzp4a&litespeed_type=imgoptm HTTP/1.1" 200 1 "-" "WordPress/7.0; https://www.maimounz.formagloba.fr"
109.234.164.184 - - [07/Jun/2026:12:01:26 +0200] "POST /wp-cron.php?doing_wp_cron=1780826486.4173560142517089843750 HTTP/1.1" 200 - "-" "WordPress/7.0; https://www.maimounz.formagloba.fr"
185.59.220.170 - - [07/Jun/2026:12:01:26 +0200] "POST /wp-admin/admin-ajax.php HTTP/1.1" 200 47 "https://www.maimounz.formagloba.fr/wp-admin/users.php" "Mozilla/5.0 (Windows NT 10.0; Win64; x64) AppleWebKit/537.36 (KHTML, like Gecko) Chrome/148.0.0.0 Safari/537.36"
109.234.164.184 - - [07/Jun/2026:12:01:26 +0200] "POST /wp-admin/admin-ajax.php?action=async_litespeed&nonce=mF11wn3ls7A5iAG5EfcxcYjZ5RosrJkI&litespeed_type=imgoptm HTTP/1.1" 200 1 "-" "WordPress/7.0; https://www.maimounz.formagloba.fr"
109.234.164.184 - - [07/Jun/2026:12:03:27 +0200] "POST /wp-cron.php?doing_wp_cron=1780826607.5976130962371826171875 HTTP/1.1" 200 - "-" "WordPress/7.0; https://www.maimounz.formagloba.fr"
185.59.220.170 - - [07/Jun/2026:12:03:27 +0200] "POST /wp-admin/admin-ajax.php HTTP/1.1" 200 47 "https://www.maimounz.formagloba.fr/wp-admin/users.php" "Mozilla/5.0 (Windows NT 10.0; Win64; x64) AppleWebKit/537.36 (KHTML, like Gecko) Chrome/148.0.0.0 Safari/537.36"
109.234.164.184 - - [07/Jun/2026:12:03:27 +0200] "POST /wp-admin/admin-ajax.php?action=async_litespeed&nonce=xsXvi15cyklioi5qbfAZTqtT131PZzfq&litespeed_type=imgoptm HTTP/1.1" 200 1 "-" "WordPress/7.0; https://www.maimounz.formagloba.fr"
109.234.164.184 - - [07/Jun/2026:12:05:28 +0200] "POST /wp-cron.php?doing_wp_cron=1780826728.3244600296020507812500 HTTP/1.1" 200 - "-" "WordPress/7.0; https://www.maimounz.formagloba.fr"
185.59.220.170 - - [07/Jun/2026:12:05:27 +0200] "POST /wp-admin/admin-ajax.php HTTP/1.1" 200 47 "https://www.maimounz.formagloba.fr/wp-admin/users.php" "Mozilla/5.0 (Windows NT 10.0; Win64; x64) AppleWebKit/537.36 (KHTML, like Gecko) Chrome/148.0.0.0 Safari/537.36"
109.234.164.184 - - [07/Jun/2026:12:05:29 +0200] "POST /wp-admin/admin-ajax.php?action=async_litespeed&nonce=s7JYxqnaAUNn0qY4fxNOZYscpfq1APZE&litespeed_type=imgoptm HTTP/1.1" 200 1 "-" "WordPress/7.0; https://www.maimounz.formagloba.fr"
109.234.164.184 - - [07/Jun/2026:12:07:29 +0200] "POST /wp-cron.php?doing_wp_cron=1780826849.3508429527282714843750 HTTP/1.1" 200 - "-" "WordPress/7.0; https://www.maimounz.formagloba.fr"
185.59.220.170 - - [07/Jun/2026:12:07:28 +0200] "POST /wp-admin/admin-ajax.php HTTP/1.1" 200 47 "https://www.maimounz.formagloba.fr/wp-admin/users.php" "Mozilla/5.0 (Windows NT 10.0; Win64; x64) AppleWebKit/537.36 (KHTML, like Gecko) Chrome/148.0.0.0 Safari/537.36"
109.234.164.184 - - [07/Jun/2026:12:07:29 +0200] "POST /wp-admin/admin-ajax.php?action=async_litespeed&nonce=7IGo25xeV7wDaialPIEiUiIqARt5ZIQ4&litespeed_type=imgoptm HTTP/1.1" 200 1 "-" "WordPress/7.0; https://www.maimounz.formagloba.fr"
109.234.164.184 - - [07/Jun/2026:12:09:30 +0200] "POST /wp-cron.php?doing_wp_cron=1780826970.3551790714263916015625 HTTP/1.1" 200 - "-" "WordPress/7.0; https://www.maimounz.formagloba.fr"
185.59.220.170 - - [07/Jun/2026:12:09:29 +0200] "POST /wp-admin/admin-ajax.php HTTP/1.1" 200 47 "https://www.maimounz.formagloba.fr/wp-admin/users.php" "Mozilla/5.0 (Windows NT 10.0; Win64; x64) AppleWebKit/537.36 (KHTML, like Gecko) Chrome/148.0.0.0 Safari/537.36"
109.234.164.184 - - [07/Jun/2026:12:09:30 +0200] "POST /wp-admin/admin-ajax.php?action=async_litespeed&nonce=6YTCrgxKOgsjHWhPVt90z8cwuKnSjX0W&litespeed_type=imgoptm HTTP/1.1" 200 1 "-" "WordPress/7.0; https://www.maimounz.formagloba.fr"
109.234.164.184 - - [07/Jun/2026:12:11:31 +0200] "POST /wp-cron.php?doing_wp_cron=1780827091.3396689891815185546875 HTTP/1.1" 200 - "-" "WordPress/7.0; https://www.maimounz.formagloba.fr"
185.59.220.170 - - [07/Jun/2026:12:11:30 +0200] "POST /wp-admin/admin-ajax.php HTTP/1.1" 200 47 "https://www.maimounz.formagloba.fr/wp-admin/users.php" "Mozilla/5.0 (Windows NT 10.0; Win64; x64) AppleWebKit/537.36 (KHTML, like Gecko) Chrome/148.0.0.0 Safari/537.36"
109.234.164.184 - - [07/Jun/2026:12:11:31 +0200] "POST /wp-admin/admin-ajax.php?action=async_litespeed&nonce=ywQxTADdJJDamBHNNQtk0gJ0HHsccxPr&litespeed_type=imgoptm HTTP/1.1" 200 1 "-" "WordPress/7.0; https://www.maimounz.formagloba.fr"
109.234.164.184 - - [07/Jun/2026:12:13:32 +0200] "POST /wp-cron.php?doing_wp_cron=1780827212.3359448909759521484375 HTTP/1.1" 200 - "-" "WordPress/7.0; https://www.maimounz.formagloba.fr"
185.59.220.170 - - [07/Jun/2026:12:13:31 +0200] "POST /wp-admin/admin-ajax.php HTTP/1.1" 200 47 "https://www.maimounz.formagloba.fr/wp-admin/users.php" "Mozilla/5.0 (Windows NT 10.0; Win64; x64) AppleWebKit/537.36 (KHTML, like Gecko) Chrome/148.0.0.0 Safari/537.36"
109.234.164.184 - - [07/Jun/2026:12:13:32 +0200] "POST /wp-admin/admin-ajax.php?action=async_litespeed&nonce=ntVoEDv7zVTMSRdcS4WOXyfZaG5JnEn3&litespeed_type=imgoptm HTTP/1.1" 200 1 "-" "WordPress/7.0; https://www.maimounz.formagloba.fr"
109.234.164.184 - - [07/Jun/2026:12:15:33 +0200] "POST /wp-cron.php?doing_wp_cron=1780827333.4014229774475097656250 HTTP/1.1" 200 - "-" "WordPress/7.0; https://www.maimounz.formagloba.fr"
185.59.220.170 - - [07/Jun/2026:12:15:33 +0200] "POST /wp-admin/admin-ajax.php HTTP/1.1" 200 47 "https://www.maimounz.formagloba.fr/wp-admin/users.php" "Mozilla/5.0 (Windows NT 10.0; Win64; x64) AppleWebKit/537.36 (KHTML, like Gecko) Chrome/148.0.0.0 Safari/537.36"
109.234.164.184 - - [07/Jun/2026:12:15:34 +0200] "POST /wp-admin/admin-ajax.php?action=async_litespeed&nonce=EYWt6UlD8oUnnGFYOTRVimPVjV8gDNhy&litespeed_type=imgoptm HTTP/1.1" 200 1 "-" "WordPress/7.0; https://www.maimounz.formagloba.fr"
109.234.164.184 - - [07/Jun/2026:12:17:34 +0200] "POST /wp-cron.php?doing_wp_cron=1780827454.3528320789337158203125 HTTP/1.1" 200 - "-" "WordPress/7.0; https://www.maimounz.formagloba.fr"
185.59.220.170 - - [07/Jun/2026:12:17:33 +0200] "POST /wp-admin/admin-ajax.php HTTP/1.1" 200 47 "https://www.maimounz.formagloba.fr/wp-admin/users.php" "Mozilla/5.0 (Windows NT 10.0; Win64; x64) AppleWebKit/537.36 (KHTML, like Gecko) Chrome/148.0.0.0 Safari/537.36"
109.234.164.184 - - [07/Jun/2026:12:17:34 +0200] "POST /wp-admin/admin-ajax.php?action=async_litespeed&nonce=HhC6HURuAMI9JOQOqwjz7UzoA9HkjCnJ&litespeed_type=imgoptm HTTP/1.1" 200 1 "-" "WordPress/7.0; https://www.maimounz.formagloba.fr"
109.234.164.184 - - [07/Jun/2026:12:19:35 +0200] "POST /wp-cron.php?doing_wp_cron=1780827575.3200380802154541015625 HTTP/1.1" 200 - "-" "WordPress/7.0; https://www.maimounz.formagloba.fr"
185.59.220.170 - - [07/Jun/2026:12:19:34 +0200] "POST /wp-admin/admin-ajax.php HTTP/1.1" 200 47 "https://www.maimounz.formagloba.fr/wp-admin/users.php" "Mozilla/5.0 (Windows NT 10.0; Win64; x64) AppleWebKit/537.36 (KHTML, like Gecko) Chrome/148.0.0.0 Safari/537.36"
109.234.164.184 - - [07/Jun/2026:12:19:35 +0200] "POST /wp-admin/admin-ajax.php?action=async_litespeed&nonce=LF9ehj43zUFs81Jjm3AahUBZ4PTCSf2O&litespeed_type=imgoptm HTTP/1.1" 200 1 "-" "WordPress/7.0; https://www.maimounz.formagloba.fr"
109.234.164.184 - - [07/Jun/2026:12:20:12 +0200] "POST /wp-cron.php?doing_wp_cron=1780827612.1504080295562744140625 HTTP/1.1" 200 - "-" "WordPress/7.0; https://www.maimounz.formagloba.fr"
120.88.115.8 - - [07/Jun/2026:12:20:11 +0200] "GET / HTTP/1.1" 200 274610 "-" "Mozilla/5.0 (Linux; Android 10; K) AppleWebKit/537.36 (KHTML, like Gecko) Chrome/149.0.0.0 Mobile Safari/537.36"
109.234.164.184 - - [07/Jun/2026:12:21:36 +0200] "POST /wp-cron.php?doing_wp_cron=1780827696.3310160636901855468750 HTTP/1.1" 200 - "-" "WordPress/7.0; https://www.maimounz.formagloba.fr"
185.59.220.170 - - [07/Jun/2026:12:21:35 +0200] "POST /wp-admin/admin-ajax.php HTTP/1.1" 200 47 "https://www.maimounz.formagloba.fr/wp-admin/users.php" "Mozilla/5.0 (Windows NT 10.0; Win64; x64) AppleWebKit/537.36 (KHTML, like Gecko) Chrome/148.0.0.0 Safari/537.36"
109.234.164.184 - - [07/Jun/2026:12:21:36 +0200] "POST /wp-admin/admin-ajax.php?action=async_litespeed&nonce=hh06ArgNgxYGyY9A8yb9HHXQ5RwXq5uH&litespeed_type=imgoptm HTTP/1.1" 200 1 "-" "WordPress/7.0; https://www.maimounz.formagloba.fr"
109.234.164.184 - - [07/Jun/2026:12:23:13 +0200] "POST /wp-cron.php?doing_wp_cron=1780827793.6920158863067626953125 HTTP/1.1" 200 - "-" "WordPress/7.0; https://www.maimounz.formagloba.fr"
216.73.216.102 - - [07/Jun/2026:12:23:13 +0200] "GET /robots.txt HTTP/1.1" 200 124 "-" "Mozilla/5.0 AppleWebKit/537.36 (KHTML, like Gecko; compatible; ClaudeBot/1.0; +claudebot@anthropic.com)"
109.234.164.184 - - [07/Jun/2026:12:23:14 +0200] "POST /wp-admin/admin-ajax.php?action=async_litespeed&nonce=J2iUyMr1BymZ9kziHVAzoJ5610rSAZtV&litespeed_type=imgoptm HTTP/1.1" 200 1 "-" "WordPress/7.0; https://www.maimounz.formagloba.fr"
216.73.216.102 - - [07/Jun/2026:12:23:13 +0200] "GET /produit/plateau-a-oeuf/ HTTP/1.1" 200 268661 "-" "Mozilla/5.0 AppleWebKit/537.36 (KHTML, like Gecko; compatible; ClaudeBot/1.0; +claudebot@anthropic.com)"
216.73.216.102 - - [07/Jun/2026:12:23:14 +0200] "GET /produit/plateau-nubes/ HTTP/1.1" 200 266883 "-" "Mozilla/5.0 AppleWebKit/537.36 (KHTML, like Gecko; compatible; ClaudeBot/1.0; +claudebot@anthropic.com)"
109.234.164.184 - - [07/Jun/2026:12:23:37 +0200] "POST /wp-cron.php?doing_wp_cron=1780827817.2969760894775390625000 HTTP/1.1" 200 - "-" "WordPress/7.0; https://www.maimounz.formagloba.fr"
185.59.220.170 - - [07/Jun/2026:12:23:36 +0200] "POST /wp-admin/admin-ajax.php HTTP/1.1" 200 47 "https://www.maimounz.formagloba.fr/wp-admin/users.php" "Mozilla/5.0 (Windows NT 10.0; Win64; x64) AppleWebKit/537.36 (KHTML, like Gecko) Chrome/148.0.0.0 Safari/537.36"
109.234.164.184 - - [07/Jun/2026:12:23:37 +0200] "POST /wp-admin/admin-ajax.php?action=async_litespeed&nonce=9gk3SKmkCrhgt1grijkOInQ4eezLl0iv&litespeed_type=imgoptm HTTP/1.1" 200 1 "-" "WordPress/7.0; https://www.maimounz.formagloba.fr"
109.234.164.184 - - [07/Jun/2026:12:24:46 +0200] "POST /wp-cron.php?doing_wp_cron=1780827886.8002629280090332031250 HTTP/1.1" 200 - "-" "WordPress/7.0; https://www.maimounz.formagloba.fr"
216.73.216.102 - - [07/Jun/2026:12:24:45 +0200] "GET /produit/poudre/ HTTP/1.1" 200 283140 "-" "Mozilla/5.0 AppleWebKit/537.36 (KHTML, like Gecko; compatible; ClaudeBot/1.0; +claudebot@anthropic.com)"
216.73.216.102 - - [07/Jun/2026:12:24:45 +0200] "GET /produit/coffret-patisserie/ HTTP/1.1" 200 301154 "-" "Mozilla/5.0 AppleWebKit/537.36 (KHTML, like Gecko; compatible; ClaudeBot/1.0; +claudebot@anthropic.com)"
109.234.164.184 - - [07/Jun/2026:12:24:47 +0200] "POST /wp-admin/admin-ajax.php?action=async_litespeed&nonce=QuDnVXAjU3KOgLiz7IP2viKmjT1xbS0M&litespeed_type=imgoptm HTTP/1.1" 200 1 "-" "WordPress/7.0; https://www.maimounz.formagloba.fr"
109.234.164.184 - - [07/Jun/2026:12:25:03 +0200] "POST /wp-cron.php?doing_wp_cron=1780827903.8353500366210937500000 HTTP/1.1" 200 - "-" "WordPress/7.0; https://www.maimounz.formagloba.fr"
216.73.216.102 - - [07/Jun/2026:12:25:03 +0200] "GET /produit/plateau-mandina/ HTTP/1.1" 200 266966 "-" "Mozilla/5.0 AppleWebKit/537.36 (KHTML, like Gecko; compatible; ClaudeBot/1.0; +claudebot@anthropic.com)"
109.234.164.184 - - [07/Jun/2026:12:25:38 +0200] "POST /wp-cron.php?doing_wp_cron=1780827938.5400850772857666015625 HTTP/1.1" 200 - "-" "WordPress/7.0; https://www.maimounz.formagloba.fr"
185.59.220.170 - - [07/Jun/2026:12:25:38 +0200] "POST /wp-admin/admin-ajax.php HTTP/1.1" 200 47 "https://www.maimounz.formagloba.fr/wp-admin/users.php" "Mozilla/5.0 (Windows NT 10.0; Win64; x64) AppleWebKit/537.36 (KHTML, like Gecko) Chrome/148.0.0.0 Safari/537.36"
109.234.164.184 - - [07/Jun/2026:12:25:38 +0200] "POST /wp-admin/admin-ajax.php?action=async_litespeed&nonce=UvyU5kaB60zZ0Ekjlhipp9dmhgtvK0on&litespeed_type=imgoptm HTTP/1.1" 200 1 "-" "WordPress/7.0; https://www.maimounz.formagloba.fr"
109.234.164.184 - - [07/Jun/2026:12:26:38 +0200] "POST /wp-cron.php?doing_wp_cron=1780827998.8384170532226562500000 HTTP/1.1" 200 - "-" "WordPress/7.0; https://www.maimounz.formagloba.fr"
216.73.216.102 - - [07/Jun/2026:12:26:37 +0200] "GET /produit/fondant-parfume/ HTTP/1.1" 200 291180 "-" "Mozilla/5.0 AppleWebKit/537.36 (KHTML, like Gecko; compatible; ClaudeBot/1.0; +claudebot@anthropic.com)"
109.234.164.184 - - [07/Jun/2026:12:26:39 +0200] "POST /wp-admin/admin-ajax.php?action=async_litespeed&nonce=hnCG2pk0atdJJsOnqczK2ryPkR3SdvRl&litespeed_type=imgoptm HTTP/1.1" 200 1 "-" "WordPress/7.0; https://www.maimounz.formagloba.fr"
109.234.164.184 - - [07/Jun/2026:12:27:09 +0200] "POST /wp-cron.php?doing_wp_cron=1780828029.1190121173858642578125 HTTP/1.1" 200 - "-" "WordPress/7.0; https://www.maimounz.formagloba.fr"
216.73.216.102 - - [07/Jun/2026:12:27:08 +0200] "GET /produit/bougie-bar/ HTTP/1.1" 200 277047 "-" "Mozilla/5.0 AppleWebKit/537.36 (KHTML, like Gecko; compatible; ClaudeBot/1.0; +claudebot@anthropic.com)"
109.234.164.184 - - [07/Jun/2026:12:27:39 +0200] "POST /wp-cron.php?doing_wp_cron=1780828059.5641560554504394531250 HTTP/1.1" 200 - "-" "WordPress/7.0; https://www.maimounz.formagloba.fr"
185.59.220.170 - - [07/Jun/2026:12:27:39 +0200] "POST /wp-admin/admin-ajax.php HTTP/1.1" 200 47 "https://www.maimounz.formagloba.fr/wp-admin/users.php" "Mozilla/5.0 (Windows NT 10.0; Win64; x64) AppleWebKit/537.36 (KHTML, like Gecko) Chrome/148.0.0.0 Safari/537.36"
109.234.164.184 - - [07/Jun/2026:12:27:39 +0200] "POST /wp-admin/admin-ajax.php?action=async_litespeed&nonce=1n072LTh7O6OU4RutR6H4Qbd5R9ZNzI1&litespeed_type=imgoptm HTTP/1.1" 200 1 "-" "WordPress/7.0; https://www.maimounz.formagloba.fr"
216.73.216.102 - - [07/Jun/2026:12:27:39 +0200] "GET /produit/brule-parfum-minymal/ HTTP/1.1" 200 270796 "-" "Mozilla/5.0 AppleWebKit/537.36 (KHTML, like Gecko; compatible; ClaudeBot/1.0; +claudebot@anthropic.com)"
109.234.164.184 - - [07/Jun/2026:12:29:36 +0200] "POST /wp-cron.php?doing_wp_cron=1780828176.4572250843048095703125 HTTP/1.1" 200 - "-" "WordPress/7.0; https://www.maimounz.formagloba.fr"
216.73.216.102 - - [07/Jun/2026:12:29:35 +0200] "GET /produit/bougie-signature/ HTTP/1.1" 200 268699 "-" "Mozilla/5.0 AppleWebKit/537.36 (KHTML, like Gecko; compatible; ClaudeBot/1.0; +claudebot@anthropic.com)"
216.73.216.102 - - [07/Jun/2026:12:29:35 +0200] "GET /produit/vide-poche-pyla/ HTTP/1.1" 200 266974 "-" "Mozilla/5.0 AppleWebKit/537.36 (KHTML, like Gecko; compatible; ClaudeBot/1.0; +claudebot@anthropic.com)"
109.234.164.184 - - [07/Jun/2026:12:29:36 +0200] "POST /wp-admin/admin-ajax.php?action=async_litespeed&nonce=gj4p6kQOihYPDfPZ3RDWfL9acNBq7S2a&litespeed_type=imgoptm HTTP/1.1" 200 1 "-" "WordPress/7.0; https://www.maimounz.formagloba.fr"
185.59.220.170 - - [07/Jun/2026:12:29:40 +0200] "POST /wp-admin/admin-ajax.php HTTP/1.1" 200 47 "https://www.maimounz.formagloba.fr/wp-admin/users.php" "Mozilla/5.0 (Windows NT 10.0; Win64; x64) AppleWebKit/537.36 (KHTML, like Gecko) Chrome/148.0.0.0 Safari/537.36"
109.234.164.184 - - [07/Jun/2026:12:31:15 +0200] "POST /wp-cron.php?doing_wp_cron=1780828275.7369201183319091796875 HTTP/1.1" 200 - "-" "WordPress/7.0; https://www.maimounz.formagloba.fr"
216.73.216.102 - - [07/Jun/2026:12:31:14 +0200] "GET /produit/bougie-mug-patisserie/ HTTP/1.1" 200 280142 "-" "Mozilla/5.0 AppleWebKit/537.36 (KHTML, like Gecko; compatible; ClaudeBot/1.0; +claudebot@anthropic.com)"
216.73.216.102 - - [07/Jun/2026:12:31:14 +0200] "GET /produit/plateau-horga/ HTTP/1.1" 200 267389 "-" "Mozilla/5.0 AppleWebKit/537.36 (KHTML, like Gecko; compatible; ClaudeBot/1.0; +claudebot@anthropic.com)"
109.234.164.184 - - [07/Jun/2026:12:31:16 +0200] "POST /wp-admin/admin-ajax.php?action=async_litespeed&nonce=mxvRWcGtFmnJxUfavAMMVC1IZwJDeGmj&litespeed_type=imgoptm HTTP/1.1" 200 1 "-" "WordPress/7.0; https://www.maimounz.formagloba.fr"
109.234.164.184 - - [07/Jun/2026:12:31:41 +0200] "POST /wp-cron.php?doing_wp_cron=1780828301.4521439075469970703125 HTTP/1.1" 200 - "-" "WordPress/7.0; https://www.maimounz.formagloba.fr"
185.59.220.170 - - [07/Jun/2026:12:31:41 +0200] "POST /wp-admin/admin-ajax.php HTTP/1.1" 200 47 "https://www.maimounz.formagloba.fr/wp-admin/users.php" "Mozilla/5.0 (Windows NT 10.0; Win64; x64) AppleWebKit/537.36 (KHTML, like Gecko) Chrome/148.0.0.0 Safari/537.36"
109.234.164.184 - - [07/Jun/2026:12:31:41 +0200] "POST /wp-admin/admin-ajax.php?action=async_litespeed&nonce=AqTYAlDXgBfs6YZrITfSvYsBzId8XYiB&litespeed_type=imgoptm HTTP/1.1" 200 1 "-" "WordPress/7.0; https://www.maimounz.formagloba.fr"
216.73.216.102 - - [07/Jun/2026:12:31:46 +0200] "GET /produit/bougie-promenons-nous-au-pyla/ HTTP/1.1" 200 267534 "-" "Mozilla/5.0 AppleWebKit/537.36 (KHTML, like Gecko; compatible; ClaudeBot/1.0; +claudebot@anthropic.com)"
109.234.164.184 - - [07/Jun/2026:12:32:06 +0200] "POST /wp-cron.php?doing_wp_cron=1780828326.7695128917694091796875 HTTP/1.1" 200 - "-" "WordPress/7.0; https://www.maimounz.formagloba.fr"
216.73.216.102 - - [07/Jun/2026:12:32:05 +0200] "GET /hello-world/ HTTP/1.1" 200 237407 "-" "Mozilla/5.0 AppleWebKit/537.36 (KHTML, like Gecko; compatible; ClaudeBot/1.0; +claudebot@anthropic.com)"
109.234.164.184 - - [07/Jun/2026:12:33:42 +0200] "POST /wp-cron.php?doing_wp_cron=1780828422.4581639766693115234375 HTTP/1.1" 200 - "-" "WordPress/7.0; https://www.maimounz.formagloba.fr"
185.59.220.170 - - [07/Jun/2026:12:33:42 +0200] "POST /wp-admin/admin-ajax.php HTTP/1.1" 200 47 "https://www.maimounz.formagloba.fr/wp-admin/users.php" "Mozilla/5.0 (Windows NT 10.0; Win64; x64) AppleWebKit/537.36 (KHTML, like Gecko) Chrome/148.0.0.0 Safari/537.36"
109.234.164.184 - - [07/Jun/2026:12:33:42 +0200] "POST /wp-admin/admin-ajax.php?action=async_litespeed&nonce=epdNQQJpB94FOVC8LdTNgldN7PUHh3QF&litespeed_type=imgoptm HTTP/1.1" 200 1 "-" "WordPress/7.0; https://www.maimounz.formagloba.fr"
109.234.164.184 - - [07/Jun/2026:12:35:43 +0200] "POST /wp-cron.php?doing_wp_cron=1780828543.7674000263214111328125 HTTP/1.1" 200 - "-" "WordPress/7.0; https://www.maimounz.formagloba.fr"
185.59.220.170 - - [07/Jun/2026:12:35:43 +0200] "POST /wp-admin/admin-ajax.php HTTP/1.1" 200 47 "https://www.maimounz.formagloba.fr/wp-admin/users.php" "Mozilla/5.0 (Windows NT 10.0; Win64; x64) AppleWebKit/537.36 (KHTML, like Gecko) Chrome/148.0.0.0 Safari/537.36"
109.234.164.184 - - [07/Jun/2026:12:35:44 +0200] "POST /wp-admin/admin-ajax.php?action=async_litespeed&nonce=WR3DQq2U7QRsZ1r1ssJhBiWA6QAsdokm&litespeed_type=imgoptm HTTP/1.1" 200 1 "-" "WordPress/7.0; https://www.maimounz.formagloba.fr"
109.234.164.184 - - [07/Jun/2026:12:37:44 +0200] "POST /wp-cron.php?doing_wp_cron=1780828664.4545409679412841796875 HTTP/1.1" 200 - "-" "WordPress/7.0; https://www.maimounz.formagloba.fr"
185.59.220.170 - - [07/Jun/2026:12:37:44 +0200] "POST /wp-admin/admin-ajax.php HTTP/1.1" 200 47 "https://www.maimounz.formagloba.fr/wp-admin/users.php" "Mozilla/5.0 (Windows NT 10.0; Win64; x64) AppleWebKit/537.36 (KHTML, like Gecko) Chrome/148.0.0.0 Safari/537.36"
109.234.164.184 - - [07/Jun/2026:12:37:44 +0200] "POST /wp-admin/admin-ajax.php?action=async_litespeed&nonce=qZnkZbT8mot8mxZuCuumsZWrwmn3adNK&litespeed_type=imgoptm HTTP/1.1" 200 1 "-" "WordPress/7.0; https://www.maimounz.formagloba.fr"
109.234.164.184 - - [07/Jun/2026:12:39:45 +0200] "POST /wp-cron.php?doing_wp_cron=1780828785.5054790973663330078125 HTTP/1.1" 200 - "-" "WordPress/7.0; https://www.maimounz.formagloba.fr"
185.59.220.170 - - [07/Jun/2026:12:39:45 +0200] "POST /wp-admin/admin-ajax.php HTTP/1.1" 200 47 "https://www.maimounz.formagloba.fr/wp-admin/users.php" "Mozilla/5.0 (Windows NT 10.0; Win64; x64) AppleWebKit/537.36 (KHTML, like Gecko) Chrome/148.0.0.0 Safari/537.36"
109.234.164.184 - - [07/Jun/2026:12:39:45 +0200] "POST /wp-admin/admin-ajax.php?action=async_litespeed&nonce=eu8X0TtcUNcWNzlffggxVaLlyc3VbeWt&litespeed_type=imgoptm HTTP/1.1" 200 1 "-" "WordPress/7.0; https://www.maimounz.formagloba.fr"
109.234.164.184 - - [07/Jun/2026:12:40:20 +0200] "POST /wp-cron.php?doing_wp_cron=1780828820.8454151153564453125000 HTTP/1.1" 200 - "-" "WordPress/7.0; https://www.maimounz.formagloba.fr"
207.46.13.168 - - [07/Jun/2026:12:40:20 +0200] "GET /detail/325514550 HTTP/1.1" 404 219716 "-" "Mozilla/5.0 AppleWebKit/537.36 (KHTML, like Gecko; compatible; bingbot/2.0; +http://www.bing.com/bingbot.htm) Chrome/116.0.1938.76 Safari/537.36"
109.234.164.184 - - [07/Jun/2026:12:40:21 +0200] "POST /wp-admin/admin-ajax.php?action=async_litespeed&nonce=SPCxlowxB0KbrkL2yoqY6DXu0ujiBPeC&litespeed_type=imgoptm HTTP/1.1" 200 1 "-" "WordPress/7.0; https://www.maimounz.formagloba.fr"
109.234.164.184 - - [07/Jun/2026:12:41:46 +0200] "POST /wp-cron.php?doing_wp_cron=1780828906.4402260780334472656250 HTTP/1.1" 200 - "-" "WordPress/7.0; https://www.maimounz.formagloba.fr"
185.59.220.170 - - [07/Jun/2026:12:41:46 +0200] "POST /wp-admin/admin-ajax.php HTTP/1.1" 200 47 "https://www.maimounz.formagloba.fr/wp-admin/users.php" "Mozilla/5.0 (Windows NT 10.0; Win64; x64) AppleWebKit/537.36 (KHTML, like Gecko) Chrome/148.0.0.0 Safari/537.36"
109.234.164.184 - - [07/Jun/2026:12:41:46 +0200] "POST /wp-admin/admin-ajax.php?action=async_litespeed&nonce=QlNUiv40xoZqpFPyTnfYiz0ee0YvlExa&litespeed_type=imgoptm HTTP/1.1" 200 1 "-" "WordPress/7.0; https://www.maimounz.formagloba.fr"
109.234.164.184 - - [07/Jun/2026:12:43:47 +0200] "POST /wp-cron.php?doing_wp_cron=1780829027.4438459873199462890625 HTTP/1.1" 200 - "-" "WordPress/7.0; https://www.maimounz.formagloba.fr"
185.59.220.170 - - [07/Jun/2026:12:43:47 +0200] "POST /wp-admin/admin-ajax.php HTTP/1.1" 200 47 "https://www.maimounz.formagloba.fr/wp-admin/users.php" "Mozilla/5.0 (Windows NT 10.0; Win64; x64) AppleWebKit/537.36 (KHTML, like Gecko) Chrome/148.0.0.0 Safari/537.36"
109.234.164.184 - - [07/Jun/2026:12:43:47 +0200] "POST /wp-admin/admin-ajax.php?action=async_litespeed&nonce=72DCsueG2l7N5ouE5r8w5ZosQKu3bMkX&litespeed_type=imgoptm HTTP/1.1" 200 1 "-" "WordPress/7.0; https://www.maimounz.formagloba.fr"
109.234.164.184 - - [07/Jun/2026:12:45:48 +0200] "POST /wp-cron.php?doing_wp_cron=1780829148.4000608921051025390625 HTTP/1.1" 200 - "-" "WordPress/7.0; https://www.maimounz.formagloba.fr"
185.59.220.170 - - [07/Jun/2026:12:45:48 +0200] "POST /wp-admin/admin-ajax.php HTTP/1.1" 200 47 "https://www.maimounz.formagloba.fr/wp-admin/users.php" "Mozilla/5.0 (Windows NT 10.0; Win64; x64) AppleWebKit/537.36 (KHTML, like Gecko) Chrome/148.0.0.0 Safari/537.36"
109.234.164.184 - - [07/Jun/2026:12:45:48 +0200] "POST /wp-admin/admin-ajax.php?action=async_litespeed&nonce=GmzuaHp4ju6tJKA9CyQ3XbXmLhQNvB0G&litespeed_type=imgoptm HTTP/1.1" 200 1 "-" "WordPress/7.0; https://www.maimounz.formagloba.fr"
109.234.164.184 - - [07/Jun/2026:12:47:49 +0200] "POST /wp-cron.php?doing_wp_cron=1780829269.4264020919799804687500 HTTP/1.1" 200 - "-" "WordPress/7.0; https://www.maimounz.formagloba.fr"
185.59.220.170 - - [07/Jun/2026:12:47:49 +0200] "POST /wp-admin/admin-ajax.php HTTP/1.1" 200 47 "https://www.maimounz.formagloba.fr/wp-admin/users.php" "Mozilla/5.0 (Windows NT 10.0; Win64; x64) AppleWebKit/537.36 (KHTML, like Gecko) Chrome/148.0.0.0 Safari/537.36"
109.234.164.184 - - [07/Jun/2026:12:47:49 +0200] "POST /wp-admin/admin-ajax.php?action=async_litespeed&nonce=iFXdbKJ6rSq4IXY3s1XM6RXZjVfaivQF&litespeed_type=imgoptm HTTP/1.1" 200 1 "-" "WordPress/7.0; https://www.maimounz.formagloba.fr"
109.234.164.184 - - [07/Jun/2026:12:48:04 +0200] "POST /wp-cron.php?doing_wp_cron=1780829284.2914938926696777343750 HTTP/1.1" 200 - "-" "WordPress/7.0; https://www.maimounz.formagloba.fr"
157.55.39.204 - - [07/Jun/2026:12:48:03 +0200] "GET /detail/790294623 HTTP/1.1" 404 219716 "-" "Mozilla/5.0 AppleWebKit/537.36 (KHTML, like Gecko; compatible; bingbot/2.0; +http://www.bing.com/bingbot.htm) Chrome/116.0.1938.76 Safari/537.36"
109.234.164.184 - - [07/Jun/2026:12:49:50 +0200] "POST /wp-cron.php?doing_wp_cron=1780829390.4058380126953125000000 HTTP/1.1" 200 - "-" "WordPress/7.0; https://www.maimounz.formagloba.fr"
185.59.220.170 - - [07/Jun/2026:12:49:50 +0200] "POST /wp-admin/admin-ajax.php HTTP/1.1" 200 47 "https://www.maimounz.formagloba.fr/wp-admin/users.php" "Mozilla/5.0 (Windows NT 10.0; Win64; x64) AppleWebKit/537.36 (KHTML, like Gecko) Chrome/148.0.0.0 Safari/537.36"
109.234.164.184 - - [07/Jun/2026:12:49:50 +0200] "POST /wp-admin/admin-ajax.php?action=async_litespeed&nonce=j5dIDUedNDxMh9UfCKCRzSHtnooaPx9S&litespeed_type=imgoptm HTTP/1.1" 200 1 "-" "WordPress/7.0; https://www.maimounz.formagloba.fr"
109.234.164.184 - - [07/Jun/2026:12:50:33 +0200] "POST /wp-admin/admin-ajax.php?action=async_litespeed&nonce=HVonIv3rDGhEeM5hwaXQn2BQ8alCwjs3&litespeed_type=imgoptm HTTP/1.1" 200 1 "-" "WordPress/7.0; https://www.maimounz.formagloba.fr"
109.234.164.184 - - [07/Jun/2026:12:51:51 +0200] "POST /wp-cron.php?doing_wp_cron=1780829511.8293449878692626953125 HTTP/1.1" 200 - "-" "WordPress/7.0; https://www.maimounz.formagloba.fr"
185.59.220.170 - - [07/Jun/2026:12:51:51 +0200] "POST /wp-admin/admin-ajax.php HTTP/1.1" 200 47 "https://www.maimounz.formagloba.fr/wp-admin/users.php" "Mozilla/5.0 (Windows NT 10.0; Win64; x64) AppleWebKit/537.36 (KHTML, like Gecko) Chrome/148.0.0.0 Safari/537.36"
109.234.164.184 - - [07/Jun/2026:12:51:52 +0200] "POST /wp-admin/admin-ajax.php?action=async_litespeed&nonce=8lWtOpe3h7uDA1DGzr6RqXVNMTElRImr&litespeed_type=imgoptm HTTP/1.1" 200 1 "-" "WordPress/7.0; https://www.maimounz.formagloba.fr"
109.234.164.184 - - [07/Jun/2026:12:53:52 +0200] "POST /wp-cron.php?doing_wp_cron=1780829632.8594779968261718750000 HTTP/1.1" 200 - "-" "WordPress/7.0; https://www.maimounz.formagloba.fr"
185.59.220.170 - - [07/Jun/2026:12:53:52 +0200] "POST /wp-admin/admin-ajax.php HTTP/1.1" 200 47 "https://www.maimounz.formagloba.fr/wp-admin/users.php" "Mozilla/5.0 (Windows NT 10.0; Win64; x64) AppleWebKit/537.36 (KHTML, like Gecko) Chrome/148.0.0.0 Safari/537.36"
109.234.164.184 - - [07/Jun/2026:12:53:53 +0200] "POST /wp-admin/admin-ajax.php?action=async_litespeed&nonce=LoObesCqDzN1Cqz84agpKciV3GoFIKT5&litespeed_type=imgoptm HTTP/1.1" 200 1 "-" "WordPress/7.0; https://www.maimounz.formagloba.fr"
109.234.164.184 - - [07/Jun/2026:12:55:53 +0200] "POST /wp-cron.php?doing_wp_cron=1780829753.8388619422912597656250 HTTP/1.1" 200 - "-" "WordPress/7.0; https://www.maimounz.formagloba.fr"
185.59.220.170 - - [07/Jun/2026:12:55:53 +0200] "POST /wp-admin/admin-ajax.php HTTP/1.1" 200 47 "https://www.maimounz.formagloba.fr/wp-admin/users.php" "Mozilla/5.0 (Windows NT 10.0; Win64; x64) AppleWebKit/537.36 (KHTML, like Gecko) Chrome/148.0.0.0 Safari/537.36"
109.234.164.184 - - [07/Jun/2026:12:55:54 +0200] "POST /wp-admin/admin-ajax.php?action=async_litespeed&nonce=PppZb6mgo86wCGuYx3we7oUqqSbKp2pk&litespeed_type=imgoptm HTTP/1.1" 200 1 "-" "WordPress/7.0; https://www.maimounz.formagloba.fr"
109.234.164.184 - - [07/Jun/2026:12:57:54 +0200] "POST /wp-cron.php?doing_wp_cron=1780829874.7916929721832275390625 HTTP/1.1" 200 - "-" "WordPress/7.0; https://www.maimounz.formagloba.fr"
185.59.220.170 - - [07/Jun/2026:12:57:54 +0200] "POST /wp-admin/admin-ajax.php HTTP/1.1" 200 47 "https://www.maimounz.formagloba.fr/wp-admin/users.php" "Mozilla/5.0 (Windows NT 10.0; Win64; x64) AppleWebKit/537.36 (KHTML, like Gecko) Chrome/148.0.0.0 Safari/537.36"
109.234.164.184 - - [07/Jun/2026:12:57:55 +0200] "POST /wp-admin/admin-ajax.php?action=async_litespeed&nonce=T24BHBE1XhSQWvw3BfkU2OeCaK2eGFvf&litespeed_type=imgoptm HTTP/1.1" 200 1 "-" "WordPress/7.0; https://www.maimounz.formagloba.fr"
109.234.164.184 - - [07/Jun/2026:12:59:55 +0200] "POST /wp-cron.php?doing_wp_cron=1780829995.8311030864715576171875 HTTP/1.1" 200 - "-" "WordPress/7.0; https://www.maimounz.formagloba.fr"
185.59.220.170 - - [07/Jun/2026:12:59:55 +0200] "POST /wp-admin/admin-ajax.php HTTP/1.1" 200 47 "https://www.maimounz.formagloba.fr/wp-admin/users.php" "Mozilla/5.0 (Windows NT 10.0; Win64; x64) AppleWebKit/537.36 (KHTML, like Gecko) Chrome/148.0.0.0 Safari/537.36"
109.234.164.184 - - [07/Jun/2026:12:59:56 +0200] "POST /wp-admin/admin-ajax.php?action=async_litespeed&nonce=H6zjz4ifN6VPjymdkEnLhpRdTVe7WgXW&litespeed_type=imgoptm HTTP/1.1" 200 1 "-" "WordPress/7.0; https://www.maimounz.formagloba.fr"
109.234.164.184 - - [07/Jun/2026:13:02:55 +0200] "POST /wp-admin/admin-ajax.php?action=async_litespeed&nonce=0tZOokrkr5NoScOIKHfjzhdosxrpd1iF&litespeed_type=imgoptm HTTP/1.1" 200 1 "-" "WordPress/7.0; https://www.maimounz.formagloba.fr"
109.234.164.184 - - [07/Jun/2026:13:03:54 +0200] "POST /wp-admin/admin-ajax.php?action=async_litespeed&nonce=Gpe0ViNE3fpi1xnpYIJHa2tinYSNUMgB&litespeed_type=imgoptm HTTP/1.1" 200 1 "-" "WordPress/7.0; https://www.maimounz.formagloba.fr"
109.234.164.184 - - [07/Jun/2026:13:06:41 +0200] "POST /wp-admin/admin-ajax.php?action=async_litespeed&nonce=NFN6ykLljQgDWSOo8vi6wTqkI1AVWWOZ&litespeed_type=imgoptm HTTP/1.1" 200 1 "-" "WordPress/7.0; https://www.maimounz.formagloba.fr"
109.234.164.184 - - [07/Jun/2026:13:16:06 +0200] "POST /wp-cron.php?doing_wp_cron=1780830966.3871769905090332031250 HTTP/1.1" 200 - "-" "WordPress/7.0; https://www.maimounz.formagloba.fr"
207.46.13.150 - - [07/Jun/2026:13:16:05 +0200] "GET /detail/112878719 HTTP/1.1" 404 219716 "-" "Mozilla/5.0 AppleWebKit/537.36 (KHTML, like Gecko; compatible; bingbot/2.0; +http://www.bing.com/bingbot.htm) Chrome/116.0.1938.76 Safari/537.36"
109.234.164.184 - - [07/Jun/2026:13:16:06 +0200] "POST /wp-admin/admin-ajax.php?action=async_litespeed&nonce=41Iliexwkm1vi5pD5ZKy7YCuBZaNsHIH&litespeed_type=imgoptm HTTP/1.1" 200 1 "-" "WordPress/7.0; https://www.maimounz.formagloba.fr"
109.234.164.184 - - [07/Jun/2026:13:24:17 +0200] "POST /wp-cron.php?doing_wp_cron=1780831457.4093899726867675781250 HTTP/1.1" 200 - "-" "WordPress/7.0; https://www.maimounz.formagloba.fr"
4.181.54.12 - - [07/Jun/2026:13:24:16 +0200] "GET /detail/625077706 HTTP/1.1" 404 219716 "-" "Mozilla/5.0 (Windows NT 10.0; Win64; x64) AppleWebKit/537.36 (KHTML, like Gecko) Chrome/131.0.0.0 Safari/537.36 Edg/131.0.0.0"
109.234.164.184 - - [07/Jun/2026:13:24:17 +0200] "POST /wp-admin/admin-ajax.php?action=async_litespeed&nonce=ICEYrq6LYvsaAQr7k9p8ZhWGHFZLqhrt&litespeed_type=imgoptm HTTP/1.1" 200 1 "-" "WordPress/7.0; https://www.maimounz.formagloba.fr"
109.234.164.184 - - [07/Jun/2026:13:44:55 +0200] "POST /wp-cron.php?doing_wp_cron=1780832695.9436309337615966796875 HTTP/1.1" 200 - "-" "WordPress/7.0; https://www.maimounz.formagloba.fr"
207.46.13.63 - - [07/Jun/2026:13:44:55 +0200] "GET /detail/740710715 HTTP/1.1" 404 219716 "-" "Mozilla/5.0 AppleWebKit/537.36 (KHTML, like Gecko; compatible; bingbot/2.0; +http://www.bing.com/bingbot.htm) Chrome/116.0.1938.76 Safari/537.36"
109.234.164.184 - - [07/Jun/2026:13:44:56 +0200] "POST /wp-admin/admin-ajax.php?action=async_litespeed&nonce=Ah39nltCecTNexvF6qbgX5rQn7ALtvQ5&litespeed_type=imgoptm HTTP/1.1" 200 1 "-" "WordPress/7.0; https://www.maimounz.formagloba.fr"
109.234.164.184 - - [07/Jun/2026:13:48:29 +0200] "POST /wp-cron.php?doing_wp_cron=1780832909.2145619392395019531250 HTTP/1.1" 200 - "-" "WordPress/7.0; https://www.maimounz.formagloba.fr"
216.73.216.102 - - [07/Jun/2026:13:48:28 +0200] "GET /robots.txt HTTP/1.1" 200 124 "-" "Mozilla/5.0 AppleWebKit/537.36 (KHTML, like Gecko; compatible; ClaudeBot/1.0; +claudebot@anthropic.com)"
216.73.216.102 - - [07/Jun/2026:13:48:29 +0200] "GET /wp-content/uploads/automatic-css/automatic-gutenberg.css HTTP/1.1" 200 7360 "-" "Mozilla/5.0 AppleWebKit/537.36 (KHTML, like Gecko; compatible; ClaudeBot/1.0; +claudebot@anthropic.com)"
216.73.216.102 - - [07/Jun/2026:13:48:29 +0200] "GET /wp-content/uploads/automatic-css/automatic-bricks.css HTTP/1.1" 200 53821 "-" "Mozilla/5.0 AppleWebKit/537.36 (KHTML, like Gecko; compatible; ClaudeBot/1.0; +claudebot@anthropic.com)"
109.234.164.184 - - [07/Jun/2026:13:48:29 +0200] "POST /wp-admin/admin-ajax.php?action=async_litespeed&nonce=waRjxbU1VHdAheCVEpvWCd9WXiuY16PI&litespeed_type=imgoptm HTTP/1.1" 200 1 "-" "WordPress/7.0; https://www.maimounz.formagloba.fr"
216.73.216.102 - - [07/Jun/2026:13:48:30 +0200] "GET /wp-content/uploads/automatic-css/automatic.css HTTP/1.1" 200 273001 "-" "Mozilla/5.0 AppleWebKit/537.36 (KHTML, like Gecko; compatible; ClaudeBot/1.0; +claudebot@anthropic.com)"
216.73.216.102 - - [07/Jun/2026:13:48:34 +0200] "GET /wp-content/plugins/frames-plugin/classes/Widgets/accordion/css/accordion.css HTTP/1.1" 200 1600 "-" "Mozilla/5.0 AppleWebKit/537.36 (KHTML, like Gecko; compatible; ClaudeBot/1.0; +claudebot@anthropic.com)"
216.73.216.102 - - [07/Jun/2026:13:48:34 +0200] "GET /wp-content/themes/bricks/assets/css/libs/ionicons.min.css HTTP/1.1" 200 29261 "-" "Mozilla/5.0 AppleWebKit/537.36 (KHTML, like Gecko; compatible; ClaudeBot/1.0; +claudebot@anthropic.com)"
216.73.216.102 - - [07/Jun/2026:13:48:34 +0200] "GET /wp-includes/js/underscore.min.js HTTP/1.1" 200 19012 "-" "Mozilla/5.0 AppleWebKit/537.36 (KHTML, like Gecko; compatible; ClaudeBot/1.0; +claudebot@anthropic.com)"
216.73.216.102 - - [07/Jun/2026:13:48:54 +0200] "GET /wp-content/themes/bricks/assets/css/libs/tooltips.min.css HTTP/1.1" 200 4721 "-" "Mozilla/5.0 AppleWebKit/537.36 (KHTML, like Gecko; compatible; ClaudeBot/1.0; +claudebot@anthropic.com)"
216.73.216.102 - - [07/Jun/2026:13:48:54 +0200] "GET /wp-content/plugins/woocommerce/assets/css/brands.css HTTP/1.1" 200 2279 "-" "Mozilla/5.0 AppleWebKit/537.36 (KHTML, like Gecko; compatible; ClaudeBot/1.0; +claudebot@anthropic.com)"
216.73.216.102 - - [07/Jun/2026:13:48:55 +0200] "GET /wp-includes/js/jquery/jquery.min.js HTTP/1.1" 200 87553 "-" "Mozilla/5.0 AppleWebKit/537.36 (KHTML, like Gecko; compatible; ClaudeBot/1.0; +claudebot@anthropic.com)"
216.73.216.102 - - [07/Jun/2026:13:49:03 +0200] "GET /wp-content/plugins/ws-form/shared/js/ws-form.min.js HTTP/1.1" 200 96198 "-" "Mozilla/5.0 AppleWebKit/537.36 (KHTML, like Gecko; compatible; ClaudeBot/1.0; +claudebot@anthropic.com)"
216.73.216.102 - - [07/Jun/2026:13:49:03 +0200] "GET /wp-includes/js/wp-util.min.js HTTP/1.1" 200 1431 "-" "Mozilla/5.0 AppleWebKit/537.36 (KHTML, like Gecko; compatible; ClaudeBot/1.0; +claudebot@anthropic.com)"
216.73.216.102 - - [07/Jun/2026:13:49:04 +0200] "GET /wp-includes/js/jquery/jquery-migrate.min.js HTTP/1.1" 200 13577 "-" "Mozilla/5.0 AppleWebKit/537.36 (KHTML, like Gecko; compatible; ClaudeBot/1.0; +claudebot@anthropic.com)"
216.73.216.102 - - [07/Jun/2026:13:49:41 +0200] "GET /wp-content/plugins/ws-form/public/css/ws-form-public-button.min.css HTTP/1.1" 200 13852 "-" "Mozilla/5.0 AppleWebKit/537.36 (KHTML, like Gecko; compatible; ClaudeBot/1.0; +claudebot@anthropic.com)"
216.73.216.102 - - [07/Jun/2026:13:49:41 +0200] "GET /wp-content/plugins/frames-plugin/classes/Widgets/accordion/js/accordion.js HTTP/1.1" 200 21455 "-" "Mozilla/5.0 AppleWebKit/537.36 (KHTML, like Gecko; compatible; ClaudeBot/1.0; +claudebot@anthropic.com)"
216.73.216.102 - - [07/Jun/2026:13:49:41 +0200] "GET /wp-content/plugins/complianz-gdpr/assets/css/cookieblocker.min.css HTTP/1.1" 200 2782 "-" "Mozilla/5.0 AppleWebKit/537.36 (KHTML, like Gecko; compatible; ClaudeBot/1.0; +claudebot@anthropic.com)"
216.73.216.102 - - [07/Jun/2026:13:49:47 +0200] "GET /wp-content/themes/bricks/assets/css/integrations/woocommerce.min.css HTTP/1.1" 200 65184 "-" "Mozilla/5.0 AppleWebKit/537.36 (KHTML, like Gecko; compatible; ClaudeBot/1.0; +claudebot@anthropic.com)"
216.73.216.102 - - [07/Jun/2026:13:49:47 +0200] "GET /wp-content/plugins/woocommerce/assets/js/jquery-blockui/jquery.blockUI.min.js HTTP/1.1" 200 9636 "-" "Mozilla/5.0 AppleWebKit/537.36 (KHTML, like Gecko; compatible; ClaudeBot/1.0; +claudebot@anthropic.com)"
216.73.216.102 - - [07/Jun/2026:13:49:47 +0200] "GET /wp-content/plugins/woocommerce/assets/client/blocks/wc-blocks.css HTTP/1.1" 200 12942 "-" "Mozilla/5.0 AppleWebKit/537.36 (KHTML, like Gecko; compatible; ClaudeBot/1.0; +claudebot@anthropic.com)"
216.73.216.102 - - [07/Jun/2026:13:50:12 +0200] "GET /wp-content/plugins/site-reviews/assets/styles/default.css HTTP/1.1" 200 30353 "-" "Mozilla/5.0 AppleWebKit/537.36 (KHTML, like Gecko; compatible; ClaudeBot/1.0; +claudebot@anthropic.com)"
216.73.216.102 - - [07/Jun/2026:13:50:12 +0200] "GET /wp-content/plugins/woocommerce/assets/js/sourcebuster/sourcebuster.min.js HTTP/1.1" 200 15315 "-" "Mozilla/5.0 AppleWebKit/537.36 (KHTML, like Gecko; compatible; ClaudeBot/1.0; +claudebot@anthropic.com)"
216.73.216.102 - - [07/Jun/2026:13:50:13 +0200] "GET /wp-content/plugins/ws-form/public/css/ws-form-public-base.min.css HTTP/1.1" 200 54588 "-" "Mozilla/5.0 AppleWebKit/537.36 (KHTML, like Gecko; compatible; ClaudeBot/1.0; +claudebot@anthropic.com)"
216.73.216.102 - - [07/Jun/2026:13:50:24 +0200] "GET /wp-content/plugins/woocommerce/assets/js/zoom/jquery.zoom.min.js HTTP/1.1" 200 2673 "-" "Mozilla/5.0 AppleWebKit/537.36 (KHTML, like Gecko; compatible; ClaudeBot/1.0; +claudebot@anthropic.com)"
216.73.216.102 - - [07/Jun/2026:13:50:24 +0200] "GET /wp-content/plugins/woocommerce/assets/js/js-cookie/js.cookie.min.js HTTP/1.1" 200 1720 "-" "Mozilla/5.0 AppleWebKit/537.36 (KHTML, like Gecko; compatible; ClaudeBot/1.0; +claudebot@anthropic.com)"
216.73.216.102 - - [07/Jun/2026:13:50:25 +0200] "GET /wp-content/plugins/woocommerce/assets/js/flexslider/jquery.flexslider.min.js HTTP/1.1" 200 21555 "-" "Mozilla/5.0 AppleWebKit/537.36 (KHTML, like Gecko; compatible; ClaudeBot/1.0; +claudebot@anthropic.com)"
216.73.216.102 - - [07/Jun/2026:13:51:07 +0200] "GET /wp-content/themes/bricks/assets/js/integrations/woocommerce.min.js HTTP/1.1" 200 20560 "-" "Mozilla/5.0 AppleWebKit/537.36 (KHTML, like Gecko; compatible; ClaudeBot/1.0; +claudebot@anthropic.com)"
216.73.216.102 - - [07/Jun/2026:13:51:07 +0200] "GET /wp-content/plugins/woocommerce/assets/js/frontend/single-product.min.js HTTP/1.1" 200 9347 "-" "Mozilla/5.0 AppleWebKit/537.36 (KHTML, like Gecko; compatible; ClaudeBot/1.0; +claudebot@anthropic.com)"
216.73.216.102 - - [07/Jun/2026:13:51:08 +0200] "GET /wp-content/plugins/woocommerce/assets/js/frontend/order-attribution.min.js HTTP/1.1" 200 2356 "-" "Mozilla/5.0 AppleWebKit/537.36 (KHTML, like Gecko; compatible; ClaudeBot/1.0; +claudebot@anthropic.com)"
216.73.216.102 - - [07/Jun/2026:13:51:13 +0200] "GET /wp-content/plugins/woocommerce/assets/css/photoswipe/default-skin/default-skin.min.css HTTP/1.1" 200 7947 "-" "Mozilla/5.0 AppleWebKit/537.36 (KHTML, like Gecko; compatible; ClaudeBot/1.0; +claudebot@anthropic.com)"
216.73.216.102 - - [07/Jun/2026:13:51:13 +0200] "GET /wp-content/plugins/ws-form/public/js/ws-form-public.min.js HTTP/1.1" 200 59791 "-" "Mozilla/5.0 AppleWebKit/537.36 (KHTML, like Gecko; compatible; ClaudeBot/1.0; +claudebot@anthropic.com)"
216.73.216.102 - - [07/Jun/2026:13:51:14 +0200] "GET /wp-content/plugins/woocommerce/assets/js/frontend/woocommerce.min.js HTTP/1.1" 200 3804 "-" "Mozilla/5.0 AppleWebKit/537.36 (KHTML, like Gecko; compatible; ClaudeBot/1.0; +claudebot@anthropic.com)"
216.73.216.102 - - [07/Jun/2026:13:51:40 +0200] "GET /wp-content/plugins/site-reviews/assets/scripts/site-reviews.js HTTP/1.1" 200 42592 "-" "Mozilla/5.0 AppleWebKit/537.36 (KHTML, like Gecko; compatible; ClaudeBot/1.0; +claudebot@anthropic.com)"
109.234.164.184 - - [07/Jun/2026:13:51:41 +0200] "POST /wp-cron.php?doing_wp_cron=1780833101.5947151184082031250000 HTTP/1.1" 200 - "-" "WordPress/7.0; https://www.maimounz.formagloba.fr"
216.73.216.102 - - [07/Jun/2026:13:51:40 +0200] "GET /boutique/non-classe/ HTTP/1.1" 200 240587 "-" "Mozilla/5.0 AppleWebKit/537.36 (KHTML, like Gecko; compatible; ClaudeBot/1.0; +claudebot@anthropic.com)"
109.234.164.184 - - [07/Jun/2026:13:51:42 +0200] "POST /wp-admin/admin-ajax.php?action=async_litespeed&nonce=FAW5tTbJvVci6mtpmhetxua552WZbjiU&litespeed_type=imgoptm HTTP/1.1" 200 1 "-" "WordPress/7.0; https://www.maimounz.formagloba.fr"
216.73.216.102 - - [07/Jun/2026:13:52:05 +0200] "GET /wp-content/plugins/woocommerce/assets/css/photoswipe/photoswipe.min.css HTTP/1.1" 200 3287 "-" "Mozilla/5.0 AppleWebKit/537.36 (KHTML, like Gecko; compatible; ClaudeBot/1.0; +claudebot@anthropic.com)"
109.234.164.184 - - [07/Jun/2026:13:52:06 +0200] "POST /wp-cron.php?doing_wp_cron=1780833126.2736968994140625000000 HTTP/1.1" 200 - "-" "WordPress/7.0; https://www.maimounz.formagloba.fr"
216.73.216.102 - - [07/Jun/2026:13:52:05 +0200] "GET /produit/poudre/feed/ HTTP/1.1" 200 779 "-" "Mozilla/5.0 AppleWebKit/537.36 (KHTML, like Gecko; compatible; ClaudeBot/1.0; +claudebot@anthropic.com)"
216.73.216.102 - - [07/Jun/2026:13:52:22 +0200] "GET /wp-content/plugins/woocommerce/assets/js/frontend/cart-fragments.min.js HTTP/1.1" 200 2939 "-" "Mozilla/5.0 AppleWebKit/537.36 (KHTML, like Gecko; compatible; ClaudeBot/1.0; +claudebot@anthropic.com)"
216.73.216.102 - - [07/Jun/2026:13:52:22 +0200] "GET /wp-content/uploads/woocommerce-placeholder.png HTTP/1.1" 200 48149 "-" "Mozilla/5.0 AppleWebKit/537.36 (KHTML, like Gecko; compatible; ClaudeBot/1.0; +claudebot@anthropic.com)"
216.73.216.102 - - [07/Jun/2026:13:52:47 +0200] "GET /wp-content/plugins/woocommerce/assets/js/frontend/add-to-cart.min.js HTTP/1.1" 200 4035 "-" "Mozilla/5.0 AppleWebKit/537.36 (KHTML, like Gecko; compatible; ClaudeBot/1.0; +claudebot@anthropic.com)"
216.73.216.102 - - [07/Jun/2026:13:52:47 +0200] "GET /wp-content/plugins/woocommerce/assets/js/frontend/add-to-cart-variation.min.js HTTP/1.1" 200 14723 "-" "Mozilla/5.0 AppleWebKit/537.36 (KHTML, like Gecko; compatible; ClaudeBot/1.0; +claudebot@anthropic.com)"
216.73.216.102 - - [07/Jun/2026:13:53:11 +0200] "GET /produit/poudre/%7B HTTP/1.1" 301 - "-" "Mozilla/5.0 AppleWebKit/537.36 (KHTML, like Gecko; compatible; ClaudeBot/1.0; +claudebot@anthropic.com)"
109.234.164.184 - - [07/Jun/2026:13:53:12 +0200] "POST /wp-cron.php?doing_wp_cron=1780833192.1232669353485107421875 HTTP/1.1" 200 - "-" "WordPress/7.0; https://www.maimounz.formagloba.fr"
216.73.216.102 - - [07/Jun/2026:13:53:11 +0200] "GET /produit/plateau-mandina/feed/ HTTP/1.1" 200 796 "-" "Mozilla/5.0 AppleWebKit/537.36 (KHTML, like Gecko; compatible; ClaudeBot/1.0; +claudebot@anthropic.com)"
109.234.164.184 - - [07/Jun/2026:13:53:12 +0200] "POST /wp-admin/admin-ajax.php?action=async_litespeed&nonce=Ol9poC8nqE8QBFfLrKviFklY5nJCpzlU&litespeed_type=imgoptm HTTP/1.1" 200 1 "-" "WordPress/7.0; https://www.maimounz.formagloba.fr"
216.73.216.102 - - [07/Jun/2026:13:53:12 +0200] "GET /produit/poudre/ HTTP/1.1" 200 283265 "https://www.maimounz.formagloba.fr/produit/poudre/%7B" "Mozilla/5.0 AppleWebKit/537.36 (KHTML, like Gecko; compatible; ClaudeBot/1.0; +claudebot@anthropic.com)"
216.73.216.102 - - [07/Jun/2026:13:53:18 +0200] "GET /wp-content/plugins/woocommerce/assets/js/photoswipe/photoswipe.min.js HTTP/1.1" 200 31626 "-" "Mozilla/5.0 AppleWebKit/537.36 (KHTML, like Gecko; compatible; ClaudeBot/1.0; +claudebot@anthropic.com)"
109.234.164.184 - - [07/Jun/2026:13:53:18 +0200] "POST /wp-cron.php?doing_wp_cron=1780833198.6034269332885742187500 HTTP/1.1" 200 - "-" "WordPress/7.0; https://www.maimounz.formagloba.fr"
216.73.216.102 - - [07/Jun/2026:13:53:18 +0200] "GET /produit/coffret-patisserie/%7B HTTP/1.1" 301 - "-" "Mozilla/5.0 AppleWebKit/537.36 (KHTML, like Gecko; compatible; ClaudeBot/1.0; +claudebot@anthropic.com)"
109.234.164.184 - - [07/Jun/2026:13:53:18 +0200] "POST /wp-admin/admin-ajax.php?action=async_litespeed&nonce=cQRuzSj845wyLZ5a933pxG1jcCGlbV33&litespeed_type=imgoptm HTTP/1.1" 200 1 "-" "WordPress/7.0; https://www.maimounz.formagloba.fr"
