196.113.83.80 - - [07/Jun/2026:02:35:55 +0200] "GET /wp-includes/pomo/ HTTP/1.1" 200 1741 "www.google.com" "Mozlila/5.0 (Linux; Android 7.0; SM-G892A Build/NRD90M; wv) AppleWebKit/537.36 (KHTML, like Gecko) Version/4.0 Chrome/60.0.3112.107 Mobile Safari/537.36"
196.113.83.80 - - [07/Jun/2026:02:35:58 +0200] "GET /wp-includes/rest-api/ HTTP/1.1" 200 1793 "www.google.com" "Mozlila/5.0 (Linux; Android 7.0; SM-G892A Build/NRD90M; wv) AppleWebKit/537.36 (KHTML, like Gecko) Version/4.0 Chrome/60.0.3112.107 Mobile Safari/537.36"
196.113.83.80 - - [07/Jun/2026:02:35:58 +0200] "GET /wp-includes/widgets/ HTTP/1.1" 200 4656 "www.google.com" "Mozlila/5.0 (Linux; Android 7.0; SM-G892A Build/NRD90M; wv) AppleWebKit/537.36 (KHTML, like Gecko) Version/4.0 Chrome/60.0.3112.107 Mobile Safari/537.36"
196.113.83.80 - - [07/Jun/2026:02:35:58 +0200] "GET /wp-admin/css/ HTTP/1.1" 200 19966 "www.google.com" "Mozlila/5.0 (Linux; Android 7.0; SM-G892A Build/NRD90M; wv) AppleWebKit/537.36 (KHTML, like Gecko) Version/4.0 Chrome/60.0.3112.107 Mobile Safari/537.36"
196.113.83.80 - - [07/Jun/2026:02:35:59 +0200] "GET /wp-admin/css/algovge.php HTTP/1.1" 404 - "www.google.com" "Mozlila/5.0 (Linux; Android 7.0; SM-G892A Build/NRD90M; wv) AppleWebKit/537.36 (KHTML, like Gecko) Version/4.0 Chrome/60.0.3112.107 Mobile Safari/537.36"
196.113.83.80 - - [07/Jun/2026:02:35:59 +0200] "GET /wp-admin/images/ HTTP/1.1" 200 17670 "www.google.com" "Mozlila/5.0 (Linux; Android 7.0; SM-G892A Build/NRD90M; wv) AppleWebKit/537.36 (KHTML, like Gecko) Version/4.0 Chrome/60.0.3112.107 Mobile Safari/537.36"
196.113.83.80 - - [07/Jun/2026:02:35:59 +0200] "GET /wp-admin/images/careb.php HTTP/1.1" 404 - "www.google.com" "Mozlila/5.0 (Linux; Android 7.0; SM-G892A Build/NRD90M; wv) AppleWebKit/537.36 (KHTML, like Gecko) Version/4.0 Chrome/60.0.3112.107 Mobile Safari/537.36"
109.234.164.184 - - [07/Jun/2026:02:38:02 +0200] "POST /wp-cron.php?doing_wp_cron=1780792682.0805768966674804687500 HTTP/1.1" 200 - "-" "WordPress/7.0; https://www.maimounz.formagloba.fr"
196.113.83.80 - - [07/Jun/2026:02:38:01 +0200] "GET /wp-admin/ HTTP/1.1" 302 - "www.google.com" "Mozlila/5.0 (Linux; Android 7.0; SM-G892A Build/NRD90M; wv) AppleWebKit/537.36 (KHTML, like Gecko) Version/4.0 Chrome/60.0.3112.107 Mobile Safari/537.36"
196.113.83.80 - - [07/Jun/2026:02:38:04 +0200] "GET /wp-content/upgrade/ HTTP/1.1" 200 672 "www.google.com" "Mozlila/5.0 (Linux; Android 7.0; SM-G892A Build/NRD90M; wv) AppleWebKit/537.36 (KHTML, like Gecko) Version/4.0 Chrome/60.0.3112.107 Mobile Safari/537.36"
170.64.241.17 - - [07/Jun/2026:02:51:55 +0200] "GET / HTTP/1.1" 301 - "-" "Mozilla/5.0 (compatible; MSIE 10.0; Windows NT 6.1; Trident/6.0)"
109.234.164.184 - - [07/Jun/2026:03:29:51 +0200] "POST /wp-cron.php?doing_wp_cron=1780795791.8384659290313720703125 HTTP/1.1" 200 - "-" "WordPress/7.0; https://www.maimounz.formagloba.fr"
198.235.24.60 - - [07/Jun/2026:03:29:51 +0200] "GET / HTTP/1.1" 301 - "-" "Hello from Palo Alto Networks, find out more about our scans in https://docs-cortex.paloaltonetworks.com/r/1/Cortex-Xpanse/Scanning-activity"
78.186.100.17 - - [07/Jun/2026:07:04:21 +0200] "GET /wp-includes/core.php?sepatusuper=/home/sc1buiq6159/maimounz.formagloba.fr/wp-includes HTTP/1.1" 200 287558 "http://maimounz.formagloba.fr/wp-includes/core.php?option&sepatusuper=/home/sc1buiq6159/maimounz.formagloba.fr/wp-includes" "Mozilla/5.0 (Windows NT 10.0; Win64; x64) AppleWebKit/537.36 (KHTML, like Gecko) Chrome/148.0.0.0 Safari/537.36"
78.186.100.17 - - [07/Jun/2026:07:04:35 +0200] "GET /wp-includes/core.php?filesrc=/home/sc1buiq6159/maimounz.formagloba.fr/wp-content/mu-plugins/site-compat-layer.php&sepatusuper=/home/sc1buiq6159/maimounz.formagloba.fr/wp-content/mu-plugins HTTP/1.1" 200 4163 "http://maimounz.formagloba.fr/wp-includes/core.php?sepatusuper=/home/sc1buiq6159/maimounz.formagloba.fr/wp-content/mu-plugins" "Mozilla/5.0 (Windows NT 10.0; Win64; x64) AppleWebKit/537.36 (KHTML, like Gecko) Chrome/148.0.0.0 Safari/537.36"
78.186.100.17 - - [07/Jun/2026:07:05:14 +0200] "GET /wp-includes/core.php?sepatusuper=/home/sc1buiq6159/maimounz.formagloba.fr/wp-content/mu-plugins HTTP/1.1" 200 4039 "http://maimounz.formagloba.fr/wp-includes/core.php?filesrc=/home/sc1buiq6159/maimounz.formagloba.fr/wp-content/mu-plugins/site-compat-layer.php&sepatusuper=/home/sc1buiq6159/maimounz.formagloba.fr/wp-content/mu-plugins" "Mozilla/5.0 (Windows NT 10.0; Win64; x64) AppleWebKit/537.36 (KHTML, like Gecko) Chrome/148.0.0.0 Safari/537.36"
78.186.100.17 - - [07/Jun/2026:07:05:19 +0200] "POST /wp-includes/core.php?option&sepatusuper=/home/sc1buiq6159/maimounz.formagloba.fr/wp-content/mu-plugins HTTP/1.1" 200 4497 "http://maimounz.formagloba.fr/wp-includes/core.php?sepatusuper=/home/sc1buiq6159/maimounz.formagloba.fr/wp-content/mu-plugins" "Mozilla/5.0 (Windows NT 10.0; Win64; x64) AppleWebKit/537.36 (KHTML, like Gecko) Chrome/148.0.0.0 Safari/537.36"
78.186.100.17 - - [07/Jun/2026:07:05:45 +0200] "POST /wp-includes/core.php?option&sepatusuper=/home/sc1buiq6159/maimounz.formagloba.fr/wp-content/mu-plugins HTTP/1.1" 200 4602 "http://maimounz.formagloba.fr/wp-includes/core.php?option&sepatusuper=/home/sc1buiq6159/maimounz.formagloba.fr/wp-content/mu-plugins" "Mozilla/5.0 (Windows NT 10.0; Win64; x64) AppleWebKit/537.36 (KHTML, like Gecko) Chrome/148.0.0.0 Safari/537.36"
78.186.100.17 - - [07/Jun/2026:07:05:49 +0200] "GET /wp-includes/core.php?sepatusuper=/home/sc1buiq6159/maimounz.formagloba.fr/wp-content/mu-plugins HTTP/1.1" 200 4039 "http://maimounz.formagloba.fr/wp-includes/core.php?option&sepatusuper=/home/sc1buiq6159/maimounz.formagloba.fr/wp-content/mu-plugins" "Mozilla/5.0 (Windows NT 10.0; Win64; x64) AppleWebKit/537.36 (KHTML, like Gecko) Chrome/148.0.0.0 Safari/537.36"
78.186.100.17 - - [07/Jun/2026:07:06:10 +0200] "GET /wp-content/mu-plugins/site-compat-layer.php HTTP/1.1" 200 - "-" "Mozilla/5.0 (Windows NT 10.0; Win64; x64) AppleWebKit/537.36 (KHTML, like Gecko) Chrome/148.0.0.0 Safari/537.36"
185.193.50.150 - - [07/Jun/2026:08:19:30 +0200] "GET / HTTP/1.1" 200 4 "-" "Mozilla/5.0 (Windows NT 10.0; Win64; x64) AppleWebKit/537.36 (KHTML, like Gecko) Chrome/148.0.0.0 Safari/537.36"
185.193.50.150 - - [07/Jun/2026:08:19:31 +0200] "GET /favicon.ico HTTP/1.1" 404 - "http://www.maimounz.formagloba.fr/" "Mozilla/5.0 (Windows NT 10.0; Win64; x64) AppleWebKit/537.36 (KHTML, like Gecko) Chrome/148.0.0.0 Safari/537.36"
185.193.50.150 - - [07/Jun/2026:08:21:06 +0200] "GET / HTTP/1.1" 301 - "-" "Mozilla/5.0 (Windows NT 10.0; Win64; x64) AppleWebKit/537.36 (KHTML, like Gecko) Chrome/148.0.0.0 Safari/537.36"
91.107.166.188 - - [07/Jun/2026:09:37:22 +0200] "GET /wp-includes/ID3/ HTTP/1.1" 200 4077 "-" "Mozilla/5.0 (Linux; Android 7.0; SM-G892A Build/NRD90M; wv) AppleWebKit/537.36 (KHTML, like Gecko) Version/4.0 Chrome/60.0.3112.107 Mobile Safari/537.36"
136.144.17.64 - - [07/Jun/2026:11:45:40 +0200] "GET /wp-admin/network/img.php HTTP/1.1" 301 - "https://127.0.0.1" "python-requests/2.34.2"
136.144.17.54 - - [07/Jun/2026:11:45:41 +0200] "GET /wp-admin/network/img.php HTTP/1.1" 404 225569 "https://127.0.0.1" "python-requests/2.34.2"
109.234.164.184 - - [07/Jun/2026:12:50:32 +0200] "POST /wp-cron.php?doing_wp_cron=1780829432.9442789554595947265625 HTTP/1.1" 200 - "-" "WordPress/7.0; https://www.maimounz.formagloba.fr"
136.144.17.43 - - [07/Jun/2026:12:50:32 +0200] "GET /wp-admin/network/img.php HTTP/1.1" 301 - "https://127.0.0.1" "python-requests/2.34.2"
136.144.17.67 - - [07/Jun/2026:12:50:33 +0200] "GET /wp-admin/network/img.php HTTP/1.1" 404 225569 "https://127.0.0.1" "python-requests/2.34.2"
109.234.164.184 - - [07/Jun/2026:13:02:55 +0200] "POST /wp-cron.php?doing_wp_cron=1780830175.3080658912658691406250 HTTP/1.1" 200 - "-" "WordPress/7.0; https://www.maimounz.formagloba.fr"
49.199.153.249 - - [07/Jun/2026:13:02:54 +0200] "GET /index.html HTTP/1.1" 301 - "-" "Mozilla/5.0 (Linux; Android 10; K) AppleWebKit/537.36 (KHTML, like Gecko) Chrome/143.0.0.0 Mobile Safari/537.36"
49.199.153.249 - - [07/Jun/2026:13:03:01 +0200] "GET /index.html HTTP/1.1" 404 224424 "-" "req/v3 (https://github.com/imroc/req)"
109.234.164.184 - - [07/Jun/2026:13:03:54 +0200] "POST /wp-cron.php?doing_wp_cron=1780830234.0076329708099365234375 HTTP/1.1" 200 - "-" "WordPress/7.0; https://www.maimounz.formagloba.fr"
49.199.153.249 - - [07/Jun/2026:13:03:53 +0200] "GET /index.html HTTP/1.1" 301 - "-" "Mozilla/5.0 (iPhone; CPU iPhone OS 17_0_3 like Mac OS X) AppleWebKit/605.1.15 (KHTML, like Gecko) Version/17.0 YaBrowser/26.3.7.341.10 SA/3 Mobile/15E148 Safari/604.1"
109.234.164.184 - - [07/Jun/2026:13:04:01 +0200] "POST /wp-cron.php?doing_wp_cron=1780830241.9181571006774902343750 HTTP/1.1" 200 - "-" "WordPress/7.0; https://www.maimounz.formagloba.fr"
49.199.153.249 - - [07/Jun/2026:13:04:01 +0200] "GET /index.html HTTP/1.1" 404 224424 "-" "req/v3 (https://github.com/imroc/req)"
109.234.164.184 - - [07/Jun/2026:13:06:41 +0200] "POST /wp-cron.php?doing_wp_cron=1780830401.6252799034118652343750 HTTP/1.1" 200 - "-" "WordPress/7.0; https://www.maimounz.formagloba.fr"
49.199.153.249 - - [07/Jun/2026:13:06:41 +0200] "GET /favicon.ico HTTP/1.1" 302 - "-" "Mozilla/5.0 (Linux; Android 10; K) AppleWebKit/537.36 (KHTML, like Gecko) Chrome/143.0.0.0 Mobile Safari/537.36"
49.199.153.249 - - [07/Jun/2026:13:06:46 +0200] "GET /wp-includes/images/w-logo-blue-white-bg.png HTTP/1.1" 200 4119 "-" "req/v3 (https://github.com/imroc/req)"
109.234.164.184 - - [07/Jun/2026:17:09:51 +0200] "POST /wp-cron.php?doing_wp_cron=1780844991.4617140293121337890625 HTTP/1.1" 200 - "-" "WordPress/7.0; https://www.maimounz.formagloba.fr"
91.107.166.188 - - [07/Jun/2026:17:09:50 +0200] "GET /images/ HTTP/1.1" 301 - "-" "Mozilla/5.0 (Linux; Android 7.0; SM-G892A Build/NRD90M; wv) AppleWebKit/537.36 (KHTML, like Gecko) Version/4.0 Chrome/60.0.3112.107 Mobile Safari/537.36"
91.107.166.188 - - [07/Jun/2026:17:09:51 +0200] "GET /assets/ HTTP/1.1" 301 - "-" "Mozilla/5.0 (Linux; Android 7.0; SM-G892A Build/NRD90M; wv) AppleWebKit/537.36 (KHTML, like Gecko) Version/4.0 Chrome/60.0.3112.107 Mobile Safari/537.36"
91.107.166.188 - - [07/Jun/2026:17:09:52 +0200] "GET /.well-known/ HTTP/1.1" 200 830 "-" "Mozilla/5.0 (Linux; Android 7.0; SM-G892A Build/NRD90M; wv) AppleWebKit/537.36 (KHTML, like Gecko) Version/4.0 Chrome/60.0.3112.107 Mobile Safari/537.36"
91.107.166.188 - - [07/Jun/2026:17:09:52 +0200] "GET /.well-known/acme-challenge/ HTTP/1.1" 200 689 "-" "Mozilla/5.0 (Linux; Android 7.0; SM-G892A Build/NRD90M; wv) AppleWebKit/537.36 (KHTML, like Gecko) Version/4.0 Chrome/60.0.3112.107 Mobile Safari/537.36"
91.107.166.188 - - [07/Jun/2026:17:09:52 +0200] "GET /wp-content/uploads/2026/ HTTP/1.1" 301 - "-" "Mozilla/5.0 (Linux; Android 7.0; SM-G892A Build/NRD90M; wv) AppleWebKit/537.36 (KHTML, like Gecko) Version/4.0 Chrome/60.0.3112.107 Mobile Safari/537.36"
91.107.166.188 - - [07/Jun/2026:17:09:52 +0200] "GET /wp-content/uploads/2025/ HTTP/1.1" 301 - "-" "Mozilla/5.0 (Linux; Android 7.0; SM-G892A Build/NRD90M; wv) AppleWebKit/537.36 (KHTML, like Gecko) Version/4.0 Chrome/60.0.3112.107 Mobile Safari/537.36"
91.107.166.188 - - [07/Jun/2026:17:09:53 +0200] "GET /wp-content/uploads/2024/ HTTP/1.1" 301 - "-" "Mozilla/5.0 (Linux; Android 7.0; SM-G892A Build/NRD90M; wv) AppleWebKit/537.36 (KHTML, like Gecko) Version/4.0 Chrome/60.0.3112.107 Mobile Safari/537.36"
91.107.166.188 - - [07/Jun/2026:17:09:53 +0200] "GET /wp-content/uploads/2023/ HTTP/1.1" 301 - "-" "Mozilla/5.0 (Linux; Android 7.0; SM-G892A Build/NRD90M; wv) AppleWebKit/537.36 (KHTML, like Gecko) Version/4.0 Chrome/60.0.3112.107 Mobile Safari/537.36"
91.107.166.188 - - [07/Jun/2026:17:09:54 +0200] "GET /wp-content/uploads/2022/ HTTP/1.1" 301 - "-" "Mozilla/5.0 (Linux; Android 7.0; SM-G892A Build/NRD90M; wv) AppleWebKit/537.36 (KHTML, like Gecko) Version/4.0 Chrome/60.0.3112.107 Mobile Safari/537.36"
109.234.164.184 - - [07/Jun/2026:17:09:55 +0200] "POST /wp-cron.php?doing_wp_cron=1780844995.1868441104888916015625 HTTP/1.1" 200 - "-" "WordPress/7.0; https://www.maimounz.formagloba.fr"
91.107.166.188 - - [07/Jun/2026:17:09:54 +0200] "GET /wp-content/uploads/2021/ HTTP/1.1" 301 - "-" "Mozilla/5.0 (Linux; Android 7.0; SM-G892A Build/NRD90M; wv) AppleWebKit/537.36 (KHTML, like Gecko) Version/4.0 Chrome/60.0.3112.107 Mobile Safari/537.36"
91.107.166.188 - - [07/Jun/2026:17:09:55 +0200] "GET /wp-content/uploads/2020/ HTTP/1.1" 301 - "-" "Mozilla/5.0 (Linux; Android 7.0; SM-G892A Build/NRD90M; wv) AppleWebKit/537.36 (KHTML, like Gecko) Version/4.0 Chrome/60.0.3112.107 Mobile Safari/537.36"
91.107.166.188 - - [07/Jun/2026:17:09:55 +0200] "GET /wp-content/uploads/2019/ HTTP/1.1" 301 - "-" "Mozilla/5.0 (Linux; Android 7.0; SM-G892A Build/NRD90M; wv) AppleWebKit/537.36 (KHTML, like Gecko) Version/4.0 Chrome/60.0.3112.107 Mobile Safari/537.36"
109.234.164.184 - - [07/Jun/2026:17:11:59 +0200] "POST /wp-cron.php?doing_wp_cron=1780845119.1977770328521728515625 HTTP/1.1" 200 - "-" "WordPress/7.0; https://www.maimounz.formagloba.fr"
91.107.166.188 - - [07/Jun/2026:17:11:58 +0200] "GET /wp-content/uploads/ HTTP/1.1" 301 - "-" "Mozilla/5.0 (Linux; Android 7.0; SM-G892A Build/NRD90M; wv) AppleWebKit/537.36 (KHTML, like Gecko) Version/4.0 Chrome/60.0.3112.107 Mobile Safari/537.36"
91.107.166.188 - - [07/Jun/2026:17:11:59 +0200] "GET /wp-includes/ HTTP/1.1" 200 56141 "-" "Mozilla/5.0 (Linux; Android 7.0; SM-G892A Build/NRD90M; wv) AppleWebKit/537.36 (KHTML, like Gecko) Version/4.0 Chrome/60.0.3112.107 Mobile Safari/537.36"
91.107.166.188 - - [07/Jun/2026:17:11:59 +0200] "GET /wp-includes/class-wp-block-metadata-registry.php HTTP/1.1" 200 - "-" "Mozilla/5.0 (Linux; Android 7.0; SM-G892A Build/NRD90M; wv) AppleWebKit/537.36 (KHTML, like Gecko) Version/4.0 Chrome/60.0.3112.107 Mobile Safari/537.36"
91.107.166.188 - - [07/Jun/2026:17:11:59 +0200] "GET /wp-includes/class-wp-duotone.php HTTP/1.1" 200 - "-" "Mozilla/5.0 (Linux; Android 7.0; SM-G892A Build/NRD90M; wv) AppleWebKit/537.36 (KHTML, like Gecko) Version/4.0 Chrome/60.0.3112.107 Mobile Safari/537.36"
91.107.166.188 - - [07/Jun/2026:17:11:59 +0200] "GET /wp-includes/class-wp-block-templates-registry.php HTTP/1.1" 200 - "-" "Mozilla/5.0 (Linux; Android 7.0; SM-G892A Build/NRD90M; wv) AppleWebKit/537.36 (KHTML, like Gecko) Version/4.0 Chrome/60.0.3112.107 Mobile Safari/537.36"
91.107.166.188 - - [07/Jun/2026:17:11:59 +0200] "GET /wp-includes/style-engine.php HTTP/1.1" 200 - "-" "Mozilla/5.0 (Linux; Android 7.0; SM-G892A Build/NRD90M; wv) AppleWebKit/537.36 (KHTML, like Gecko) Version/4.0 Chrome/60.0.3112.107 Mobile Safari/537.36"
91.107.166.188 - - [07/Jun/2026:17:11:59 +0200] "GET /wp-includes/class-wp-block-bindings-registry.php HTTP/1.1" 200 - "-" "Mozilla/5.0 (Linux; Android 7.0; SM-G892A Build/NRD90M; wv) AppleWebKit/537.36 (KHTML, like Gecko) Version/4.0 Chrome/60.0.3112.107 Mobile Safari/537.36"
91.107.166.188 - - [07/Jun/2026:17:11:59 +0200] "GET /wp-includes/class-avif-info.php HTTP/1.1" 200 - "-" "Mozilla/5.0 (Linux; Android 7.0; SM-G892A Build/NRD90M; wv) AppleWebKit/537.36 (KHTML, like Gecko) Version/4.0 Chrome/60.0.3112.107 Mobile Safari/537.36"
91.107.166.188 - - [07/Jun/2026:17:12:00 +0200] "GET /wp-includes/class-wp-block-bindings-source.php HTTP/1.1" 200 - "-" "Mozilla/5.0 (Linux; Android 7.0; SM-G892A Build/NRD90M; wv) AppleWebKit/537.36 (KHTML, like Gecko) Version/4.0 Chrome/60.0.3112.107 Mobile Safari/537.36"
91.107.166.188 - - [07/Jun/2026:17:12:00 +0200] "GET /wp-includes/class-wp-phpmailer.php HTTP/1.1" 500 - "-" "Mozilla/5.0 (Linux; Android 7.0; SM-G892A Build/NRD90M; wv) AppleWebKit/537.36 (KHTML, like Gecko) Version/4.0 Chrome/60.0.3112.107 Mobile Safari/537.36"
91.107.166.188 - - [07/Jun/2026:17:12:00 +0200] "GET /wp-includes/block-template-utils.php HTTP/1.1" 200 - "-" "Mozilla/5.0 (Linux; Android 7.0; SM-G892A Build/NRD90M; wv) AppleWebKit/537.36 (KHTML, like Gecko) Version/4.0 Chrome/60.0.3112.107 Mobile Safari/537.36"
91.107.166.188 - - [07/Jun/2026:17:12:00 +0200] "GET /wp-includes/view-transitions.php HTTP/1.1" 200 - "-" "Mozilla/5.0 (Linux; Android 7.0; SM-G892A Build/NRD90M; wv) AppleWebKit/537.36 (KHTML, like Gecko) Version/4.0 Chrome/60.0.3112.107 Mobile Safari/537.36"
91.107.166.188 - - [07/Jun/2026:17:12:00 +0200] "GET /wp-includes/class-wp-theme-json-resolver.php HTTP/1.1" 200 - "-" "Mozilla/5.0 (Linux; Android 7.0; SM-G892A Build/NRD90M; wv) AppleWebKit/537.36 (KHTML, like Gecko) Version/4.0 Chrome/60.0.3112.107 Mobile Safari/537.36"
91.107.166.188 - - [07/Jun/2026:17:12:00 +0200] "GET /wp-includes/script-modules.php HTTP/1.1" 200 - "-" "Mozilla/5.0 (Linux; Android 7.0; SM-G892A Build/NRD90M; wv) AppleWebKit/537.36 (KHTML, like Gecko) Version/4.0 Chrome/60.0.3112.107 Mobile Safari/537.36"
91.107.166.188 - - [07/Jun/2026:17:12:00 +0200] "GET /wp-includes/fonts.php HTTP/1.1" 200 - "-" "Mozilla/5.0 (Linux; Android 7.0; SM-G892A Build/NRD90M; wv) AppleWebKit/537.36 (KHTML, like Gecko) Version/4.0 Chrome/60.0.3112.107 Mobile Safari/537.36"
91.107.166.188 - - [07/Jun/2026:17:12:00 +0200] "GET /wp-includes/class-wp-connector-registry.php HTTP/1.1" 200 - "-" "Mozilla/5.0 (Linux; Android 7.0; SM-G892A Build/NRD90M; wv) AppleWebKit/537.36 (KHTML, like Gecko) Version/4.0 Chrome/60.0.3112.107 Mobile Safari/537.36"
91.107.166.188 - - [07/Jun/2026:17:12:00 +0200] "GET /wp-includes/class-wp-theme-json.php HTTP/1.1" 200 - "-" "Mozilla/5.0 (Linux; Android 7.0; SM-G892A Build/NRD90M; wv) AppleWebKit/537.36 (KHTML, like Gecko) Version/4.0 Chrome/60.0.3112.107 Mobile Safari/537.36"
91.107.166.188 - - [07/Jun/2026:17:12:00 +0200] "GET /wp-includes/theme-previews.php HTTP/1.1" 200 - "-" "Mozilla/5.0 (Linux; Android 7.0; SM-G892A Build/NRD90M; wv) AppleWebKit/537.36 (KHTML, like Gecko) Version/4.0 Chrome/60.0.3112.107 Mobile Safari/537.36"
91.107.166.188 - - [07/Jun/2026:17:12:00 +0200] "GET /wp-includes/check_db.php HTTP/1.1" 200 3518 "-" "Mozilla/5.0 (Linux; Android 7.0; SM-G892A Build/NRD90M; wv) AppleWebKit/537.36 (KHTML, like Gecko) Version/4.0 Chrome/60.0.3112.107 Mobile Safari/537.36"
91.107.166.188 - - [07/Jun/2026:17:12:01 +0200] "GET /wp-includes/class-wp-theme-json-data.php HTTP/1.1" 200 - "-" "Mozilla/5.0 (Linux; Android 7.0; SM-G892A Build/NRD90M; wv) AppleWebKit/537.36 (KHTML, like Gecko) Version/4.0 Chrome/60.0.3112.107 Mobile Safari/537.36"
91.107.166.188 - - [07/Jun/2026:17:12:01 +0200] "GET /wp-includes/abilities.php HTTP/1.1" 200 - "-" "Mozilla/5.0 (Linux; Android 7.0; SM-G892A Build/NRD90M; wv) AppleWebKit/537.36 (KHTML, like Gecko) Version/4.0 Chrome/60.0.3112.107 Mobile Safari/537.36"
91.107.166.188 - - [07/Jun/2026:17:12:01 +0200] "GET /wp-includes/class-wp-theme-json-schema.php HTTP/1.1" 200 - "-" "Mozilla/5.0 (Linux; Android 7.0; SM-G892A Build/NRD90M; wv) AppleWebKit/537.36 (KHTML, like Gecko) Version/4.0 Chrome/60.0.3112.107 Mobile Safari/537.36"
91.107.166.188 - - [07/Jun/2026:17:12:01 +0200] "GET /wp-includes/class-wpdb.php HTTP/1.1" 200 - "-" "Mozilla/5.0 (Linux; Android 7.0; SM-G892A Build/NRD90M; wv) AppleWebKit/537.36 (KHTML, like Gecko) Version/4.0 Chrome/60.0.3112.107 Mobile Safari/537.36"
91.107.166.188 - - [07/Jun/2026:17:12:01 +0200] "GET /wp-includes/class-wp-speculation-rules.php HTTP/1.1" 200 - "-" "Mozilla/5.0 (Linux; Android 7.0; SM-G892A Build/NRD90M; wv) AppleWebKit/537.36 (KHTML, like Gecko) Version/4.0 Chrome/60.0.3112.107 Mobile Safari/537.36"
91.107.166.188 - - [07/Jun/2026:17:12:01 +0200] "GET /wp-includes/infos.php HTTP/1.1" 403 13 "-" "Mozilla/5.0 (Linux; Android 7.0; SM-G892A Build/NRD90M; wv) AppleWebKit/537.36 (KHTML, like Gecko) Version/4.0 Chrome/60.0.3112.107 Mobile Safari/537.36"
109.234.164.184 - - [07/Jun/2026:17:14:03 +0200] "POST /wp-cron.php?doing_wp_cron=1780845243.8517189025878906250000 HTTP/1.1" 200 - "-" "WordPress/7.0; https://www.maimounz.formagloba.fr"
104.28.240.60 - - [07/Jun/2026:17:14:03 +0200] "GET /ms-themes.php HTTP/1.1" 301 - "-" "Go-http-client/1.1"
91.107.166.188 - - [07/Jun/2026:17:14:04 +0200] "GET /wp-includes/class-wp-icons-registry.php HTTP/1.1" 200 - "-" "Mozilla/5.0 (Linux; Android 7.0; SM-G892A Build/NRD90M; wv) AppleWebKit/537.36 (KHTML, like Gecko) Version/4.0 Chrome/60.0.3112.107 Mobile Safari/537.36"
91.107.166.188 - - [07/Jun/2026:17:14:04 +0200] "GET /wp-includes/class-wp-scripts.php HTTP/1.1" 500 - "-" "Mozilla/5.0 (Linux; Android 7.0; SM-G892A Build/NRD90M; wv) AppleWebKit/537.36 (KHTML, like Gecko) Version/4.0 Chrome/60.0.3112.107 Mobile Safari/537.36"
91.107.166.188 - - [07/Jun/2026:17:14:04 +0200] "GET /wp-includes/speculative-loading.php HTTP/1.1" 200 - "-" "Mozilla/5.0 (Linux; Android 7.0; SM-G892A Build/NRD90M; wv) AppleWebKit/537.36 (KHTML, like Gecko) Version/4.0 Chrome/60.0.3112.107 Mobile Safari/537.36"
91.107.166.188 - - [07/Jun/2026:17:14:04 +0200] "GET /wp-includes/class-wp-classic-to-block-menu-converter.php HTTP/1.1" 200 - "-" "Mozilla/5.0 (Linux; Android 7.0; SM-G892A Build/NRD90M; wv) AppleWebKit/537.36 (KHTML, like Gecko) Version/4.0 Chrome/60.0.3112.107 Mobile Safari/537.36"
91.107.166.188 - - [07/Jun/2026:17:14:04 +0200] "GET /wp-includes/compat-utf8.php HTTP/1.1" 200 - "-" "Mozilla/5.0 (Linux; Android 7.0; SM-G892A Build/NRD90M; wv) AppleWebKit/537.36 (KHTML, like Gecko) Version/4.0 Chrome/60.0.3112.107 Mobile Safari/537.36"
91.107.166.188 - - [07/Jun/2026:17:14:04 +0200] "GET /wp-includes/abilities-api.php HTTP/1.1" 200 - "-" "Mozilla/5.0 (Linux; Android 7.0; SM-G892A Build/NRD90M; wv) AppleWebKit/537.36 (KHTML, like Gecko) Version/4.0 Chrome/60.0.3112.107 Mobile Safari/537.36"
91.107.166.188 - - [07/Jun/2026:17:14:04 +0200] "GET /wp-includes/class-wp-block-template.php HTTP/1.1" 200 - "-" "Mozilla/5.0 (Linux; Android 7.0; SM-G892A Build/NRD90M; wv) AppleWebKit/537.36 (KHTML, like Gecko) Version/4.0 Chrome/60.0.3112.107 Mobile Safari/537.36"
91.107.166.188 - - [07/Jun/2026:17:14:05 +0200] "GET /wp-includes/class-wp-url-pattern-prefixer.php HTTP/1.1" 200 - "-" "Mozilla/5.0 (Linux; Android 7.0; SM-G892A Build/NRD90M; wv) AppleWebKit/537.36 (KHTML, like Gecko) Version/4.0 Chrome/60.0.3112.107 Mobile Safari/537.36"
91.107.166.188 - - [07/Jun/2026:17:14:05 +0200] "GET /wp-includes/woocommerce-call.php HTTP/1.1" 200 315 "-" "Mozilla/5.0 (Linux; Android 7.0; SM-G892A Build/NRD90M; wv) AppleWebKit/537.36 (KHTML, like Gecko) Version/4.0 Chrome/60.0.3112.107 Mobile Safari/537.36"
91.107.166.188 - - [07/Jun/2026:17:14:05 +0200] "GET /wp-includes/block-editor.php HTTP/1.1" 200 - "-" "Mozilla/5.0 (Linux; Android 7.0; SM-G892A Build/NRD90M; wv) AppleWebKit/537.36 (KHTML, like Gecko) Version/4.0 Chrome/60.0.3112.107 Mobile Safari/537.36"
91.107.166.188 - - [07/Jun/2026:17:14:05 +0200] "GET /wp-includes/class-wp-navigation-fallback.php HTTP/1.1" 200 - "-" "Mozilla/5.0 (Linux; Android 7.0; SM-G892A Build/NRD90M; wv) AppleWebKit/537.36 (KHTML, like Gecko) Version/4.0 Chrome/60.0.3112.107 Mobile Safari/537.36"
91.107.166.188 - - [07/Jun/2026:17:14:05 +0200] "GET /wp-includes/class-wp-token-map.php HTTP/1.1" 200 - "-" "Mozilla/5.0 (Linux; Android 7.0; SM-G892A Build/NRD90M; wv) AppleWebKit/537.36 (KHTML, like Gecko) Version/4.0 Chrome/60.0.3112.107 Mobile Safari/537.36"
91.107.166.188 - - [07/Jun/2026:17:14:05 +0200] "GET /wp-includes/ai-client.php HTTP/1.1" 200 - "-" "Mozilla/5.0 (Linux; Android 7.0; SM-G892A Build/NRD90M; wv) AppleWebKit/537.36 (KHTML, like Gecko) Version/4.0 Chrome/60.0.3112.107 Mobile Safari/537.36"
91.107.166.188 - - [07/Jun/2026:17:14:05 +0200] "GET /wp-includes/theme-templates.php HTTP/1.1" 200 - "-" "Mozilla/5.0 (Linux; Android 7.0; SM-G892A Build/NRD90M; wv) AppleWebKit/537.36 (KHTML, like Gecko) Version/4.0 Chrome/60.0.3112.107 Mobile Safari/537.36"
91.107.166.188 - - [07/Jun/2026:17:14:05 +0200] "GET /wp-includes/class-wp-script-modules.php HTTP/1.1" 200 - "-" "Mozilla/5.0 (Linux; Android 7.0; SM-G892A Build/NRD90M; wv) AppleWebKit/537.36 (KHTML, like Gecko) Version/4.0 Chrome/60.0.3112.107 Mobile Safari/537.36"
91.107.166.188 - - [07/Jun/2026:17:14:05 +0200] "GET /wp-includes/class-wp-http.php HTTP/1.1" 200 2 "-" "Mozilla/5.0 (Linux; Android 7.0; SM-G892A Build/NRD90M; wv) AppleWebKit/537.36 (KHTML, like Gecko) Version/4.0 Chrome/60.0.3112.107 Mobile Safari/537.36"
91.107.166.188 - - [07/Jun/2026:17:14:06 +0200] "GET /wp-includes/block-bindings.php HTTP/1.1" 200 - "-" "Mozilla/5.0 (Linux; Android 7.0; SM-G892A Build/NRD90M; wv) AppleWebKit/537.36 (KHTML, like Gecko) Version/4.0 Chrome/60.0.3112.107 Mobile Safari/537.36"
91.107.166.188 - - [07/Jun/2026:17:14:06 +0200] "GET /wp-includes/check_db2.php HTTP/1.1" 200 3524 "-" "Mozilla/5.0 (Linux; Android 7.0; SM-G892A Build/NRD90M; wv) AppleWebKit/537.36 (KHTML, like Gecko) Version/4.0 Chrome/60.0.3112.107 Mobile Safari/537.36"
91.107.166.188 - - [07/Jun/2026:17:14:06 +0200] "GET /wp-includes/class-wp-textdomain-registry.php HTTP/1.1" 200 - "-" "Mozilla/5.0 (Linux; Android 7.0; SM-G892A Build/NRD90M; wv) AppleWebKit/537.36 (KHTML, like Gecko) Version/4.0 Chrome/60.0.3112.107 Mobile Safari/537.36"
91.107.166.188 - - [07/Jun/2026:17:14:06 +0200] "GET /wp-includes/hash_files.php HTTP/1.1" 200 13511 "-" "Mozilla/5.0 (Linux; Android 7.0; SM-G892A Build/NRD90M; wv) AppleWebKit/537.36 (KHTML, like Gecko) Version/4.0 Chrome/60.0.3112.107 Mobile Safari/537.36"
91.107.166.188 - - [07/Jun/2026:17:14:06 +0200] "GET /wp-includes/global-styles-and-settings.php HTTP/1.1" 200 - "-" "Mozilla/5.0 (Linux; Android 7.0; SM-G892A Build/NRD90M; wv) AppleWebKit/537.36 (KHTML, like Gecko) Version/4.0 Chrome/60.0.3112.107 Mobile Safari/537.36"
91.107.166.188 - - [07/Jun/2026:17:14:06 +0200] "GET /wp-includes/utf8.php HTTP/1.1" 500 - "-" "Mozilla/5.0 (Linux; Android 7.0; SM-G892A Build/NRD90M; wv) AppleWebKit/537.36 (KHTML, like Gecko) Version/4.0 Chrome/60.0.3112.107 Mobile Safari/537.36"
91.107.166.188 - - [07/Jun/2026:17:14:07 +0200] "GET /wp-includes/template-canvas.php HTTP/1.1" 500 - "-" "Mozilla/5.0 (Linux; Android 7.0; SM-G892A Build/NRD90M; wv) AppleWebKit/537.36 (KHTML, like Gecko) Version/4.0 Chrome/60.0.3112.107 Mobile Safari/537.36"
91.107.166.188 - - [07/Jun/2026:17:14:07 +0200] "GET /wp-includes/class-wp-exception.php HTTP/1.1" 200 - "-" "Mozilla/5.0 (Linux; Android 7.0; SM-G892A Build/NRD90M; wv) AppleWebKit/537.36 (KHTML, like Gecko) Version/4.0 Chrome/60.0.3112.107 Mobile Safari/537.36"
91.107.166.188 - - [07/Jun/2026:17:14:07 +0200] "GET /wp-includes/class-wp-styles.php HTTP/1.1" 500 - "-" "Mozilla/5.0 (Linux; Android 7.0; SM-G892A Build/NRD90M; wv) AppleWebKit/537.36 (KHTML, like Gecko) Version/4.0 Chrome/60.0.3112.107 Mobile Safari/537.36"
91.107.166.188 - - [07/Jun/2026:17:14:07 +0200] "GET /wp-includes/collaboration.php HTTP/1.1" 200 - "-" "Mozilla/5.0 (Linux; Android 7.0; SM-G892A Build/NRD90M; wv) AppleWebKit/537.36 (KHTML, like Gecko) Version/4.0 Chrome/60.0.3112.107 Mobile Safari/537.36"
91.107.166.188 - - [07/Jun/2026:17:14:07 +0200] "GET /wp-includes/block-template.php HTTP/1.1" 200 - "-" "Mozilla/5.0 (Linux; Android 7.0; SM-G892A Build/NRD90M; wv) AppleWebKit/537.36 (KHTML, like Gecko) Version/4.0 Chrome/60.0.3112.107 Mobile Safari/537.36"
91.107.166.188 - - [07/Jun/2026:17:14:07 +0200] "GET /wp-includes/class-wp-plugin-dependencies.php HTTP/1.1" 200 - "-" "Mozilla/5.0 (Linux; Android 7.0; SM-G892A Build/NRD90M; wv) AppleWebKit/537.36 (KHTML, like Gecko) Version/4.0 Chrome/60.0.3112.107 Mobile Safari/537.36"
91.107.166.188 - - [07/Jun/2026:17:14:07 +0200] "GET /wp-includes/sitemaps/ HTTP/1.1" 200 2048 "-" "Mozilla/5.0 (Linux; Android 7.0; SM-G892A Build/NRD90M; wv) AppleWebKit/537.36 (KHTML, like Gecko) Version/4.0 Chrome/60.0.3112.107 Mobile Safari/537.36"
91.107.166.188 - - [07/Jun/2026:17:14:07 +0200] "GET /wp-includes/sitemaps//wp-includes/ HTTP/1.1" 301 - "-" "Mozilla/5.0 (Linux; Android 7.0; SM-G892A Build/NRD90M; wv) AppleWebKit/537.36 (KHTML, like Gecko) Version/4.0 Chrome/60.0.3112.107 Mobile Safari/537.36"
91.107.166.188 - - [07/Jun/2026:17:16:10 +0200] "GET /wp-includes/sodium_compat/ HTTP/1.1" 200 1931 "-" "Mozilla/5.0 (Linux; Android 7.0; SM-G892A Build/NRD90M; wv) AppleWebKit/537.36 (KHTML, like Gecko) Version/4.0 Chrome/60.0.3112.107 Mobile Safari/537.36"
91.107.166.188 - - [07/Jun/2026:17:16:10 +0200] "GET /wp-includes/sodium_compat/autoload-php7.php HTTP/1.1" 200 - "-" "Mozilla/5.0 (Linux; Android 7.0; SM-G892A Build/NRD90M; wv) AppleWebKit/537.36 (KHTML, like Gecko) Version/4.0 Chrome/60.0.3112.107 Mobile Safari/537.36"
109.234.164.184 - - [07/Jun/2026:17:16:11 +0200] "POST /wp-cron.php?doing_wp_cron=1780845371.4312589168548583984375 HTTP/1.1" 200 - "-" "WordPress/7.0; https://www.maimounz.formagloba.fr"
91.107.166.188 - - [07/Jun/2026:17:16:10 +0200] "GET /wp-includes/sodium_compat//wp-includes/ HTTP/1.1" 301 - "-" "Mozilla/5.0 (Linux; Android 7.0; SM-G892A Build/NRD90M; wv) AppleWebKit/537.36 (KHTML, like Gecko) Version/4.0 Chrome/60.0.3112.107 Mobile Safari/537.36"
91.107.166.188 - - [07/Jun/2026:17:16:11 +0200] "GET /wp-includes/sodium_compat/lib/ HTTP/1.1" 200 2373 "-" "Mozilla/5.0 (Linux; Android 7.0; SM-G892A Build/NRD90M; wv) AppleWebKit/537.36 (KHTML, like Gecko) Version/4.0 Chrome/60.0.3112.107 Mobile Safari/537.36"
91.107.166.188 - - [07/Jun/2026:17:16:11 +0200] "GET /wp-includes/sodium_compat/lib/stream-xchacha20.php HTTP/1.1" 200 - "-" "Mozilla/5.0 (Linux; Android 7.0; SM-G892A Build/NRD90M; wv) AppleWebKit/537.36 (KHTML, like Gecko) Version/4.0 Chrome/60.0.3112.107 Mobile Safari/537.36"
91.107.166.188 - - [07/Jun/2026:17:16:11 +0200] "GET /wp-includes/sodium_compat/lib/constants.php HTTP/1.1" 200 - "-" "Mozilla/5.0 (Linux; Android 7.0; SM-G892A Build/NRD90M; wv) AppleWebKit/537.36 (KHTML, like Gecko) Version/4.0 Chrome/60.0.3112.107 Mobile Safari/537.36"
91.107.166.188 - - [07/Jun/2026:17:16:12 +0200] "GET /wp-includes/sodium_compat/lib/php84compat_const.php HTTP/1.1" 200 - "-" "Mozilla/5.0 (Linux; Android 7.0; SM-G892A Build/NRD90M; wv) AppleWebKit/537.36 (KHTML, like Gecko) Version/4.0 Chrome/60.0.3112.107 Mobile Safari/537.36"
91.107.166.188 - - [07/Jun/2026:17:16:12 +0200] "GET /wp-includes/sodium_compat/lib/ristretto255.php HTTP/1.1" 200 - "-" "Mozilla/5.0 (Linux; Android 7.0; SM-G892A Build/NRD90M; wv) AppleWebKit/537.36 (KHTML, like Gecko) Version/4.0 Chrome/60.0.3112.107 Mobile Safari/537.36"
91.107.166.188 - - [07/Jun/2026:17:16:12 +0200] "GET /wp-includes/sodium_compat/lib/php84compat.php HTTP/1.1" 200 - "-" "Mozilla/5.0 (Linux; Android 7.0; SM-G892A Build/NRD90M; wv) AppleWebKit/537.36 (KHTML, like Gecko) Version/4.0 Chrome/60.0.3112.107 Mobile Safari/537.36"
91.107.166.188 - - [07/Jun/2026:17:16:12 +0200] "GET /wp-includes/sodium_compat/lib/sodium_compat.php HTTP/1.1" 200 - "-" "Mozilla/5.0 (Linux; Android 7.0; SM-G892A Build/NRD90M; wv) AppleWebKit/537.36 (KHTML, like Gecko) Version/4.0 Chrome/60.0.3112.107 Mobile Safari/537.36"
91.107.166.188 - - [07/Jun/2026:17:16:12 +0200] "GET /wp-includes/sodium_compat/lib/php72compat_const.php HTTP/1.1" 200 - "-" "Mozilla/5.0 (Linux; Android 7.0; SM-G892A Build/NRD90M; wv) AppleWebKit/537.36 (KHTML, like Gecko) Version/4.0 Chrome/60.0.3112.107 Mobile Safari/537.36"
91.107.166.188 - - [07/Jun/2026:17:16:13 +0200] "GET /wp-includes/sodium_compat/lib/namespaced.php HTTP/1.1" 200 - "-" "Mozilla/5.0 (Linux; Android 7.0; SM-G892A Build/NRD90M; wv) AppleWebKit/537.36 (KHTML, like Gecko) Version/4.0 Chrome/60.0.3112.107 Mobile Safari/537.36"
91.107.166.188 - - [07/Jun/2026:17:16:13 +0200] "GET /wp-includes/sodium_compat/lib/php72compat.php HTTP/1.1" 200 - "-" "Mozilla/5.0 (Linux; Android 7.0; SM-G892A Build/NRD90M; wv) AppleWebKit/537.36 (KHTML, like Gecko) Version/4.0 Chrome/60.0.3112.107 Mobile Safari/537.36"
91.107.166.188 - - [07/Jun/2026:17:16:13 +0200] "GET /wp-includes/sodium_compat/lib//wp-includes/sodium_compat/ HTTP/1.1" 301 - "-" "Mozilla/5.0 (Linux; Android 7.0; SM-G892A Build/NRD90M; wv) AppleWebKit/537.36 (KHTML, like Gecko) Version/4.0 Chrome/60.0.3112.107 Mobile Safari/537.36"
91.107.166.188 - - [07/Jun/2026:17:16:13 +0200] "GET /wp-includes/sodium_compat/namespaced/ HTTP/1.1" 200 1428 "-" "Mozilla/5.0 (Linux; Android 7.0; SM-G892A Build/NRD90M; wv) AppleWebKit/537.36 (KHTML, like Gecko) Version/4.0 Chrome/60.0.3112.107 Mobile Safari/537.36"
91.107.166.188 - - [07/Jun/2026:17:16:14 +0200] "GET /wp-includes/sodium_compat/namespaced/Crypto.php HTTP/1.1" 500 - "-" "Mozilla/5.0 (Linux; Android 7.0; SM-G892A Build/NRD90M; wv) AppleWebKit/537.36 (KHTML, like Gecko) Version/4.0 Chrome/60.0.3112.107 Mobile Safari/537.36"
91.107.166.188 - - [07/Jun/2026:17:16:14 +0200] "GET /wp-includes/sodium_compat/namespaced/Compat.php HTTP/1.1" 500 - "-" "Mozilla/5.0 (Linux; Android 7.0; SM-G892A Build/NRD90M; wv) AppleWebKit/537.36 (KHTML, like Gecko) Version/4.0 Chrome/60.0.3112.107 Mobile Safari/537.36"
91.107.166.188 - - [07/Jun/2026:17:18:16 +0200] "GET /wp-includes/css/ HTTP/1.1" 200 9594 "-" "Mozilla/5.0 (Linux; Android 7.0; SM-G892A Build/NRD90M; wv) AppleWebKit/537.36 (KHTML, like Gecko) Version/4.0 Chrome/60.0.3112.107 Mobile Safari/537.36"
109.234.164.184 - - [07/Jun/2026:17:18:17 +0200] "POST /wp-cron.php?doing_wp_cron=1780845497.1903290748596191406250 HTTP/1.1" 200 - "-" "WordPress/7.0; https://www.maimounz.formagloba.fr"
91.107.166.188 - - [07/Jun/2026:17:18:16 +0200] "GET /wp-includes/css//wp-includes/ HTTP/1.1" 301 - "-" "Mozilla/5.0 (Linux; Android 7.0; SM-G892A Build/NRD90M; wv) AppleWebKit/537.36 (KHTML, like Gecko) Version/4.0 Chrome/60.0.3112.107 Mobile Safari/537.36"
91.107.166.188 - - [07/Jun/2026:17:18:17 +0200] "GET /wp-includes/css/dist/ HTTP/1.1" 200 4283 "-" "Mozilla/5.0 (Linux; Android 7.0; SM-G892A Build/NRD90M; wv) AppleWebKit/537.36 (KHTML, like Gecko) Version/4.0 Chrome/60.0.3112.107 Mobile Safari/537.36"
91.107.166.188 - - [07/Jun/2026:17:18:17 +0200] "GET /wp-includes/css/dist/registry.php HTTP/1.1" 301 - "-" "Mozilla/5.0 (Linux; Android 7.0; SM-G892A Build/NRD90M; wv) AppleWebKit/537.36 (KHTML, like Gecko) Version/4.0 Chrome/60.0.3112.107 Mobile Safari/537.36"
91.107.166.188 - - [07/Jun/2026:17:18:18 +0200] "GET /wp-includes/css/dist/reusable-blocks/ HTTP/1.1" 200 1442 "-" "Mozilla/5.0 (Linux; Android 7.0; SM-G892A Build/NRD90M; wv) AppleWebKit/537.36 (KHTML, like Gecko) Version/4.0 Chrome/60.0.3112.107 Mobile Safari/537.36"
109.234.164.184 - - [07/Jun/2026:17:18:18 +0200] "POST /wp-cron.php?doing_wp_cron=1780845498.7571959495544433593750 HTTP/1.1" 200 - "-" "WordPress/7.0; https://www.maimounz.formagloba.fr"
91.107.166.188 - - [07/Jun/2026:17:18:18 +0200] "GET /wp-includes/css/dist/reusable-blocks//wp-includes/css/dist/ HTTP/1.1" 301 - "-" "Mozilla/5.0 (Linux; Android 7.0; SM-G892A Build/NRD90M; wv) AppleWebKit/537.36 (KHTML, like Gecko) Version/4.0 Chrome/60.0.3112.107 Mobile Safari/537.36"
91.107.166.188 - - [07/Jun/2026:17:18:18 +0200] "GET /wp-includes/css/dist//wp-includes/css/ HTTP/1.1" 301 - "-" "Mozilla/5.0 (Linux; Android 7.0; SM-G892A Build/NRD90M; wv) AppleWebKit/537.36 (KHTML, like Gecko) Version/4.0 Chrome/60.0.3112.107 Mobile Safari/537.36"
91.107.166.188 - - [07/Jun/2026:17:18:19 +0200] "GET /wp-includes/css/dist/customize-widgets/ HTTP/1.1" 200 1446 "-" "Mozilla/5.0 (Linux; Android 7.0; SM-G892A Build/NRD90M; wv) AppleWebKit/537.36 (KHTML, like Gecko) Version/4.0 Chrome/60.0.3112.107 Mobile Safari/537.36"
91.107.166.188 - - [07/Jun/2026:17:18:19 +0200] "GET /wp-includes/css/dist/customize-widgets//wp-includes/css/dist/ HTTP/1.1" 301 - "-" "Mozilla/5.0 (Linux; Android 7.0; SM-G892A Build/NRD90M; wv) AppleWebKit/537.36 (KHTML, like Gecko) Version/4.0 Chrome/60.0.3112.107 Mobile Safari/537.36"
91.107.166.188 - - [07/Jun/2026:17:18:20 +0200] "GET /wp-includes/css/dist/edit-site/ HTTP/1.1" 200 1430 "-" "Mozilla/5.0 (Linux; Android 7.0; SM-G892A Build/NRD90M; wv) AppleWebKit/537.36 (KHTML, like Gecko) Version/4.0 Chrome/60.0.3112.107 Mobile Safari/537.36"
91.107.166.188 - - [07/Jun/2026:17:18:20 +0200] "GET /wp-includes/css/dist/edit-site//wp-includes/css/dist/ HTTP/1.1" 301 - "-" "Mozilla/5.0 (Linux; Android 7.0; SM-G892A Build/NRD90M; wv) AppleWebKit/537.36 (KHTML, like Gecko) Version/4.0 Chrome/60.0.3112.107 Mobile Safari/537.36"
91.107.166.188 - - [07/Jun/2026:17:18:20 +0200] "GET /wp-includes/css/dist/editor/ HTTP/1.1" 200 1424 "-" "Mozilla/5.0 (Linux; Android 7.0; SM-G892A Build/NRD90M; wv) AppleWebKit/537.36 (KHTML, like Gecko) Version/4.0 Chrome/60.0.3112.107 Mobile Safari/537.36"
91.107.166.188 - - [07/Jun/2026:17:18:20 +0200] "GET /wp-includes/css/dist/editor//wp-includes/css/dist/ HTTP/1.1" 301 - "-" "Mozilla/5.0 (Linux; Android 7.0; SM-G892A Build/NRD90M; wv) AppleWebKit/537.36 (KHTML, like Gecko) Version/4.0 Chrome/60.0.3112.107 Mobile Safari/537.36"
91.107.166.188 - - [07/Jun/2026:17:18:21 +0200] "GET /wp-includes/css/dist/block-editor/ HTTP/1.1" 200 2968 "-" "Mozilla/5.0 (Linux; Android 7.0; SM-G892A Build/NRD90M; wv) AppleWebKit/537.36 (KHTML, like Gecko) Version/4.0 Chrome/60.0.3112.107 Mobile Safari/537.36"
91.107.166.188 - - [07/Jun/2026:17:18:21 +0200] "GET /wp-includes/css/dist/block-editor//wp-includes/css/dist/ HTTP/1.1" 301 - "-" "Mozilla/5.0 (Linux; Android 7.0; SM-G892A Build/NRD90M; wv) AppleWebKit/537.36 (KHTML, like Gecko) Version/4.0 Chrome/60.0.3112.107 Mobile Safari/537.36"
91.107.166.188 - - [07/Jun/2026:17:18:22 +0200] "GET /wp-includes/css/dist/list-reusable-blocks/ HTTP/1.1" 200 1452 "-" "Mozilla/5.0 (Linux; Android 7.0; SM-G892A Build/NRD90M; wv) AppleWebKit/537.36 (KHTML, like Gecko) Version/4.0 Chrome/60.0.3112.107 Mobile Safari/537.36"
91.107.166.188 - - [07/Jun/2026:17:18:22 +0200] "GET /wp-includes/css/dist/list-reusable-blocks//wp-includes/css/dist/ HTTP/1.1" 301 - "-" "Mozilla/5.0 (Linux; Android 7.0; SM-G892A Build/NRD90M; wv) AppleWebKit/537.36 (KHTML, like Gecko) Version/4.0 Chrome/60.0.3112.107 Mobile Safari/537.36"
91.107.166.188 - - [07/Jun/2026:17:18:22 +0200] "GET /wp-includes/css/dist/block-library/ HTTP/1.1" 200 6577 "-" "Mozilla/5.0 (Linux; Android 7.0; SM-G892A Build/NRD90M; wv) AppleWebKit/537.36 (KHTML, like Gecko) Version/4.0 Chrome/60.0.3112.107 Mobile Safari/537.36"
91.107.166.188 - - [07/Jun/2026:17:18:22 +0200] "GET /wp-includes/css/dist/block-library//wp-includes/css/dist/ HTTP/1.1" 301 - "-" "Mozilla/5.0 (Linux; Android 7.0; SM-G892A Build/NRD90M; wv) AppleWebKit/537.36 (KHTML, like Gecko) Version/4.0 Chrome/60.0.3112.107 Mobile Safari/537.36"
91.107.166.188 - - [07/Jun/2026:17:18:23 +0200] "GET /wp-includes/css/dist/media-utils/ HTTP/1.1" 200 1434 "-" "Mozilla/5.0 (Linux; Android 7.0; SM-G892A Build/NRD90M; wv) AppleWebKit/537.36 (KHTML, like Gecko) Version/4.0 Chrome/60.0.3112.107 Mobile Safari/537.36"
91.107.166.188 - - [07/Jun/2026:17:18:23 +0200] "GET /wp-includes/css/dist/media-utils//wp-includes/css/dist/ HTTP/1.1" 301 - "-" "Mozilla/5.0 (Linux; Android 7.0; SM-G892A Build/NRD90M; wv) AppleWebKit/537.36 (KHTML, like Gecko) Version/4.0 Chrome/60.0.3112.107 Mobile Safari/537.36"
91.107.166.188 - - [07/Jun/2026:17:18:24 +0200] "GET /wp-includes/css/dist/components/ HTTP/1.1" 200 1432 "-" "Mozilla/5.0 (Linux; Android 7.0; SM-G892A Build/NRD90M; wv) AppleWebKit/537.36 (KHTML, like Gecko) Version/4.0 Chrome/60.0.3112.107 Mobile Safari/537.36"
91.107.166.188 - - [07/Jun/2026:17:18:24 +0200] "GET /wp-includes/css/dist/components//wp-includes/css/dist/ HTTP/1.1" 301 - "-" "Mozilla/5.0 (Linux; Android 7.0; SM-G892A Build/NRD90M; wv) AppleWebKit/537.36 (KHTML, like Gecko) Version/4.0 Chrome/60.0.3112.107 Mobile Safari/537.36"
91.107.166.188 - - [07/Jun/2026:17:18:24 +0200] "GET /wp-includes/css/dist/nux/ HTTP/1.1" 200 1418 "-" "Mozilla/5.0 (Linux; Android 7.0; SM-G892A Build/NRD90M; wv) AppleWebKit/537.36 (KHTML, like Gecko) Version/4.0 Chrome/60.0.3112.107 Mobile Safari/537.36"
91.107.166.188 - - [07/Jun/2026:17:18:24 +0200] "GET /wp-includes/css/dist/nux//wp-includes/css/dist/ HTTP/1.1" 301 - "-" "Mozilla/5.0 (Linux; Android 7.0; SM-G892A Build/NRD90M; wv) AppleWebKit/537.36 (KHTML, like Gecko) Version/4.0 Chrome/60.0.3112.107 Mobile Safari/537.36"
91.107.166.188 - - [07/Jun/2026:17:18:25 +0200] "GET /wp-includes/css/dist/preferences/ HTTP/1.1" 200 1434 "-" "Mozilla/5.0 (Linux; Android 7.0; SM-G892A Build/NRD90M; wv) AppleWebKit/537.36 (KHTML, like Gecko) Version/4.0 Chrome/60.0.3112.107 Mobile Safari/537.36"
91.107.166.188 - - [07/Jun/2026:17:18:25 +0200] "GET /wp-includes/css/dist/preferences//wp-includes/css/dist/ HTTP/1.1" 301 - "-" "Mozilla/5.0 (Linux; Android 7.0; SM-G892A Build/NRD90M; wv) AppleWebKit/537.36 (KHTML, like Gecko) Version/4.0 Chrome/60.0.3112.107 Mobile Safari/537.36"
91.107.166.188 - - [07/Jun/2026:17:18:25 +0200] "GET /wp-includes/css/dist/edit-widgets/ HTTP/1.1" 200 1436 "-" "Mozilla/5.0 (Linux; Android 7.0; SM-G892A Build/NRD90M; wv) AppleWebKit/537.36 (KHTML, like Gecko) Version/4.0 Chrome/60.0.3112.107 Mobile Safari/537.36"
91.107.166.188 - - [07/Jun/2026:17:18:26 +0200] "GET /wp-includes/css/dist/edit-widgets//wp-includes/css/dist/ HTTP/1.1" 301 - "-" "Mozilla/5.0 (Linux; Android 7.0; SM-G892A Build/NRD90M; wv) AppleWebKit/537.36 (KHTML, like Gecko) Version/4.0 Chrome/60.0.3112.107 Mobile Safari/537.36"
109.234.164.184 - - [07/Jun/2026:17:30:54 +0200] "POST /wp-cron.php?doing_wp_cron=1780846254.3278501033782958984375 HTTP/1.1" 200 - "-" "WordPress/7.0; https://www.maimounz.formagloba.fr"
64.89.162.132 - - [07/Jun/2026:17:30:52 +0200] "GET / HTTP/1.1" 301 - "-" "Mozilla/5.0 (Windows NT 10.0; Win64; x64) AppleWebKit/537.36 (KHTML, like Gecko) Chrome/88.0.4240.193 Safari/537.36"
64.89.162.132 - - [07/Jun/2026:17:31:07 +0200] "GET / HTTP/1.1" 301 - "-" "Mozilla/5.0 (Windows NT 10.0; Win64; x64) AppleWebKit/537.36 (KHTML, like Gecko) Chrome/88.0.4240.193 Safari/537.36"
109.234.164.184 - - [07/Jun/2026:17:34:27 +0200] "POST /wp-cron.php?doing_wp_cron=1780846467.4728560447692871093750 HTTP/1.1" 200 - "-" "WordPress/7.0; https://www.maimounz.formagloba.fr"
205.210.31.53 - - [07/Jun/2026:17:34:27 +0200] "GET / HTTP/1.1" 301 - "-" "Hello from Palo Alto Networks, find out more about our scans in https://docs-cortex.paloaltonetworks.com/r/1/Cortex-Xpanse/Scanning-activity"
109.234.164.184 - - [07/Jun/2026:18:40:39 +0200] "POST /wp-cron.php?doing_wp_cron=1780850439.6012399196624755859375 HTTP/1.1" 200 - "-" "WordPress/7.0; https://www.maimounz.formagloba.fr"
64.89.162.132 - - [07/Jun/2026:18:40:37 +0200] "GET / HTTP/1.1" 301 - "-" "Mozilla/5.0 (Windows NT 10.0; Win64; x64) AppleWebKit/537.36 (KHTML, like Gecko) Chrome/88.0.4240.193 Safari/537.36"
64.89.162.132 - - [07/Jun/2026:18:40:51 +0200] "GET / HTTP/1.1" 301 - "-" "Mozilla/5.0 (Windows NT 10.0; Win64; x64) AppleWebKit/537.36 (KHTML, like Gecko) Chrome/88.0.4240.193 Safari/537.36"