124.198.132.59 - - [07/Jun/2026:17:07:03 +0200] "GET /wp-admin/includes/class-custom-background.php HTTP/1.1" 404 - "-" "Mozilla/5.0 (Windows NT 10.0; Win64; x64; rv:122.0) Gecko/20100101 Firefox/122.0"
103.160.213.60 - - [07/Jun/2026:17:07:03 +0200] "GET /mah.php HTTP/1.1" 404 - "-" "Mozilla/5.0 (Linux; Android 7.0; SM-G892A Build/NRD90M; wv) AppleWebKit/537.36 (KHTML, like Gecko) Version/4.0 Chrome/60.0.3112.107 Mobile Safari/537.36 Team Anon Force"
124.198.132.59 - - [07/Jun/2026:17:07:03 +0200] "GET /wp-admin/includes/class-wp-privacy-data-export-requests-list-table.php HTTP/1.1" 404 - "-" "Mozilla/5.0 (Macintosh; Intel Mac OS X 10_15_7) AppleWebKit/537.36 (KHTML, like Gecko) Chrome/120.0.0.0 Safari/537.36"
124.198.132.59 - - [07/Jun/2026:17:07:03 +0200] "GET /wp-admin/includes/class-wp-list-table-compat.php HTTP/1.1" 404 - "-" "Mozilla/5.0 (Windows NT 10.0; Win64; x64; rv:122.0) Gecko/20100101 Firefox/122.0"
103.160.213.60 - - [07/Jun/2026:17:07:04 +0200] "GET /wp-admin/about.php HTTP/1.1" 200 18169 "-" "Mozilla/5.0 (Linux; Android 7.0; SM-G892A Build/NRD90M; wv) AppleWebKit/537.36 (KHTML, like Gecko) Version/4.0 Chrome/60.0.3112.107 Mobile Safari/537.36 Team Anon Force"
124.198.132.59 - - [07/Jun/2026:17:07:04 +0200] "GET /wp-admin/includes/class-wp-plugin-install-list-table.php HTTP/1.1" 404 - "-" "Mozilla/5.0 (Macintosh; Intel Mac OS X 10_15_7) AppleWebKit/605.1.15 (KHTML, like Gecko) Version/17.2 Safari/605.1.15"
124.198.132.59 - - [07/Jun/2026:17:07:04 +0200] "GET /wp-admin/includes/class-wp-links-list-table.php HTTP/1.1" 404 - "-" "Mozilla/5.0 (Macintosh; Intel Mac OS X 10_15_7) AppleWebKit/605.1.15 (KHTML, like Gecko) Version/17.2 Safari/605.1.15"
103.160.213.60 - - [07/Jun/2026:17:07:04 +0200] "GET /wp-content/about.php HTTP/1.1" 404 - "-" "Mozilla/5.0 (Linux; Android 7.0; SM-G892A Build/NRD90M; wv) AppleWebKit/537.36 (KHTML, like Gecko) Version/4.0 Chrome/60.0.3112.107 Mobile Safari/537.36 Team Anon Force"
124.198.132.59 - - [07/Jun/2026:17:07:04 +0200] "GET /wp-admin/includes/class-wp-internal-pointers.php HTTP/1.1" 404 - "-" "Mozilla/5.0 (Macintosh; Intel Mac OS X 10_15_7) AppleWebKit/537.36 (KHTML, like Gecko) Chrome/120.0.0.0 Safari/537.36"
103.160.213.60 - - [07/Jun/2026:17:07:05 +0200] "GET /wp-admin/install.php HTTP/1.1" 200 18192 "-" "Mozilla/5.0 (Linux; Android 7.0; SM-G892A Build/NRD90M; wv) AppleWebKit/537.36 (KHTML, like Gecko) Version/4.0 Chrome/60.0.3112.107 Mobile Safari/537.36 Team Anon Force"
124.198.132.59 - - [07/Jun/2026:17:07:05 +0200] "GET /wp-admin/includes/list-table.php HTTP/1.1" 404 - "-" "Mozilla/5.0 (Macintosh; Intel Mac OS X 10_15_7) AppleWebKit/537.36 (KHTML, like Gecko) Chrome/120.0.0.0 Safari/537.36"
124.198.132.59 - - [07/Jun/2026:17:07:05 +0200] "GET /wp-admin/includes/class-walker-nav-menu-checklist.php HTTP/1.1" 404 - "-" "Mozilla/5.0 (Macintosh; Intel Mac OS X 10_15_7) AppleWebKit/537.36 (KHTML, like Gecko) Chrome/120.0.0.0 Safari/537.36"
103.160.213.60 - - [07/Jun/2026:17:07:05 +0200] "GET /wp-admin/js/about.php7 HTTP/1.1" 404 - "-" "Mozilla/5.0 (Linux; Android 7.0; SM-G892A Build/NRD90M; wv) AppleWebKit/537.36 (KHTML, like Gecko) Version/4.0 Chrome/60.0.3112.107 Mobile Safari/537.36 Team Anon Force"
124.198.132.59 - - [07/Jun/2026:17:07:05 +0200] "GET /wp-admin/includes/update.php HTTP/1.1" 404 - "-" "Mozilla/5.0 (X11; Linux x86_64; rv:121.0) Gecko/20100101 Firefox/121.0"
124.198.132.59 - - [07/Jun/2026:17:07:05 +0200] "GET /wp-admin/includes/class-wp-ms-users-list-table.php HTTP/1.1" 404 - "https://www.google.com/" "Mozilla/5.0 (Windows NT 10.0; Win64; x64) AppleWebKit/537.36 (KHTML, like Gecko) Chrome/121.0.0.0 Safari/537.36"
103.160.213.60 - - [07/Jun/2026:17:07:05 +0200] "GET /wp-content/install.php HTTP/1.1" 404 - "-" "Mozilla/5.0 (Linux; Android 7.0; SM-G892A Build/NRD90M; wv) AppleWebKit/537.36 (KHTML, like Gecko) Version/4.0 Chrome/60.0.3112.107 Mobile Safari/537.36 Team Anon Force"
124.198.132.59 - - [07/Jun/2026:17:07:06 +0200] "GET /wp-admin/includes/taxonomy.php HTTP/1.1" 404 - "-" "Mozilla/5.0 (Windows NT 10.0; Win64; x64; rv:122.0) Gecko/20100101 Firefox/122.0"
124.198.132.59 - - [07/Jun/2026:17:07:06 +0200] "GET /wp-admin/includes/import.php HTTP/1.1" 404 - "-" "Mozilla/5.0 (Macintosh; Intel Mac OS X 10_15_7) AppleWebKit/605.1.15 (KHTML, like Gecko) Version/17.2 Safari/605.1.15"
103.160.213.60 - - [07/Jun/2026:17:07:06 +0200] "GET /wp-admin/user/about.php HTTP/1.1" 200 257 "-" "Mozilla/5.0 (Linux; Android 7.0; SM-G892A Build/NRD90M; wv) AppleWebKit/537.36 (KHTML, like Gecko) Version/4.0 Chrome/60.0.3112.107 Mobile Safari/537.36 Team Anon Force"
124.198.132.59 - - [07/Jun/2026:17:07:06 +0200] "GET /wp-admin/includes/class-wp-themes-list-table.php HTTP/1.1" 404 - "-" "Mozilla/5.0 (Macintosh; Intel Mac OS X 10_15_7) AppleWebKit/537.36 (KHTML, like Gecko) Chrome/120.0.0.0 Safari/537.36"
103.160.213.60 - - [07/Jun/2026:17:07:06 +0200] "GET /wp-includes/install.php HTTP/1.1" 404 - "-" "Mozilla/5.0 (Linux; Android 7.0; SM-G892A Build/NRD90M; wv) AppleWebKit/537.36 (KHTML, like Gecko) Version/4.0 Chrome/60.0.3112.107 Mobile Safari/537.36 Team Anon Force"
124.198.132.59 - - [07/Jun/2026:17:07:06 +0200] "GET /wp-admin/includes/class-plugin-upgrader.php HTTP/1.1" 404 - "-" "Mozilla/5.0 (Macintosh; Intel Mac OS X 10_15_7) AppleWebKit/605.1.15 (KHTML, like Gecko) Version/17.2 Safari/605.1.15"
103.160.213.60 - - [07/Jun/2026:17:07:07 +0200] "GET /wp-admin/images/admin.php HTTP/1.1" 404 - "-" "Mozilla/5.0 (Linux; Android 7.0; SM-G892A Build/NRD90M; wv) AppleWebKit/537.36 (KHTML, like Gecko) Version/4.0 Chrome/60.0.3112.107 Mobile Safari/537.36 Team Anon Force"
124.198.132.59 - - [07/Jun/2026:17:07:07 +0200] "GET /wp-admin/includes/meta-boxes.php HTTP/1.1" 404 - "-" "Mozilla/5.0 (Macintosh; Intel Mac OS X 10_15_7) AppleWebKit/537.36 (KHTML, like Gecko) Chrome/120.0.0.0 Safari/537.36"
124.198.132.59 - - [07/Jun/2026:17:07:07 +0200] "GET /wp-admin/includes/class-wp-post-comments-list-table.php HTTP/1.1" 404 - "-" "Mozilla/5.0 (Macintosh; Intel Mac OS X 10_15_7) AppleWebKit/537.36 (KHTML, like Gecko) Chrome/120.0.0.0 Safari/537.36"
103.160.213.60 - - [07/Jun/2026:17:07:07 +0200] "GET /wp-includes/Text/about.php HTTP/1.1" 404 - "-" "Mozilla/5.0 (Linux; Android 7.0; SM-G892A Build/NRD90M; wv) AppleWebKit/537.36 (KHTML, like Gecko) Version/4.0 Chrome/60.0.3112.107 Mobile Safari/537.36 Team Anon Force"
124.198.132.59 - - [07/Jun/2026:17:07:07 +0200] "GET /wp-admin/includes/class-wp-ajax-upgrader-skin.php HTTP/1.1" 404 - "-" "Mozilla/5.0 (Macintosh; Intel Mac OS X 10_15_7) AppleWebKit/605.1.15 (KHTML, like Gecko) Version/17.2 Safari/605.1.15"
124.198.132.59 - - [07/Jun/2026:17:07:08 +0200] "GET /wp-admin/includes/class-wp-ms-themes-list-table.php HTTP/1.1" 404 - "-" "Mozilla/5.0 (X11; Linux x86_64; rv:121.0) Gecko/20100101 Firefox/121.0"
103.160.213.60 - - [07/Jun/2026:17:07:08 +0200] "GET /wp-admin/network/admin.php HTTP/1.1" 200 1024 "-" "Mozilla/5.0 (Linux; Android 7.0; SM-G892A Build/NRD90M; wv) AppleWebKit/537.36 (KHTML, like Gecko) Version/4.0 Chrome/60.0.3112.107 Mobile Safari/537.36 Team Anon Force"
124.198.132.59 - - [07/Jun/2026:17:07:08 +0200] "GET /wp-admin/includes/class-wp-community-events.php HTTP/1.1" 404 - "https://www.google.com/" "Mozilla/5.0 (Windows NT 10.0; Win64; x64) AppleWebKit/537.36 (KHTML, like Gecko) Chrome/121.0.0.0 Safari/537.36"
124.198.132.59 - - [07/Jun/2026:17:07:08 +0200] "GET /wp-admin/includes/class-language-pack-upgrader.php HTTP/1.1" 404 - "-" "Mozilla/5.0 (X11; Linux x86_64; rv:121.0) Gecko/20100101 Firefox/121.0"
103.160.213.60 - - [07/Jun/2026:17:07:08 +0200] "GET /wp-admin/maint/atomlib.php HTTP/1.1" 404 - "-" "Mozilla/5.0 (Linux; Android 7.0; SM-G892A Build/NRD90M; wv) AppleWebKit/537.36 (KHTML, like Gecko) Version/4.0 Chrome/60.0.3112.107 Mobile Safari/537.36 Team Anon Force"
124.198.132.59 - - [07/Jun/2026:17:07:08 +0200] "GET /wp-admin/includes/class-wp-automatic-updater.php HTTP/1.1" 404 - "https://www.google.com/" "Mozilla/5.0 (Windows NT 10.0; Win64; x64) AppleWebKit/537.36 (KHTML, like Gecko) Chrome/121.0.0.0 Safari/537.36"
103.160.213.60 - - [07/Jun/2026:17:07:09 +0200] "GET /wp-admin/network/index.php HTTP/1.1" 200 2911 "-" "Mozilla/5.0 (Linux; Android 7.0; SM-G892A Build/NRD90M; wv) AppleWebKit/537.36 (KHTML, like Gecko) Version/4.0 Chrome/60.0.3112.107 Mobile Safari/537.36 Team Anon Force"
124.198.132.59 - - [07/Jun/2026:17:07:09 +0200] "GET /wp-admin/includes/ms.php HTTP/1.1" 404 - "-" "Mozilla/5.0 (X11; Linux x86_64; rv:121.0) Gecko/20100101 Firefox/121.0"
124.198.132.59 - - [07/Jun/2026:17:07:09 +0200] "GET /wp-admin/includes/translation-install.php HTTP/1.1" 404 - "-" "Mozilla/5.0 (Macintosh; Intel Mac OS X 10_15_7) AppleWebKit/537.36 (KHTML, like Gecko) Chrome/120.0.0.0 Safari/537.36"
103.160.213.60 - - [07/Jun/2026:17:07:09 +0200] "GET /wp-content/plugins/index.php HTTP/1.1" 200 28 "-" "Mozilla/5.0 (Linux; Android 7.0; SM-G892A Build/NRD90M; wv) AppleWebKit/537.36 (KHTML, like Gecko) Version/4.0 Chrome/60.0.3112.107 Mobile Safari/537.36 Team Anon Force"
124.198.132.59 - - [07/Jun/2026:17:07:09 +0200] "GET /wp-admin/includes/theme.php HTTP/1.1" 404 - "-" "Mozilla/5.0 (Macintosh; Intel Mac OS X 10_15_7) AppleWebKit/537.36 (KHTML, like Gecko) Chrome/120.0.0.0 Safari/537.36"
103.160.213.60 - - [07/Jun/2026:17:07:09 +0200] "GET /wp-content/uploads/index.php HTTP/1.1" 404 - "-" "Mozilla/5.0 (Linux; Android 7.0; SM-G892A Build/NRD90M; wv) AppleWebKit/537.36 (KHTML, like Gecko) Version/4.0 Chrome/60.0.3112.107 Mobile Safari/537.36 Team Anon Force"
124.198.132.59 - - [07/Jun/2026:17:07:09 +0200] "GET /wp-admin/includes/template.php HTTP/1.1" 404 - "-" "Mozilla/5.0 (Macintosh; Intel Mac OS X 10_15_7) AppleWebKit/537.36 (KHTML, like Gecko) Chrome/120.0.0.0 Safari/537.36"
124.198.132.59 - - [07/Jun/2026:17:07:10 +0200] "GET /wp-admin/includes/ajax-actions.php HTTP/1.1" 404 - "-" "Mozilla/5.0 (X11; Linux x86_64; rv:121.0) Gecko/20100101 Firefox/121.0"
103.160.213.60 - - [07/Jun/2026:17:07:10 +0200] "GET /wp-content/themes/twentytwentythree/patterns/index.php HTTP/1.1" 404 - "-" "Mozilla/5.0 (Linux; Android 7.0; SM-G892A Build/NRD90M; wv) AppleWebKit/537.36 (KHTML, like Gecko) Version/4.0 Chrome/60.0.3112.107 Mobile Safari/537.36 Team Anon Force"
124.198.132.59 - - [07/Jun/2026:17:07:10 +0200] "GET /wp-admin/includes/schema.php HTTP/1.1" 404 - "https://www.google.com/" "Mozilla/5.0 (Windows NT 10.0; Win64; x64) AppleWebKit/537.36 (KHTML, like Gecko) Chrome/121.0.0.0 Safari/537.36"
124.198.132.59 - - [07/Jun/2026:17:07:10 +0200] "GET /wp-admin/includes/class-walker-category-checklist.php HTTP/1.1" 404 - "https://www.google.com/" "Mozilla/5.0 (Windows NT 10.0; Win64; x64) AppleWebKit/537.36 (KHTML, like Gecko) Chrome/121.0.0.0 Safari/537.36"
103.160.213.60 - - [07/Jun/2026:17:07:10 +0200] "GET /backdoor.php HTTP/1.1" 404 - "-" "Mozilla/5.0 (Linux; Android 7.0; SM-G892A Build/NRD90M; wv) AppleWebKit/537.36 (KHTML, like Gecko) Version/4.0 Chrome/60.0.3112.107 Mobile Safari/537.36 Team Anon Force"
103.160.213.60 - - [07/Jun/2026:17:07:11 +0200] "GET /shell.php HTTP/1.1" 404 - "-" "Mozilla/5.0 (Linux; Android 7.0; SM-G892A Build/NRD90M; wv) AppleWebKit/537.36 (KHTML, like Gecko) Version/4.0 Chrome/60.0.3112.107 Mobile Safari/537.36 Team Anon Force"
124.198.132.59 - - [07/Jun/2026:17:07:11 +0200] "GET /wp-admin/includes/comment.php HTTP/1.1" 404 - "https://www.google.com/" "Mozilla/5.0 (Windows NT 10.0; Win64; x64) AppleWebKit/537.36 (KHTML, like Gecko) Chrome/121.0.0.0 Safari/537.36"
124.198.132.59 - - [07/Jun/2026:17:07:11 +0200] "GET /wp-admin/includes/ms-deprecated.php HTTP/1.1" 404 - "-" "Mozilla/5.0 (Macintosh; Intel Mac OS X 10_15_7) AppleWebKit/537.36 (KHTML, like Gecko) Chrome/120.0.0.0 Safari/537.36"
103.160.213.60 - - [07/Jun/2026:17:07:11 +0200] "GET /cmd.php HTTP/1.1" 404 - "-" "Mozilla/5.0 (Linux; Android 7.0; SM-G892A Build/NRD90M; wv) AppleWebKit/537.36 (KHTML, like Gecko) Version/4.0 Chrome/60.0.3112.107 Mobile Safari/537.36 Team Anon Force"
124.198.132.59 - - [07/Jun/2026:17:07:11 +0200] "GET /wp-admin/includes/user.php HTTP/1.1" 404 - "-" "Mozilla/5.0 (Macintosh; Intel Mac OS X 10_15_7) AppleWebKit/605.1.15 (KHTML, like Gecko) Version/17.2 Safari/605.1.15"
103.160.213.60 - - [07/Jun/2026:17:07:11 +0200] "GET /cmdshell.php HTTP/1.1" 404 - "-" "Mozilla/5.0 (Linux; Android 7.0; SM-G892A Build/NRD90M; wv) AppleWebKit/537.36 (KHTML, like Gecko) Version/4.0 Chrome/60.0.3112.107 Mobile Safari/537.36 Team Anon Force"
124.198.132.59 - - [07/Jun/2026:17:07:11 +0200] "GET /wp-admin/includes/class-core-upgrader.php HTTP/1.1" 404 - "-" "Mozilla/5.0 (Macintosh; Intel Mac OS X 10_15_7) AppleWebKit/605.1.15 (KHTML, like Gecko) Version/17.2 Safari/605.1.15"
124.198.132.59 - - [07/Jun/2026:17:07:12 +0200] "GET /wp-admin/includes/class-wp-theme-install-list-table.php HTTP/1.1" 404 - "-" "Mozilla/5.0 (X11; Linux x86_64; rv:121.0) Gecko/20100101 Firefox/121.0"
103.160.213.60 - - [07/Jun/2026:17:07:12 +0200] "GET /cmdexec.php HTTP/1.1" 404 - "-" "Mozilla/5.0 (Linux; Android 7.0; SM-G892A Build/NRD90M; wv) AppleWebKit/537.36 (KHTML, like Gecko) Version/4.0 Chrome/60.0.3112.107 Mobile Safari/537.36 Team Anon Force"
124.198.132.59 - - [07/Jun/2026:17:07:12 +0200] "GET /wp-admin/includes/revision.php HTTP/1.1" 404 - "-" "Mozilla/5.0 (X11; Linux x86_64; rv:121.0) Gecko/20100101 Firefox/121.0"
124.198.132.59 - - [07/Jun/2026:17:07:12 +0200] "GET /wp-admin/includes/widgets.php HTTP/1.1" 404 - "https://www.google.com/" "Mozilla/5.0 (Windows NT 10.0; Win64; x64) AppleWebKit/537.36 (KHTML, like Gecko) Chrome/121.0.0.0 Safari/537.36"
103.160.213.60 - - [07/Jun/2026:17:07:12 +0200] "GET /cmdline.php HTTP/1.1" 404 - "-" "Mozilla/5.0 (Linux; Android 7.0; SM-G892A Build/NRD90M; wv) AppleWebKit/537.36 (KHTML, like Gecko) Version/4.0 Chrome/60.0.3112.107 Mobile Safari/537.36 Team Anon Force"
124.198.132.59 - - [07/Jun/2026:17:07:12 +0200] "GET /wp-admin/includes/class-theme-installer-skin.php HTTP/1.1" 404 - "https://www.google.com/" "Mozilla/5.0 (Windows NT 10.0; Win64; x64) AppleWebKit/537.36 (KHTML, like Gecko) Chrome/121.0.0.0 Safari/537.36"
103.160.213.60 - - [07/Jun/2026:17:07:13 +0200] "GET /phpshell.php HTTP/1.1" 404 - "-" "Mozilla/5.0 (Linux; Android 7.0; SM-G892A Build/NRD90M; wv) AppleWebKit/537.36 (KHTML, like Gecko) Version/4.0 Chrome/60.0.3112.107 Mobile Safari/537.36 Team Anon Force"
124.198.132.59 - - [07/Jun/2026:17:07:13 +0200] "GET /wp-admin/includes/class-walker-nav-menu-edit.php HTTP/1.1" 404 - "https://www.google.com/" "Mozilla/5.0 (Windows NT 10.0; Win64; x64) AppleWebKit/537.36 (KHTML, like Gecko) Chrome/121.0.0.0 Safari/537.36"
124.198.132.59 - - [07/Jun/2026:17:07:13 +0200] "GET /wp-admin/includes/class-wp-filesystem-base.php HTTP/1.1" 404 - "-" "Mozilla/5.0 (Macintosh; Intel Mac OS X 10_15_7) AppleWebKit/605.1.15 (KHTML, like Gecko) Version/17.2 Safari/605.1.15"
103.160.213.60 - - [07/Jun/2026:17:07:13 +0200] "GET /remote.php HTTP/1.1" 404 - "-" "Mozilla/5.0 (Linux; Android 7.0; SM-G892A Build/NRD90M; wv) AppleWebKit/537.36 (KHTML, like Gecko) Version/4.0 Chrome/60.0.3112.107 Mobile Safari/537.36 Team Anon Force"
124.198.132.59 - - [07/Jun/2026:17:07:13 +0200] "GET /wp-admin/includes/class-wp-privacy-requests-table.php HTTP/1.1" 404 - "-" "Mozilla/5.0 (Macintosh; Intel Mac OS X 10_15_7) AppleWebKit/605.1.15 (KHTML, like Gecko) Version/17.2 Safari/605.1.15"
124.198.132.59 - - [07/Jun/2026:17:07:13 +0200] "GET /wp-admin/includes/class-theme-upgrader.php HTTP/1.1" 404 - "https://www.google.com/" "Mozilla/5.0 (Windows NT 10.0; Win64; x64) AppleWebKit/537.36 (KHTML, like Gecko) Chrome/121.0.0.0 Safari/537.36"
103.160.213.60 - - [07/Jun/2026:17:07:13 +0200] "GET /c99.php HTTP/1.1" 404 - "-" "Mozilla/5.0 (Linux; Android 7.0; SM-G892A Build/NRD90M; wv) AppleWebKit/537.36 (KHTML, like Gecko) Version/4.0 Chrome/60.0.3112.107 Mobile Safari/537.36 Team Anon Force"
124.198.132.59 - - [07/Jun/2026:17:07:14 +0200] "GET /wp-admin/includes/admin-filters.php HTTP/1.1" 404 - "-" "Mozilla/5.0 (Windows NT 10.0; Win64; x64; rv:122.0) Gecko/20100101 Firefox/122.0"
103.160.213.60 - - [07/Jun/2026:17:07:14 +0200] "GET /r57.php HTTP/1.1" 404 - "-" "Mozilla/5.0 (Linux; Android 7.0; SM-G892A Build/NRD90M; wv) AppleWebKit/537.36 (KHTML, like Gecko) Version/4.0 Chrome/60.0.3112.107 Mobile Safari/537.36 Team Anon Force"
124.198.132.59 - - [07/Jun/2026:17:07:14 +0200] "GET /wp-content/plugins/ HTTP/1.1" 200 5506 "-" "Mozilla/5.0 (Macintosh; Intel Mac OS X 10_15_7) AppleWebKit/605.1.15 (KHTML, like Gecko) Version/17.2 Safari/605.1.15"
103.160.213.60 - - [07/Jun/2026:17:07:14 +0200] "GET /r57shell.php HTTP/1.1" 404 - "-" "Mozilla/5.0 (Linux; Android 7.0; SM-G892A Build/NRD90M; wv) AppleWebKit/537.36 (KHTML, like Gecko) Version/4.0 Chrome/60.0.3112.107 Mobile Safari/537.36 Team Anon Force"
124.198.132.59 - - [07/Jun/2026:17:07:14 +0200] "GET /wp-content/plugins/js-support-ticket/ HTTP/1.1" 200 2154 "-" "Mozilla/5.0 (Macintosh; Intel Mac OS X 10_15_7) AppleWebKit/605.1.15 (KHTML, like Gecko) Version/17.2 Safari/605.1.15"
103.160.213.60 - - [07/Jun/2026:17:07:15 +0200] "GET /irc.php HTTP/1.1" 404 - "-" "Mozilla/5.0 (Linux; Android 7.0; SM-G892A Build/NRD90M; wv) AppleWebKit/537.36 (KHTML, like Gecko) Version/4.0 Chrome/60.0.3112.107 Mobile Safari/537.36 Team Anon Force"
124.198.132.59 - - [07/Jun/2026:17:07:15 +0200] "GET /wp-content/plugins/js-support-ticket/uninstall.php HTTP/1.1" 200 1106 "-" "Mozilla/5.0 (Macintosh; Intel Mac OS X 10_15_7) AppleWebKit/605.1.15 (KHTML, like Gecko) Version/17.2 Safari/605.1.15"
103.160.213.60 - - [07/Jun/2026:17:07:15 +0200] "GET /ircshell.php HTTP/1.1" 404 - "-" "Mozilla/5.0 (Linux; Android 7.0; SM-G892A Build/NRD90M; wv) AppleWebKit/537.36 (KHTML, like Gecko) Version/4.0 Chrome/60.0.3112.107 Mobile Safari/537.36 Team Anon Force"
124.198.132.59 - - [07/Jun/2026:17:07:15 +0200] "GET /wp-content/plugins/js-support-ticket/modules/ HTTP/1.1" 200 4701 "-" "Mozilla/5.0 (Macintosh; Intel Mac OS X 10_15_7) AppleWebKit/605.1.15 (KHTML, like Gecko) Version/17.2 Safari/605.1.15"
103.160.213.60 - - [07/Jun/2026:17:07:15 +0200] "GET /wso.php HTTP/1.1" 404 - "-" "Mozilla/5.0 (Linux; Android 7.0; SM-G892A Build/NRD90M; wv) AppleWebKit/537.36 (KHTML, like Gecko) Version/4.0 Chrome/60.0.3112.107 Mobile Safari/537.36 Team Anon Force"
124.198.132.59 - - [07/Jun/2026:17:07:16 +0200] "GET /wp-content/plugins/js-support-ticket/modules/jssupportticket/ HTTP/1.1" 200 1322 "-" "Mozilla/5.0 (X11; Linux x86_64; rv:121.0) Gecko/20100101 Firefox/121.0"
103.160.213.60 - - [07/Jun/2026:17:07:16 +0200] "GET /wso2.php HTTP/1.1" 404 - "-" "Mozilla/5.0 (Linux; Android 7.0; SM-G892A Build/NRD90M; wv) AppleWebKit/537.36 (KHTML, like Gecko) Version/4.0 Chrome/60.0.3112.107 Mobile Safari/537.36 Team Anon Force"
124.198.132.59 - - [07/Jun/2026:17:07:16 +0200] "GET /wp-content/plugins/js-support-ticket/modules/jssupportticket/controller.php HTTP/1.1" 200 7228 "-" "Mozilla/5.0 (Macintosh; Intel Mac OS X 10_15_7) AppleWebKit/537.36 (KHTML, like Gecko) Chrome/120.0.0.0 Safari/537.36"
124.198.132.59 - - [07/Jun/2026:17:07:16 +0200] "GET /wp-content/plugins/js-support-ticket/modules/jssupportticket/model.php HTTP/1.1" 200 131802 "-" "Mozilla/5.0 (Macintosh; Intel Mac OS X 10_15_7) AppleWebKit/605.1.15 (KHTML, like Gecko) Version/17.2 Safari/605.1.15"
103.160.213.60 - - [07/Jun/2026:17:07:16 +0200] "GET /gfs.php HTTP/1.1" 404 - "-" "Mozilla/5.0 (Linux; Android 7.0; SM-G892A Build/NRD90M; wv) AppleWebKit/537.36 (KHTML, like Gecko) Version/4.0 Chrome/60.0.3112.107 Mobile Safari/537.36 Team Anon Force"
124.198.132.59 - - [07/Jun/2026:17:07:17 +0200] "GET /wp-content/plugins/js-support-ticket/modules/themes/ HTTP/1.1" 200 1304 "https://www.google.com/" "Mozilla/5.0 (Windows NT 10.0; Win64; x64) AppleWebKit/537.36 (KHTML, like Gecko) Chrome/121.0.0.0 Safari/537.36"
103.160.213.60 - - [07/Jun/2026:17:07:17 +0200] "GET /hack.php HTTP/1.1" 404 - "-" "Mozilla/5.0 (Linux; Android 7.0; SM-G892A Build/NRD90M; wv) AppleWebKit/537.36 (KHTML, like Gecko) Version/4.0 Chrome/60.0.3112.107 Mobile Safari/537.36 Team Anon Force"
124.198.132.59 - - [07/Jun/2026:17:07:17 +0200] "GET /wp-content/plugins/js-support-ticket/modules/themes/controller.php HTTP/1.1" 200 2388 "-" "Mozilla/5.0 (Macintosh; Intel Mac OS X 10_15_7) AppleWebKit/605.1.15 (KHTML, like Gecko) Version/17.2 Safari/605.1.15"
103.160.213.60 - - [07/Jun/2026:17:07:17 +0200] "GET /d0rk.php HTTP/1.1" 404 - "-" "Mozilla/5.0 (Linux; Android 7.0; SM-G892A Build/NRD90M; wv) AppleWebKit/537.36 (KHTML, like Gecko) Version/4.0 Chrome/60.0.3112.107 Mobile Safari/537.36 Team Anon Force"
124.198.132.59 - - [07/Jun/2026:17:07:17 +0200] "GET /wp-content/plugins/js-support-ticket/modules/themes/model.php HTTP/1.1" 200 3160 "-" "Mozilla/5.0 (X11; Linux x86_64; rv:121.0) Gecko/20100101 Firefox/121.0"
103.160.213.60 - - [07/Jun/2026:17:07:17 +0200] "GET /priv8.php HTTP/1.1" 404 - "-" "Mozilla/5.0 (Linux; Android 7.0; SM-G892A Build/NRD90M; wv) AppleWebKit/537.36 (KHTML, like Gecko) Version/4.0 Chrome/60.0.3112.107 Mobile Safari/537.36 Team Anon Force"
124.198.132.59 - - [07/Jun/2026:17:07:18 +0200] "GET /wp-content/plugins/js-support-ticket/modules/systemerror/ HTTP/1.1" 200 1314 "-" "Mozilla/5.0 (Windows NT 10.0; Win64; x64; rv:122.0) Gecko/20100101 Firefox/122.0"
124.198.132.59 - - [07/Jun/2026:17:07:18 +0200] "GET /wp-content/plugins/js-support-ticket/modules/systemerror/controller.php HTTP/1.1" 200 3005 "-" "Mozilla/5.0 (Macintosh; Intel Mac OS X 10_15_7) AppleWebKit/537.36 (KHTML, like Gecko) Chrome/120.0.0.0 Safari/537.36"
103.160.213.60 - - [07/Jun/2026:17:07:18 +0200] "GET /indoxploit.php HTTP/1.1" 404 - "-" "Mozilla/5.0 (Linux; Android 7.0; SM-G892A Build/NRD90M; wv) AppleWebKit/537.36 (KHTML, like Gecko) Version/4.0 Chrome/60.0.3112.107 Mobile Safari/537.36 Team Anon Force"
124.198.132.59 - - [07/Jun/2026:17:07:18 +0200] "GET /wp-content/plugins/js-support-ticket/modules/systemerror/model.php HTTP/1.1" 200 2901 "-" "Mozilla/5.0 (Macintosh; Intel Mac OS X 10_15_7) AppleWebKit/537.36 (KHTML, like Gecko) Chrome/120.0.0.0 Safari/537.36"
103.160.213.60 - - [07/Jun/2026:17:07:18 +0200] "GET /404.php HTTP/1.1" 404 - "-" "Mozilla/5.0 (Linux; Android 7.0; SM-G892A Build/NRD90M; wv) AppleWebKit/537.36 (KHTML, like Gecko) Version/4.0 Chrome/60.0.3112.107 Mobile Safari/537.36 Team Anon Force"
124.198.132.59 - - [07/Jun/2026:17:07:18 +0200] "GET /wp-content/plugins/js-support-ticket/modules/reply/ HTTP/1.1" 200 1129 "-" "Mozilla/5.0 (Macintosh; Intel Mac OS X 10_15_7) AppleWebKit/605.1.15 (KHTML, like Gecko) Version/17.2 Safari/605.1.15"
103.160.213.60 - - [07/Jun/2026:17:07:19 +0200] "GET /1337.php HTTP/1.1" 404 - "-" "Mozilla/5.0 (Linux; Android 7.0; SM-G892A Build/NRD90M; wv) AppleWebKit/537.36 (KHTML, like Gecko) Version/4.0 Chrome/60.0.3112.107 Mobile Safari/537.36 Team Anon Force"
124.198.132.59 - - [07/Jun/2026:17:07:19 +0200] "GET /wp-content/plugins/js-support-ticket/modules/reply/controller.php HTTP/1.1" 200 4099 "https://www.google.com/" "Mozilla/5.0 (Windows NT 10.0; Win64; x64) AppleWebKit/537.36 (KHTML, like Gecko) Chrome/121.0.0.0 Safari/537.36"
124.198.132.59 - - [07/Jun/2026:17:07:19 +0200] "GET /wp-content/plugins/js-support-ticket/modules/reply/model.php HTTP/1.1" 200 32475 "-" "Mozilla/5.0 (Macintosh; Intel Mac OS X 10_15_7) AppleWebKit/537.36 (KHTML, like Gecko) Chrome/120.0.0.0 Safari/537.36"
103.160.213.60 - - [07/Jun/2026:17:07:19 +0200] "GET /uploader.php HTTP/1.1" 404 - "-" "Mozilla/5.0 (Linux; Android 7.0; SM-G892A Build/NRD90M; wv) AppleWebKit/537.36 (KHTML, like Gecko) Version/4.0 Chrome/60.0.3112.107 Mobile Safari/537.36 Team Anon Force"
103.160.213.60 - - [07/Jun/2026:17:07:19 +0200] "GET /webshell.php HTTP/1.1" 404 - "-" "Mozilla/5.0 (Linux; Android 7.0; SM-G892A Build/NRD90M; wv) AppleWebKit/537.36 (KHTML, like Gecko) Version/4.0 Chrome/60.0.3112.107 Mobile Safari/537.36 Team Anon Force"
124.198.132.59 - - [07/Jun/2026:17:07:19 +0200] "GET /wp-content/plugins/js-support-ticket/modules/gdpr/ HTTP/1.1" 200 1300 "-" "Mozilla/5.0 (Windows NT 10.0; Win64; x64; rv:122.0) Gecko/20100101 Firefox/122.0"
124.198.132.59 - - [07/Jun/2026:17:07:20 +0200] "GET /wp-content/plugins/js-support-ticket/modules/gdpr/controller.php HTTP/1.1" 200 7221 "https://www.google.com/" "Mozilla/5.0 (Windows NT 10.0; Win64; x64) AppleWebKit/537.36 (KHTML, like Gecko) Chrome/121.0.0.0 Safari/537.36"
124.198.132.59 - - [07/Jun/2026:17:07:20 +0200] "GET /wp-content/plugins/js-support-ticket/modules/gdpr/model.php HTTP/1.1" 200 29114 "-" "Mozilla/5.0 (X11; Linux x86_64; rv:121.0) Gecko/20100101 Firefox/121.0"
124.198.132.59 - - [07/Jun/2026:17:07:20 +0200] "GET /wp-content/plugins/js-support-ticket/modules/postinstallation/ HTTP/1.1" 200 1324 "https://www.google.com/" "Mozilla/5.0 (Windows NT 10.0; Win64; x64) AppleWebKit/537.36 (KHTML, like Gecko) Chrome/121.0.0.0 Safari/537.36"
103.160.213.60 - - [07/Jun/2026:17:07:20 +0200] "GET /b374k.php HTTP/1.1" 404 - "-" "Mozilla/5.0 (Linux; Android 7.0; SM-G892A Build/NRD90M; wv) AppleWebKit/537.36 (KHTML, like Gecko) Version/4.0 Chrome/60.0.3112.107 Mobile Safari/537.36 Team Anon Force"
124.198.132.59 - - [07/Jun/2026:17:07:21 +0200] "GET /wp-content/plugins/js-support-ticket/modules/postinstallation/controller.php HTTP/1.1" 200 4917 "-" "Mozilla/5.0 (Macintosh; Intel Mac OS X 10_15_7) AppleWebKit/605.1.15 (KHTML, like Gecko) Version/17.2 Safari/605.1.15"
103.160.213.60 - - [07/Jun/2026:17:07:21 +0200] "GET /mini.php HTTP/1.1" 404 - "-" "Mozilla/5.0 (Linux; Android 7.0; SM-G892A Build/NRD90M; wv) AppleWebKit/537.36 (KHTML, like Gecko) Version/4.0 Chrome/60.0.3112.107 Mobile Safari/537.36 Team Anon Force"
124.198.132.59 - - [07/Jun/2026:17:07:21 +0200] "GET /wp-content/plugins/js-support-ticket/modules/postinstallation/model.php HTTP/1.1" 200 3446 "-" "Mozilla/5.0 (Macintosh; Intel Mac OS X 10_15_7) AppleWebKit/537.36 (KHTML, like Gecko) Chrome/120.0.0.0 Safari/537.36"
103.160.213.60 - - [07/Jun/2026:17:07:21 +0200] "GET /bypass.php HTTP/1.1" 404 - "-" "Mozilla/5.0 (Linux; Android 7.0; SM-G892A Build/NRD90M; wv) AppleWebKit/537.36 (KHTML, like Gecko) Version/4.0 Chrome/60.0.3112.107 Mobile Safari/537.36 Team Anon Force"
124.198.132.59 - - [07/Jun/2026:17:07:21 +0200] "GET /wp-content/plugins/js-support-ticket/modules/slug/ HTTP/1.1" 200 1300 "-" "Mozilla/5.0 (Macintosh; Intel Mac OS X 10_15_7) AppleWebKit/605.1.15 (KHTML, like Gecko) Version/17.2 Safari/605.1.15"
103.160.213.60 - - [07/Jun/2026:17:07:22 +0200] "GET /shell.php5 HTTP/1.1" 404 - "-" "Mozilla/5.0 (Linux; Android 7.0; SM-G892A Build/NRD90M; wv) AppleWebKit/537.36 (KHTML, like Gecko) Version/4.0 Chrome/60.0.3112.107 Mobile Safari/537.36 Team Anon Force"
124.198.132.59 - - [07/Jun/2026:17:07:22 +0200] "GET /wp-content/plugins/js-support-ticket/modules/slug/controller.php HTTP/1.1" 200 3575 "-" "Mozilla/5.0 (X11; Linux x86_64; rv:121.0) Gecko/20100101 Firefox/121.0"
124.198.132.59 - - [07/Jun/2026:17:07:22 +0200] "GET /wp-content/plugins/js-support-ticket/modules/slug/model.php HTTP/1.1" 200 10102 "-" "Mozilla/5.0 (Macintosh; Intel Mac OS X 10_15_7) AppleWebKit/537.36 (KHTML, like Gecko) Chrome/120.0.0.0 Safari/537.36"
103.160.213.60 - - [07/Jun/2026:17:07:22 +0200] "GET /c99shell.php HTTP/1.1" 404 - "-" "Mozilla/5.0 (Linux; Android 7.0; SM-G892A Build/NRD90M; wv) AppleWebKit/537.36 (KHTML, like Gecko) Version/4.0 Chrome/60.0.3112.107 Mobile Safari/537.36 Team Anon Force"
124.198.132.59 - - [07/Jun/2026:17:07:22 +0200] "GET /wp-content/plugins/js-support-ticket/modules/status/ HTTP/1.1" 200 1304 "-" "Mozilla/5.0 (Macintosh; Intel Mac OS X 10_15_7) AppleWebKit/605.1.15 (KHTML, like Gecko) Version/17.2 Safari/605.1.15"
103.160.213.60 - - [07/Jun/2026:17:07:23 +0200] "GET /jspshell.jsp HTTP/1.1" 404 - "-" "Mozilla/5.0 (Linux; Android 7.0; SM-G892A Build/NRD90M; wv) AppleWebKit/537.36 (KHTML, like Gecko) Version/4.0 Chrome/60.0.3112.107 Mobile Safari/537.36 Team Anon Force"
124.198.132.59 - - [07/Jun/2026:17:07:23 +0200] "GET /wp-content/plugins/js-support-ticket/modules/status/controller.php HTTP/1.1" 200 3796 "-" "Mozilla/5.0 (Macintosh; Intel Mac OS X 10_15_7) AppleWebKit/605.1.15 (KHTML, like Gecko) Version/17.2 Safari/605.1.15"
124.198.132.59 - - [07/Jun/2026:17:07:23 +0200] "GET /wp-content/plugins/js-support-ticket/modules/status/model.php HTTP/1.1" 200 11089 "-" "Mozilla/5.0 (Macintosh; Intel Mac OS X 10_15_7) AppleWebKit/537.36 (KHTML, like Gecko) Chrome/120.0.0.0 Safari/537.36"
124.198.132.59 - - [07/Jun/2026:17:07:23 +0200] "GET /wp-content/plugins/js-support-ticket/modules/activitylog/ HTTP/1.1" 200 959 "-" "Mozilla/5.0 (X11; Linux x86_64; rv:121.0) Gecko/20100101 Firefox/121.0"
124.198.132.59 - - [07/Jun/2026:17:07:23 +0200] "GET /wp-content/plugins/js-support-ticket/modules/activitylog/model.php HTTP/1.1" 200 64 "-" "Mozilla/5.0 (Macintosh; Intel Mac OS X 10_15_7) AppleWebKit/537.36 (KHTML, like Gecko) Chrome/120.0.0.0 Safari/537.36"
124.198.132.59 - - [07/Jun/2026:17:07:24 +0200] "GET /wp-content/plugins/js-support-ticket/modules/department/ HTTP/1.1" 200 1312 "-" "Mozilla/5.0 (Macintosh; Intel Mac OS X 10_15_7) AppleWebKit/537.36 (KHTML, like Gecko) Chrome/120.0.0.0 Safari/537.36"
124.198.132.59 - - [07/Jun/2026:17:07:24 +0200] "GET /wp-content/plugins/js-support-ticket/modules/department/controller.php HTTP/1.1" 200 6279 "-" "Mozilla/5.0 (Macintosh; Intel Mac OS X 10_15_7) AppleWebKit/537.36 (KHTML, like Gecko) Chrome/120.0.0.0 Safari/537.36"
124.198.132.59 - - [07/Jun/2026:17:07:24 +0200] "GET /wp-content/plugins/js-support-ticket/modules/department/model.php HTTP/1.1" 200 20016 "-" "Mozilla/5.0 (Windows NT 10.0; Win64; x64; rv:122.0) Gecko/20100101 Firefox/122.0"
124.198.132.59 - - [07/Jun/2026:17:07:25 +0200] "GET /wp-content/plugins/js-support-ticket/modules/configuration/ HTTP/1.1" 200 1318 "-" "Mozilla/5.0 (Macintosh; Intel Mac OS X 10_15_7) AppleWebKit/537.36 (KHTML, like Gecko) Chrome/120.0.0.0 Safari/537.36"
124.198.132.59 - - [07/Jun/2026:17:07:25 +0200] "GET /wp-content/plugins/js-support-ticket/modules/configuration/controller.php HTTP/1.1" 200 3683 "-" "Mozilla/5.0 (Macintosh; Intel Mac OS X 10_15_7) AppleWebKit/605.1.15 (KHTML, like Gecko) Version/17.2 Safari/605.1.15"
124.198.132.59 - - [07/Jun/2026:17:07:25 +0200] "GET /wp-content/plugins/js-support-ticket/modules/configuration/model.php HTTP/1.1" 200 23118 "-" "Mozilla/5.0 (Windows NT 10.0; Win64; x64; rv:122.0) Gecko/20100101 Firefox/122.0"
124.198.132.59 - - [07/Jun/2026:17:07:26 +0200] "GET /wp-content/plugins/js-support-ticket/modules/email/ HTTP/1.1" 200 1302 "-" "Mozilla/5.0 (Windows NT 10.0; Win64; x64; rv:122.0) Gecko/20100101 Firefox/122.0"
124.198.132.59 - - [07/Jun/2026:17:07:26 +0200] "GET /wp-content/plugins/js-support-ticket/modules/email/controller.php HTTP/1.1" 200 3187 "-" "Mozilla/5.0 (Macintosh; Intel Mac OS X 10_15_7) AppleWebKit/537.36 (KHTML, like Gecko) Chrome/120.0.0.0 Safari/537.36"
124.198.132.59 - - [07/Jun/2026:17:07:26 +0200] "GET /wp-content/plugins/js-support-ticket/modules/email/model.php HTTP/1.1" 200 164761 "-" "Mozilla/5.0 (X11; Linux x86_64; rv:121.0) Gecko/20100101 Firefox/121.0"
124.198.132.59 - - [07/Jun/2026:17:07:27 +0200] "GET /wp-content/plugins/js-support-ticket/modules/js-support-ticket-controller.php HTTP/1.1" 200 405 "-" "Mozilla/5.0 (Macintosh; Intel Mac OS X 10_15_7) AppleWebKit/537.36 (KHTML, like Gecko) Chrome/120.0.0.0 Safari/537.36"
124.198.132.59 - - [07/Jun/2026:17:07:27 +0200] "GET /wp-content/plugins/js-support-ticket/modules/priority/ HTTP/1.1" 200 1308 "https://www.google.com/" "Mozilla/5.0 (Windows NT 10.0; Win64; x64) AppleWebKit/537.36 (KHTML, like Gecko) Chrome/121.0.0.0 Safari/537.36"
124.198.132.59 - - [07/Jun/2026:17:07:27 +0200] "GET /wp-content/plugins/js-support-ticket/modules/priority/controller.php HTTP/1.1" 200 4462 "-" "Mozilla/5.0 (Macintosh; Intel Mac OS X 10_15_7) AppleWebKit/537.36 (KHTML, like Gecko) Chrome/120.0.0.0 Safari/537.36"
124.198.132.59 - - [07/Jun/2026:17:07:28 +0200] "GET /wp-content/plugins/js-support-ticket/modules/priority/model.php HTTP/1.1" 200 13092 "https://www.google.com/" "Mozilla/5.0 (Windows NT 10.0; Win64; x64) AppleWebKit/537.36 (KHTML, like Gecko) Chrome/121.0.0.0 Safari/537.36"
124.198.132.59 - - [07/Jun/2026:17:07:28 +0200] "GET /wp-content/plugins/js-support-ticket/modules/emailtemplate/ HTTP/1.1" 200 1318 "-" "Mozilla/5.0 (Windows NT 10.0; Win64; x64; rv:122.0) Gecko/20100101 Firefox/122.0"
124.198.132.59 - - [07/Jun/2026:17:07:28 +0200] "GET /wp-content/plugins/js-support-ticket/modules/emailtemplate/controller.php HTTP/1.1" 200 4842 "-" "Mozilla/5.0 (X11; Linux x86_64; rv:121.0) Gecko/20100101 Firefox/121.0"
124.198.132.59 - - [07/Jun/2026:17:07:29 +0200] "GET /wp-content/plugins/js-support-ticket/modules/emailtemplate/model.php HTTP/1.1" 200 12462 "-" "Mozilla/5.0 (Macintosh; Intel Mac OS X 10_15_7) AppleWebKit/605.1.15 (KHTML, like Gecko) Version/17.2 Safari/605.1.15"
124.198.132.59 - - [07/Jun/2026:17:07:29 +0200] "GET /wp-content/plugins/js-support-ticket/modules/attachment/ HTTP/1.1" 200 1139 "https://www.google.com/" "Mozilla/5.0 (Windows NT 10.0; Win64; x64) AppleWebKit/537.36 (KHTML, like Gecko) Chrome/121.0.0.0 Safari/537.36"
124.198.132.59 - - [07/Jun/2026:17:07:29 +0200] "GET /wp-content/plugins/js-support-ticket/modules/attachment/controller.php HTTP/1.1" 200 3222 "-" "Mozilla/5.0 (Windows NT 10.0; Win64; x64; rv:122.0) Gecko/20100101 Firefox/122.0"
124.198.132.59 - - [07/Jun/2026:17:07:29 +0200] "GET /wp-content/plugins/js-support-ticket/modules/attachment/model.php HTTP/1.1" 200 19874 "-" "Mozilla/5.0 (Windows NT 10.0; Win64; x64; rv:122.0) Gecko/20100101 Firefox/122.0"
124.198.132.59 - - [07/Jun/2026:17:07:30 +0200] "GET /wp-content/plugins/js-support-ticket/modules/premiumplugin/ HTTP/1.1" 200 1318 "-" "Mozilla/5.0 (X11; Linux x86_64; rv:121.0) Gecko/20100101 Firefox/121.0"
124.198.132.59 - - [07/Jun/2026:17:07:30 +0200] "GET /wp-content/plugins/js-support-ticket/modules/premiumplugin/controller.php HTTP/1.1" 200 19427 "-" "Mozilla/5.0 (Macintosh; Intel Mac OS X 10_15_7) AppleWebKit/605.1.15 (KHTML, like Gecko) Version/17.2 Safari/605.1.15"
124.198.132.59 - - [07/Jun/2026:17:07:31 +0200] "GET /wp-content/plugins/js-support-ticket/modules/premiumplugin/model.php HTTP/1.1" 200 14000 "https://www.google.com/" "Mozilla/5.0 (Windows NT 10.0; Win64; x64) AppleWebKit/537.36 (KHTML, like Gecko) Chrome/121.0.0.0 Safari/537.36"
124.198.132.59 - - [07/Jun/2026:17:07:31 +0200] "GET /wp-content/plugins/js-support-ticket/modules/fieldordering/ HTTP/1.1" 200 1318 "https://www.google.com/" "Mozilla/5.0 (Windows NT 10.0; Win64; x64) AppleWebKit/537.36 (KHTML, like Gecko) Chrome/121.0.0.0 Safari/537.36"
124.198.132.59 - - [07/Jun/2026:17:07:31 +0200] "GET /wp-content/plugins/js-support-ticket/modules/fieldordering/controller.php HTTP/1.1" 200 10734 "-" "Mozilla/5.0 (Macintosh; Intel Mac OS X 10_15_7) AppleWebKit/537.36 (KHTML, like Gecko) Chrome/120.0.0.0 Safari/537.36"
124.198.132.59 - - [07/Jun/2026:17:07:32 +0200] "GET /wp-content/plugins/js-support-ticket/modules/fieldordering/model.php HTTP/1.1" 200 82816 "-" "Mozilla/5.0 (Macintosh; Intel Mac OS X 10_15_7) AppleWebKit/537.36 (KHTML, like Gecko) Chrome/120.0.0.0 Safari/537.36"
124.198.132.59 - - [07/Jun/2026:17:07:32 +0200] "GET /wp-content/plugins/js-support-ticket/modules/reports/ HTTP/1.1" 200 1306 "-" "Mozilla/5.0 (X11; Linux x86_64; rv:121.0) Gecko/20100101 Firefox/121.0"
124.198.132.59 - - [07/Jun/2026:17:07:32 +0200] "GET /wp-content/plugins/js-support-ticket/modules/reports/controller.php HTTP/1.1" 200 5509 "-" "Mozilla/5.0 (X11; Linux x86_64; rv:121.0) Gecko/20100101 Firefox/121.0"
124.198.132.59 - - [07/Jun/2026:17:07:33 +0200] "GET /wp-content/plugins/js-support-ticket/modules/reports/model.php HTTP/1.1" 200 113160 "-" "Mozilla/5.0 (Macintosh; Intel Mac OS X 10_15_7) AppleWebKit/537.36 (KHTML, like Gecko) Chrome/120.0.0.0 Safari/537.36"
124.198.132.59 - - [07/Jun/2026:17:07:33 +0200] "GET /wp-content/plugins/js-support-ticket/modules/thirdpartyimport/ HTTP/1.1" 200 1324 "-" "Mozilla/5.0 (Macintosh; Intel Mac OS X 10_15_7) AppleWebKit/605.1.15 (KHTML, like Gecko) Version/17.2 Safari/605.1.15"
124.198.132.59 - - [07/Jun/2026:17:07:34 +0200] "GET /wp-content/plugins/js-support-ticket/modules/thirdpartyimport/controller.php HTTP/1.1" 200 4746 "-" "Mozilla/5.0 (Windows NT 10.0; Win64; x64; rv:122.0) Gecko/20100101 Firefox/122.0"
124.198.132.59 - - [07/Jun/2026:17:07:34 +0200] "GET /wp-content/plugins/js-support-ticket/modules/thirdpartyimport/model.php HTTP/1.1" 200 258563 "-" "Mozilla/5.0 (Macintosh; Intel Mac OS X 10_15_7) AppleWebKit/537.36 (KHTML, like Gecko) Chrome/120.0.0.0 Safari/537.36"
124.198.132.59 - - [07/Jun/2026:17:07:35 +0200] "GET /wp-content/plugins/js-support-ticket/modules/product/ HTTP/1.1" 200 1306 "-" "Mozilla/5.0 (Macintosh; Intel Mac OS X 10_15_7) AppleWebKit/537.36 (KHTML, like Gecko) Chrome/120.0.0.0 Safari/537.36"
124.198.132.59 - - [07/Jun/2026:17:07:35 +0200] "GET /wp-content/plugins/js-support-ticket/modules/product/controller.php HTTP/1.1" 200 4431 "-" "Mozilla/5.0 (Macintosh; Intel Mac OS X 10_15_7) AppleWebKit/537.36 (KHTML, like Gecko) Chrome/120.0.0.0 Safari/537.36"
124.198.132.59 - - [07/Jun/2026:17:07:35 +0200] "GET /wp-content/plugins/js-support-ticket/modules/product/model.php HTTP/1.1" 200 10923 "-" "Mozilla/5.0 (Macintosh; Intel Mac OS X 10_15_7) AppleWebKit/605.1.15 (KHTML, like Gecko) Version/17.2 Safari/605.1.15"
124.198.132.59 - - [07/Jun/2026:17:07:36 +0200] "GET /wp-content/plugins/js-support-ticket/zipdownloads/ HTTP/1.1" 200 938 "-" "Mozilla/5.0 (Macintosh; Intel Mac OS X 10_15_7) AppleWebKit/537.36 (KHTML, like Gecko) Chrome/120.0.0.0 Safari/537.36"
124.198.132.59 - - [07/Jun/2026:17:07:36 +0200] "GET /wp-content/plugins/js-support-ticket/js-support-ticket.php HTTP/1.1" 200 84558 "-" "Mozilla/5.0 (Macintosh; Intel Mac OS X 10_15_7) AppleWebKit/605.1.15 (KHTML, like Gecko) Version/17.2 Safari/605.1.15"
124.198.132.59 - - [07/Jun/2026:17:07:36 +0200] "GET /wp-content/plugins/js-support-ticket/languages/ HTTP/1.1" 200 9775 "-" "Mozilla/5.0 (Macintosh; Intel Mac OS X 10_15_7) AppleWebKit/537.36 (KHTML, like Gecko) Chrome/120.0.0.0 Safari/537.36"
124.198.132.59 - - [07/Jun/2026:17:07:37 +0200] "GET /wp-content/plugins/js-support-ticket/includes/ HTTP/1.1" 200 6695 "-" "Mozilla/5.0 (Macintosh; Intel Mac OS X 10_15_7) AppleWebKit/605.1.15 (KHTML, like Gecko) Version/17.2 Safari/605.1.15"
124.198.132.59 - - [07/Jun/2026:17:07:37 +0200] "GET /wp-content/plugins/js-support-ticket/includes/breadcrumbs.php HTTP/1.1" 200 24073 "-" "Mozilla/5.0 (Windows NT 10.0; Win64; x64; rv:122.0) Gecko/20100101 Firefox/122.0"
124.198.132.59 - - [07/Jun/2026:17:07:38 +0200] "GET /wp-content/plugins/js-support-ticket/includes/images/ HTTP/1.1" 200 43300 "-" "Mozilla/5.0 (Windows NT 10.0; Win64; x64; rv:122.0) Gecko/20100101 Firefox/122.0"
124.198.132.59 - - [07/Jun/2026:17:07:38 +0200] "GET /wp-content/plugins/js-support-ticket/includes/header.php HTTP/1.1" 200 30607 "https://www.google.com/" "Mozilla/5.0 (Windows NT 10.0; Win64; x64) AppleWebKit/537.36 (KHTML, like Gecko) Chrome/121.0.0.0 Safari/537.36"
124.198.132.59 - - [07/Jun/2026:17:07:39 +0200] "GET /wp-content/plugins/js-support-ticket/includes/includer.php HTTP/1.1" 200 10166 "https://www.google.com/" "Mozilla/5.0 (Windows NT 10.0; Win64; x64) AppleWebKit/537.36 (KHTML, like Gecko) Chrome/121.0.0.0 Safari/537.36"
124.198.132.59 - - [07/Jun/2026:17:07:39 +0200] "GET /wp-content/plugins/js-support-ticket/includes/lib/ HTTP/1.1" 200 769 "-" "Mozilla/5.0 (Macintosh; Intel Mac OS X 10_15_7) AppleWebKit/537.36 (KHTML, like Gecko) Chrome/120.0.0.0 Safari/537.36"
124.198.132.59 - - [07/Jun/2026:17:07:39 +0200] "GET /wp-content/plugins/js-support-ticket/includes/css/ HTTP/1.1" 200 3861 "-" "Mozilla/5.0 (Macintosh; Intel Mac OS X 10_15_7) AppleWebKit/605.1.15 (KHTML, like Gecko) Version/17.2 Safari/605.1.15"
124.198.132.59 - - [07/Jun/2026:17:07:39 +0200] "GET /wp-content/plugins/js-support-ticket/includes/css/style.php HTTP/1.1" 404 - "-" "Mozilla/5.0 (X11; Linux x86_64; rv:121.0) Gecko/20100101 Firefox/121.0"
124.198.132.59 - - [07/Jun/2026:17:07:40 +0200] "GET /wp-content/plugins/js-support-ticket/includes/pagination.php HTTP/1.1" 200 2763 "-" "Mozilla/5.0 (Macintosh; Intel Mac OS X 10_15_7) AppleWebKit/537.36 (KHTML, like Gecko) Chrome/120.0.0.0 Safari/537.36"
124.198.132.59 - - [07/Jun/2026:17:07:40 +0200] "GET /wp-content/plugins/js-support-ticket/includes/classes/ HTTP/1.1" 200 2066 "-" "Mozilla/5.0 (Windows NT 10.0; Win64; x64; rv:122.0) Gecko/20100101 Firefox/122.0"
124.198.132.59 - - [07/Jun/2026:17:07:40 +0200] "GET /wp-content/plugins/js-support-ticket/includes/classes/jsstadminsidemenu.php HTTP/1.1" 200 80810 "-" "Mozilla/5.0 (X11; Linux x86_64; rv:121.0) Gecko/20100101 Firefox/121.0"
124.198.132.59 - - [07/Jun/2026:17:07:41 +0200] "GET /wp-content/plugins/js-support-ticket/includes/classes/wphdsession.php HTTP/1.1" 200 2742 "-" "Mozilla/5.0 (X11; Linux x86_64; rv:121.0) Gecko/20100101 Firefox/121.0"
124.198.132.59 - - [07/Jun/2026:17:07:41 +0200] "GET /wp-content/plugins/js-support-ticket/includes/classes/jsstadminreviewbox.php HTTP/1.1" 200 10874 "-" "Mozilla/5.0 (X11; Linux x86_64; rv:121.0) Gecko/20100101 Firefox/121.0"
124.198.132.59 - - [07/Jun/2026:17:07:41 +0200] "GET /wp-content/plugins/js-support-ticket/includes/classes/user.php HTTP/1.1" 200 11944 "-" "Mozilla/5.0 (Macintosh; Intel Mac OS X 10_15_7) AppleWebKit/605.1.15 (KHTML, like Gecko) Version/17.2 Safari/605.1.15"
124.198.132.59 - - [07/Jun/2026:17:07:41 +0200] "GET /wp-content/plugins/js-support-ticket/includes/classes/wphdnotification.php HTTP/1.1" 200 5116 "-" "Mozilla/5.0 (Windows NT 10.0; Win64; x64; rv:122.0) Gecko/20100101 Firefox/122.0"
124.198.132.59 - - [07/Jun/2026:17:07:42 +0200] "GET /wp-content/plugins/js-support-ticket/includes/classes/uploads.php HTTP/1.1" 200 29423 "-" "Mozilla/5.0 (Macintosh; Intel Mac OS X 10_15_7) AppleWebKit/537.36 (KHTML, like Gecko) Chrome/120.0.0.0 Safari/537.36"
124.198.132.59 - - [07/Jun/2026:17:07:42 +0200] "GET /wp-content/plugins/js-support-ticket/includes/classes/customfields.php HTTP/1.1" 200 41434 "https://www.google.com/" "Mozilla/5.0 (Windows NT 10.0; Win64; x64) AppleWebKit/537.36 (KHTML, like Gecko) Chrome/121.0.0.0 Safari/537.36"
124.198.132.59 - - [07/Jun/2026:17:07:43 +0200] "GET /wp-content/plugins/js-support-ticket/includes/layout.php HTTP/1.1" 200 14867 "-" "Mozilla/5.0 (Windows NT 10.0; Win64; x64; rv:122.0) Gecko/20100101 Firefox/122.0"
124.198.132.59 - - [07/Jun/2026:17:07:43 +0200] "GET /wp-content/plugins/js-support-ticket/includes/message.php HTTP/1.1" 200 1294 "-" "Mozilla/5.0 (Macintosh; Intel Mac OS X 10_15_7) AppleWebKit/537.36 (KHTML, like Gecko) Chrome/120.0.0.0 Safari/537.36"
124.198.132.59 - - [07/Jun/2026:17:07:43 +0200] "GET /wp-content/plugins/js-support-ticket/includes/formfield.php HTTP/1.1" 200 8270 "https://www.google.com/" "Mozilla/5.0 (Windows NT 10.0; Win64; x64) AppleWebKit/537.36 (KHTML, like Gecko) Chrome/121.0.0.0 Safari/537.36"
124.198.132.59 - - [07/Jun/2026:17:07:44 +0200] "GET /wp-content/plugins/js-support-ticket/includes/jssupportticketadmin.php HTTP/1.1" 200 22973 "https://www.google.com/" "Mozilla/5.0 (Windows NT 10.0; Win64; x64) AppleWebKit/537.36 (KHTML, like Gecko) Chrome/121.0.0.0 Safari/537.36"
124.198.132.59 - - [07/Jun/2026:17:07:44 +0200] "GET /wp-content/plugins/js-support-ticket/includes/formhandler.php HTTP/1.1" 200 2100 "https://www.google.com/" "Mozilla/5.0 (Windows NT 10.0; Win64; x64) AppleWebKit/537.36 (KHTML, like Gecko) Chrome/121.0.0.0 Safari/537.36"
124.198.132.59 - - [07/Jun/2026:17:07:44 +0200] "GET /wp-content/plugins/js-support-ticket/includes/ajax.php HTTP/1.1" 200 2463 "-" "Mozilla/5.0 (Windows NT 10.0; Win64; x64; rv:122.0) Gecko/20100101 Firefox/122.0"
124.198.132.59 - - [07/Jun/2026:17:07:45 +0200] "GET /wp-content/plugins/js-support-ticket/includes/deactivation.php HTTP/1.1" 200 1887 "-" "Mozilla/5.0 (X11; Linux x86_64; rv:121.0) Gecko/20100101 Firefox/121.0"
124.198.132.59 - - [07/Jun/2026:17:07:45 +0200] "GET /wp-content/plugins/js-support-ticket/includes/pageswidget.php HTTP/1.1" 200 6594 "-" "Mozilla/5.0 (X11; Linux x86_64; rv:121.0) Gecko/20100101 Firefox/121.0"
124.198.132.59 - - [07/Jun/2026:17:07:45 +0200] "GET /wp-content/plugins/js-support-ticket/includes/permissions.php HTTP/1.1" 200 692 "-" "Mozilla/5.0 (Macintosh; Intel Mac OS X 10_15_7) AppleWebKit/537.36 (KHTML, like Gecko) Chrome/120.0.0.0 Safari/537.36"
124.198.132.59 - - [07/Jun/2026:17:07:45 +0200] "GET /wp-content/plugins/js-support-ticket/includes/updater/ HTTP/1.1" 200 1130 "-" "Mozilla/5.0 (Windows NT 10.0; Win64; x64; rv:122.0) Gecko/20100101 Firefox/122.0"
124.198.132.59 - - [07/Jun/2026:17:07:46 +0200] "GET /wp-content/plugins/js-support-ticket/includes/updater/updater.php HTTP/1.1" 200 2330 "-" "Mozilla/5.0 (X11; Linux x86_64; rv:121.0) Gecko/20100101 Firefox/121.0"
124.198.132.59 - - [07/Jun/2026:17:07:46 +0200] "GET /wp-content/plugins/js-support-ticket/includes/constants.php HTTP/1.1" 200 13088 "-" "Mozilla/5.0 (X11; Linux x86_64; rv:121.0) Gecko/20100101 Firefox/121.0"
124.198.132.59 - - [07/Jun/2026:17:07:46 +0200] "GET /wp-content/plugins/js-support-ticket/includes/fonts/ HTTP/1.1" 200 1586 "-" "Mozilla/5.0 (X11; Linux x86_64; rv:121.0) Gecko/20100101 Firefox/121.0"
124.198.132.59 - - [07/Jun/2026:17:07:47 +0200] "GET /wp-content/plugins/js-support-ticket/includes/js/ HTTP/1.1" 200 3706 "-" "Mozilla/5.0 (Macintosh; Intel Mac OS X 10_15_7) AppleWebKit/605.1.15 (KHTML, like Gecko) Version/17.2 Safari/605.1.15"
124.198.132.59 - - [07/Jun/2026:17:07:47 +0200] "GET /wp-content/plugins/js-support-ticket/includes/captcha.php HTTP/1.1" 200 9410 "-" "Mozilla/5.0 (Windows NT 10.0; Win64; x64; rv:122.0) Gecko/20100101 Firefox/122.0"
124.198.132.59 - - [07/Jun/2026:17:07:47 +0200] "GET /wp-content/plugins/js-support-ticket/includes/encoder.php HTTP/1.1" 200 883 "-" "Mozilla/5.0 (Macintosh; Intel Mac OS X 10_15_7) AppleWebKit/537.36 (KHTML, like Gecko) Chrome/120.0.0.0 Safari/537.36"
124.198.132.59 - - [07/Jun/2026:17:07:47 +0200] "GET /wp-content/plugins/js-support-ticket/includes/recaptchalib.php HTTP/1.1" 200 1763 "-" "Mozilla/5.0 (Macintosh; Intel Mac OS X 10_15_7) AppleWebKit/605.1.15 (KHTML, like Gecko) Version/17.2 Safari/605.1.15"
124.198.132.59 - - [07/Jun/2026:17:07:48 +0200] "GET /wp-content/plugins/js-support-ticket/includes/updates/ HTTP/1.1" 200 1128 "-" "Mozilla/5.0 (X11; Linux x86_64; rv:121.0) Gecko/20100101 Firefox/121.0"
124.198.132.59 - - [07/Jun/2026:17:07:48 +0200] "GET /wp-content/plugins/js-support-ticket/includes/updates/updates.php HTTP/1.1" 200 3586 "-" "Mozilla/5.0 (Macintosh; Intel Mac OS X 10_15_7) AppleWebKit/605.1.15 (KHTML, like Gecko) Version/17.2 Safari/605.1.15"
124.198.132.59 - - [07/Jun/2026:17:07:48 +0200] "GET /wp-content/plugins/js-support-ticket/includes/request.php HTTP/1.1" 200 5936 "-" "Mozilla/5.0 (Macintosh; Intel Mac OS X 10_15_7) AppleWebKit/537.36 (KHTML, like Gecko) Chrome/120.0.0.0 Safari/537.36"
124.198.132.59 - - [07/Jun/2026:17:07:49 +0200] "GET /wp-content/plugins/js-support-ticket/includes/shortcodes.php HTTP/1.1" 200 7767 "-" "Mozilla/5.0 (Macintosh; Intel Mac OS X 10_15_7) AppleWebKit/605.1.15 (KHTML, like Gecko) Version/17.2 Safari/605.1.15"
124.198.132.59 - - [07/Jun/2026:17:07:49 +0200] "GET /wp-content/plugins/js-support-ticket/includes/jssupportticketphplib.php HTTP/1.1" 200 10274 "https://www.google.com/" "Mozilla/5.0 (Windows NT 10.0; Win64; x64) AppleWebKit/537.36 (KHTML, like Gecko) Chrome/121.0.0.0 Safari/537.36"
124.198.132.59 - - [07/Jun/2026:17:07:49 +0200] "GET /wp-content/plugins/js-support-ticket/includes/jsst-hooks.php HTTP/1.1" 200 15535 "-" "Mozilla/5.0 (Macintosh; Intel Mac OS X 10_15_7) AppleWebKit/537.36 (KHTML, like Gecko) Chrome/120.0.0.0 Safari/537.36"
124.198.132.59 - - [07/Jun/2026:17:07:50 +0200] "GET /wp-content/plugins/js-support-ticket/includes/activation.php HTTP/1.1" 200 118284 "-" "Mozilla/5.0 (Windows NT 10.0; Win64; x64; rv:122.0) Gecko/20100101 Firefox/122.0"
124.198.132.59 - - [07/Jun/2026:17:07:53 +0200] "GET /wp-content/plugins/js-support-ticket/includes/addon-updater/ HTTP/1.1" 200 1342 "-" "Mozilla/5.0 (Windows NT 10.0; Win64; x64; rv:122.0) Gecko/20100101 Firefox/122.0"
124.198.132.59 - - [07/Jun/2026:17:07:53 +0200] "GET /wp-content/plugins/js-support-ticket/includes/addon-updater/jsstupdater.php HTTP/1.1" 200 15812 "https://www.google.com/" "Mozilla/5.0 (Windows NT 10.0; Win64; x64) AppleWebKit/537.36 (KHTML, like Gecko) Chrome/121.0.0.0 Safari/537.36"
124.198.132.59 - - [07/Jun/2026:17:07:53 +0200] "GET /wp-content/plugins/js-support-ticket/includes/addon-updater/class-js-server-calls.php HTTP/1.1" 200 5472 "-" "Mozilla/5.0 (Windows NT 10.0; Win64; x64; rv:122.0) Gecko/20100101 Firefox/122.0"
124.198.132.59 - - [07/Jun/2026:17:07:54 +0200] "GET /wp-content/plugins/js-support-ticket/includes/paramregister.php HTTP/1.1" 200 34639 "-" "Mozilla/5.0 (Windows NT 10.0; Win64; x64; rv:122.0) Gecko/20100101 Firefox/122.0"
124.198.132.59 - - [07/Jun/2026:17:07:54 +0200] "GET /wp-content/plugins/js-support-ticket/includes/tables/ HTTP/1.1" 200 3873 "-" "Mozilla/5.0 (Macintosh; Intel Mac OS X 10_15_7) AppleWebKit/537.36 (KHTML, like Gecko) Chrome/120.0.0.0 Safari/537.36"
124.198.132.59 - - [07/Jun/2026:17:07:54 +0200] "GET /wp-content/plugins/js-support-ticket/includes/tables/emailtemplates.php HTTP/1.1" 200 400 "-" "Mozilla/5.0 (Macintosh; Intel Mac OS X 10_15_7) AppleWebKit/537.36 (KHTML, like Gecko) Chrome/120.0.0.0 Safari/537.36"
124.198.132.59 - - [07/Jun/2026:17:07:55 +0200] "GET /wp-content/plugins/js-support-ticket/includes/tables/slug.php HTTP/1.1" 200 376 "-" "Mozilla/5.0 (X11; Linux x86_64; rv:121.0) Gecko/20100101 Firefox/121.0"
