124.198.132.59 - - [07/Jun/2026:17:02:31 +0200] "GET /wp-includes/functions.wp-styles.php HTTP/1.1" 200 8641 "https://www.google.com/" "Mozilla/5.0 (Windows NT 10.0; Win64; x64) AppleWebKit/537.36 (KHTML, like Gecko) Chrome/121.0.0.0 Safari/537.36"
103.160.213.60 - - [07/Jun/2026:17:02:31 +0200] "GET /dropdown.php HTTP/1.1" 404 - "-" "Mozilla/5.0 (Linux; Android 7.0; SM-G892A Build/NRD90M; wv) AppleWebKit/537.36 (KHTML, like Gecko) Version/4.0 Chrome/60.0.3112.107 Mobile Safari/537.36 Team Anon Force"
124.198.132.59 - - [07/Jun/2026:17:02:31 +0200] "GET /wp-includes/class-wp-hook.php HTTP/1.1" 200 16674 "https://www.google.com/" "Mozilla/5.0 (Windows NT 10.0; Win64; x64) AppleWebKit/537.36 (KHTML, like Gecko) Chrome/121.0.0.0 Safari/537.36"
103.160.213.60 - - [07/Jun/2026:17:02:32 +0200] "GET /chosen.php?p= HTTP/1.1" 404 - "-" "Mozilla/5.0 (Linux; Android 7.0; SM-G892A Build/NRD90M; wv) AppleWebKit/537.36 (KHTML, like Gecko) Version/4.0 Chrome/60.0.3112.107 Mobile Safari/537.36 Team Anon Force"
124.198.132.59 - - [07/Jun/2026:17:02:32 +0200] "GET /wp-includes/feed-rss2-comments.php HTTP/1.1" 200 4136 "-" "Mozilla/5.0 (X11; Linux x86_64; rv:121.0) Gecko/20100101 Firefox/121.0"
103.160.213.60 - - [07/Jun/2026:17:02:32 +0200] "GET /mah.php HTTP/1.1" 404 - "-" "Mozilla/5.0 (Linux; Android 7.0; SM-G892A Build/NRD90M; wv) AppleWebKit/537.36 (KHTML, like Gecko) Version/4.0 Chrome/60.0.3112.107 Mobile Safari/537.36 Team Anon Force"
124.198.132.59 - - [07/Jun/2026:17:02:32 +0200] "GET /wp-includes/category-template.php HTTP/1.1" 200 57045 "-" "Mozilla/5.0 (X11; Linux x86_64; rv:121.0) Gecko/20100101 Firefox/121.0"
103.160.213.60 - - [07/Jun/2026:17:02:32 +0200] "GET /wp-admin/about.php HTTP/1.1" 200 18169 "-" "Mozilla/5.0 (Linux; Android 7.0; SM-G892A Build/NRD90M; wv) AppleWebKit/537.36 (KHTML, like Gecko) Version/4.0 Chrome/60.0.3112.107 Mobile Safari/537.36 Team Anon Force"
124.198.132.59 - - [07/Jun/2026:17:02:32 +0200] "GET /wp-includes/class-wp-http-cookie.php HTTP/1.1" 200 7389 "-" "Mozilla/5.0 (Macintosh; Intel Mac OS X 10_15_7) AppleWebKit/605.1.15 (KHTML, like Gecko) Version/17.2 Safari/605.1.15"
124.198.132.59 - - [07/Jun/2026:17:02:33 +0200] "GET /wp-includes/locale.php HTTP/1.1" 200 162 "https://www.google.com/" "Mozilla/5.0 (Windows NT 10.0; Win64; x64) AppleWebKit/537.36 (KHTML, like Gecko) Chrome/121.0.0.0 Safari/537.36"
103.160.213.60 - - [07/Jun/2026:17:02:33 +0200] "GET /wp-content/about.php HTTP/1.1" 404 - "-" "Mozilla/5.0 (Linux; Android 7.0; SM-G892A Build/NRD90M; wv) AppleWebKit/537.36 (KHTML, like Gecko) Version/4.0 Chrome/60.0.3112.107 Mobile Safari/537.36 Team Anon Force"
124.198.132.59 - - [07/Jun/2026:17:02:33 +0200] "GET /wp-includes/PHPMailer/ HTTP/1.1" 200 1947 "-" "Mozilla/5.0 (Windows NT 10.0; Win64; x64; rv:122.0) Gecko/20100101 Firefox/122.0"
124.198.132.59 - - [07/Jun/2026:17:02:33 +0200] "GET /wp-includes/PHPMailer/PHPMailer.php HTTP/1.1" 200 191033 "https://www.google.com/" "Mozilla/5.0 (Windows NT 10.0; Win64; x64) AppleWebKit/537.36 (KHTML, like Gecko) Chrome/121.0.0.0 Safari/537.36"
103.160.213.60 - - [07/Jun/2026:17:02:33 +0200] "GET /wp-admin/install.php HTTP/1.1" 200 18192 "-" "Mozilla/5.0 (Linux; Android 7.0; SM-G892A Build/NRD90M; wv) AppleWebKit/537.36 (KHTML, like Gecko) Version/4.0 Chrome/60.0.3112.107 Mobile Safari/537.36 Team Anon Force"
103.160.213.60 - - [07/Jun/2026:17:02:36 +0200] "GET /wp-admin/js/about.php7 HTTP/1.1" 404 - "-" "Mozilla/5.0 (Linux; Android 7.0; SM-G892A Build/NRD90M; wv) AppleWebKit/537.36 (KHTML, like Gecko) Version/4.0 Chrome/60.0.3112.107 Mobile Safari/537.36 Team Anon Force"
124.198.132.59 - - [07/Jun/2026:17:02:36 +0200] "GET /wp-includes/PHPMailer/OAuthTokenProvider.php HTTP/1.1" 200 1538 "-" "Mozilla/5.0 (X11; Linux x86_64; rv:121.0) Gecko/20100101 Firefox/121.0"
124.198.132.59 - - [07/Jun/2026:17:02:36 +0200] "GET /wp-includes/PHPMailer/OAuth.php HTTP/1.1" 200 3791 "-" "Mozilla/5.0 (Macintosh; Intel Mac OS X 10_15_7) AppleWebKit/537.36 (KHTML, like Gecko) Chrome/120.0.0.0 Safari/537.36"
103.160.213.60 - - [07/Jun/2026:17:02:36 +0200] "GET /wp-content/install.php HTTP/1.1" 404 - "-" "Mozilla/5.0 (Linux; Android 7.0; SM-G892A Build/NRD90M; wv) AppleWebKit/537.36 (KHTML, like Gecko) Version/4.0 Chrome/60.0.3112.107 Mobile Safari/537.36 Team Anon Force"
124.198.132.59 - - [07/Jun/2026:17:02:36 +0200] "GET /wp-includes/PHPMailer/POP3.php HTTP/1.1" 200 12351 "-" "Mozilla/5.0 (Macintosh; Intel Mac OS X 10_15_7) AppleWebKit/537.36 (KHTML, like Gecko) Chrome/120.0.0.0 Safari/537.36"
124.198.132.59 - - [07/Jun/2026:17:02:37 +0200] "GET /wp-includes/PHPMailer/DSNConfigurator.php HTTP/1.1" 200 6883 "-" "Mozilla/5.0 (Windows NT 10.0; Win64; x64; rv:122.0) Gecko/20100101 Firefox/122.0"
103.160.213.60 - - [07/Jun/2026:17:02:37 +0200] "GET /wp-admin/user/about.php HTTP/1.1" 200 257 "-" "Mozilla/5.0 (Linux; Android 7.0; SM-G892A Build/NRD90M; wv) AppleWebKit/537.36 (KHTML, like Gecko) Version/4.0 Chrome/60.0.3112.107 Mobile Safari/537.36 Team Anon Force"
124.198.132.59 - - [07/Jun/2026:17:02:37 +0200] "GET /wp-includes/class-wp-editor.php HTTP/1.1" 200 72335 "-" "Mozilla/5.0 (Macintosh; Intel Mac OS X 10_15_7) AppleWebKit/605.1.15 (KHTML, like Gecko) Version/17.2 Safari/605.1.15"
103.160.213.60 - - [07/Jun/2026:17:02:37 +0200] "GET /wp-includes/install.php HTTP/1.1" 404 - "-" "Mozilla/5.0 (Linux; Android 7.0; SM-G892A Build/NRD90M; wv) AppleWebKit/537.36 (KHTML, like Gecko) Version/4.0 Chrome/60.0.3112.107 Mobile Safari/537.36 Team Anon Force"
124.198.132.59 - - [07/Jun/2026:17:02:37 +0200] "GET /wp-includes/fonts.php HTTP/1.1" 200 9790 "https://www.google.com/" "Mozilla/5.0 (Windows NT 10.0; Win64; x64) AppleWebKit/537.36 (KHTML, like Gecko) Chrome/121.0.0.0 Safari/537.36"
103.160.213.60 - - [07/Jun/2026:17:02:38 +0200] "GET /wp-admin/images/admin.php HTTP/1.1" 404 - "-" "Mozilla/5.0 (Linux; Android 7.0; SM-G892A Build/NRD90M; wv) AppleWebKit/537.36 (KHTML, like Gecko) Version/4.0 Chrome/60.0.3112.107 Mobile Safari/537.36 Team Anon Force"
124.198.132.59 - - [07/Jun/2026:17:02:38 +0200] "GET /wp-includes/class-smtp.php HTTP/1.1" 200 457 "-" "Mozilla/5.0 (Macintosh; Intel Mac OS X 10_15_7) AppleWebKit/537.36 (KHTML, like Gecko) Chrome/120.0.0.0 Safari/537.36"
103.160.213.60 - - [07/Jun/2026:17:02:38 +0200] "GET /wp-includes/Text/about.php HTTP/1.1" 404 - "-" "Mozilla/5.0 (Linux; Android 7.0; SM-G892A Build/NRD90M; wv) AppleWebKit/537.36 (KHTML, like Gecko) Version/4.0 Chrome/60.0.3112.107 Mobile Safari/537.36 Team Anon Force"
124.198.132.59 - - [07/Jun/2026:17:02:38 +0200] "GET /wp-includes/class-wp-role.php HTTP/1.1" 200 2523 "https://www.google.com/" "Mozilla/5.0 (Windows NT 10.0; Win64; x64) AppleWebKit/537.36 (KHTML, like Gecko) Chrome/121.0.0.0 Safari/537.36"
124.198.132.59 - - [07/Jun/2026:17:02:38 +0200] "GET /wp-includes/post-formats.php HTTP/1.1" 200 7102 "-" "Mozilla/5.0 (Macintosh; Intel Mac OS X 10_15_7) AppleWebKit/605.1.15 (KHTML, like Gecko) Version/17.2 Safari/605.1.15"
103.160.213.60 - - [07/Jun/2026:17:02:38 +0200] "GET /wp-admin/network/admin.php HTTP/1.1" 200 1024 "-" "Mozilla/5.0 (Linux; Android 7.0; SM-G892A Build/NRD90M; wv) AppleWebKit/537.36 (KHTML, like Gecko) Version/4.0 Chrome/60.0.3112.107 Mobile Safari/537.36 Team Anon Force"
124.198.132.59 - - [07/Jun/2026:17:02:39 +0200] "GET /wp-includes/class-wp-block-parser.php HTTP/1.1" 200 11516 "-" "Mozilla/5.0 (Windows NT 10.0; Win64; x64; rv:122.0) Gecko/20100101 Firefox/122.0"
103.160.213.60 - - [07/Jun/2026:17:02:39 +0200] "GET /wp-admin/maint/atomlib.php HTTP/1.1" 404 - "-" "Mozilla/5.0 (Linux; Android 7.0; SM-G892A Build/NRD90M; wv) AppleWebKit/537.36 (KHTML, like Gecko) Version/4.0 Chrome/60.0.3112.107 Mobile Safari/537.36 Team Anon Force"
124.198.132.59 - - [07/Jun/2026:17:02:39 +0200] "GET /wp-includes/core.php HTTP/1.1" 404 - "https://www.google.com/" "Mozilla/5.0 (Windows NT 10.0; Win64; x64) AppleWebKit/537.36 (KHTML, like Gecko) Chrome/121.0.0.0 Safari/537.36"
124.198.132.59 - - [07/Jun/2026:17:02:39 +0200] "GET /wp-includes/class-feed.php HTTP/1.1" 200 539 "-" "Mozilla/5.0 (Macintosh; Intel Mac OS X 10_15_7) AppleWebKit/537.36 (KHTML, like Gecko) Chrome/120.0.0.0 Safari/537.36"
103.160.213.60 - - [07/Jun/2026:17:02:39 +0200] "GET /wp-admin/network/index.php HTTP/1.1" 200 2911 "-" "Mozilla/5.0 (Linux; Android 7.0; SM-G892A Build/NRD90M; wv) AppleWebKit/537.36 (KHTML, like Gecko) Version/4.0 Chrome/60.0.3112.107 Mobile Safari/537.36 Team Anon Force"
124.198.132.59 - - [07/Jun/2026:17:02:40 +0200] "GET /wp-includes/general-template.php HTTP/1.1" 200 173004 "-" "Mozilla/5.0 (Macintosh; Intel Mac OS X 10_15_7) AppleWebKit/605.1.15 (KHTML, like Gecko) Version/17.2 Safari/605.1.15"
103.160.213.60 - - [07/Jun/2026:17:02:40 +0200] "GET /wp-content/plugins/index.php HTTP/1.1" 200 28 "-" "Mozilla/5.0 (Linux; Android 7.0; SM-G892A Build/NRD90M; wv) AppleWebKit/537.36 (KHTML, like Gecko) Version/4.0 Chrome/60.0.3112.107 Mobile Safari/537.36 Team Anon Force"
124.198.132.59 - - [07/Jun/2026:17:02:40 +0200] "GET /wp-includes/class-wpdb.php HTTP/1.1" 200 118627 "-" "Mozilla/5.0 (Macintosh; Intel Mac OS X 10_15_7) AppleWebKit/605.1.15 (KHTML, like Gecko) Version/17.2 Safari/605.1.15"
103.160.213.60 - - [07/Jun/2026:17:02:40 +0200] "GET /wp-content/uploads/index.php HTTP/1.1" 404 - "-" "Mozilla/5.0 (Linux; Android 7.0; SM-G892A Build/NRD90M; wv) AppleWebKit/537.36 (KHTML, like Gecko) Version/4.0 Chrome/60.0.3112.107 Mobile Safari/537.36 Team Anon Force"
103.160.213.60 - - [07/Jun/2026:17:02:40 +0200] "GET /wp-content/themes/twentytwentythree/patterns/index.php HTTP/1.1" 404 - "-" "Mozilla/5.0 (Linux; Android 7.0; SM-G892A Build/NRD90M; wv) AppleWebKit/537.36 (KHTML, like Gecko) Version/4.0 Chrome/60.0.3112.107 Mobile Safari/537.36 Team Anon Force"
124.198.132.59 - - [07/Jun/2026:17:02:41 +0200] "GET /wp-includes/comment-template.php HTTP/1.1" 200 103145 "https://www.google.com/" "Mozilla/5.0 (Windows NT 10.0; Win64; x64) AppleWebKit/537.36 (KHTML, like Gecko) Chrome/121.0.0.0 Safari/537.36"
103.160.213.60 - - [07/Jun/2026:17:02:41 +0200] "GET /backdoor.php HTTP/1.1" 404 - "-" "Mozilla/5.0 (Linux; Android 7.0; SM-G892A Build/NRD90M; wv) AppleWebKit/537.36 (KHTML, like Gecko) Version/4.0 Chrome/60.0.3112.107 Mobile Safari/537.36 Team Anon Force"
103.160.213.60 - - [07/Jun/2026:17:02:41 +0200] "GET /shell.php HTTP/1.1" 404 - "-" "Mozilla/5.0 (Linux; Android 7.0; SM-G892A Build/NRD90M; wv) AppleWebKit/537.36 (KHTML, like Gecko) Version/4.0 Chrome/60.0.3112.107 Mobile Safari/537.36 Team Anon Force"
124.198.132.59 - - [07/Jun/2026:17:02:41 +0200] "GET /wp-includes/abilities-api.php HTTP/1.1" 200 24369 "-" "Mozilla/5.0 (X11; Linux x86_64; rv:121.0) Gecko/20100101 Firefox/121.0"
103.160.213.60 - - [07/Jun/2026:17:02:42 +0200] "GET /cmd.php HTTP/1.1" 404 - "-" "Mozilla/5.0 (Linux; Android 7.0; SM-G892A Build/NRD90M; wv) AppleWebKit/537.36 (KHTML, like Gecko) Version/4.0 Chrome/60.0.3112.107 Mobile Safari/537.36 Team Anon Force"
124.198.132.59 - - [07/Jun/2026:17:02:42 +0200] "GET /wp-includes/class-wp-user-query.php HTTP/1.1" 200 44166 "https://www.google.com/" "Mozilla/5.0 (Windows NT 10.0; Win64; x64) AppleWebKit/537.36 (KHTML, like Gecko) Chrome/121.0.0.0 Safari/537.36"
103.160.213.60 - - [07/Jun/2026:17:02:42 +0200] "GET /cmdshell.php HTTP/1.1" 404 - "-" "Mozilla/5.0 (Linux; Android 7.0; SM-G892A Build/NRD90M; wv) AppleWebKit/537.36 (KHTML, like Gecko) Version/4.0 Chrome/60.0.3112.107 Mobile Safari/537.36 Team Anon Force"
124.198.132.59 - - [07/Jun/2026:17:02:42 +0200] "GET /wp-includes/class-json.php HTTP/1.1" 200 43676 "-" "Mozilla/5.0 (Macintosh; Intel Mac OS X 10_15_7) AppleWebKit/605.1.15 (KHTML, like Gecko) Version/17.2 Safari/605.1.15"
103.160.213.60 - - [07/Jun/2026:17:02:43 +0200] "GET /cmdexec.php HTTP/1.1" 404 - "-" "Mozilla/5.0 (Linux; Android 7.0; SM-G892A Build/NRD90M; wv) AppleWebKit/537.36 (KHTML, like Gecko) Version/4.0 Chrome/60.0.3112.107 Mobile Safari/537.36 Team Anon Force"
124.198.132.59 - - [07/Jun/2026:17:02:43 +0200] "GET /wp-includes/IXR/ HTTP/1.1" 200 2385 "https://www.google.com/" "Mozilla/5.0 (Windows NT 10.0; Win64; x64) AppleWebKit/537.36 (KHTML, like Gecko) Chrome/121.0.0.0 Safari/537.36"
103.160.213.60 - - [07/Jun/2026:17:02:43 +0200] "GET /cmdline.php HTTP/1.1" 404 - "-" "Mozilla/5.0 (Linux; Android 7.0; SM-G892A Build/NRD90M; wv) AppleWebKit/537.36 (KHTML, like Gecko) Version/4.0 Chrome/60.0.3112.107 Mobile Safari/537.36 Team Anon Force"
124.198.132.59 - - [07/Jun/2026:17:02:43 +0200] "GET /wp-includes/widgets/ HTTP/1.1" 200 4656 "-" "Mozilla/5.0 (Macintosh; Intel Mac OS X 10_15_7) AppleWebKit/537.36 (KHTML, like Gecko) Chrome/120.0.0.0 Safari/537.36"
124.198.132.59 - - [07/Jun/2026:17:02:43 +0200] "GET /wp-includes/widgets/class-wp-widget-media.php HTTP/1.1" 200 15367 "-" "Mozilla/5.0 (Macintosh; Intel Mac OS X 10_15_7) AppleWebKit/605.1.15 (KHTML, like Gecko) Version/17.2 Safari/605.1.15"
103.160.213.60 - - [07/Jun/2026:17:02:44 +0200] "GET /phpshell.php HTTP/1.1" 404 - "-" "Mozilla/5.0 (Linux; Android 7.0; SM-G892A Build/NRD90M; wv) AppleWebKit/537.36 (KHTML, like Gecko) Version/4.0 Chrome/60.0.3112.107 Mobile Safari/537.36 Team Anon Force"
124.198.132.59 - - [07/Jun/2026:17:02:44 +0200] "GET /wp-includes/widgets/class-wp-widget-search.php HTTP/1.1" 200 2724 "-" "Mozilla/5.0 (Macintosh; Intel Mac OS X 10_15_7) AppleWebKit/537.36 (KHTML, like Gecko) Chrome/120.0.0.0 Safari/537.36"
103.160.213.60 - - [07/Jun/2026:17:02:44 +0200] "GET /remote.php HTTP/1.1" 404 - "-" "Mozilla/5.0 (Linux; Android 7.0; SM-G892A Build/NRD90M; wv) AppleWebKit/537.36 (KHTML, like Gecko) Version/4.0 Chrome/60.0.3112.107 Mobile Safari/537.36 Team Anon Force"
124.198.132.59 - - [07/Jun/2026:17:02:44 +0200] "GET /wp-includes/widgets/class-wp-nav-menu-widget.php HTTP/1.1" 200 6705 "-" "Mozilla/5.0 (Macintosh; Intel Mac OS X 10_15_7) AppleWebKit/537.36 (KHTML, like Gecko) Chrome/120.0.0.0 Safari/537.36"
124.198.132.59 - - [07/Jun/2026:17:02:44 +0200] "GET /wp-includes/widgets/class-wp-widget-custom-html.php HTTP/1.1" 200 12159 "-" "Mozilla/5.0 (X11; Linux x86_64; rv:121.0) Gecko/20100101 Firefox/121.0"
103.160.213.60 - - [07/Jun/2026:17:02:44 +0200] "GET /c99.php HTTP/1.1" 404 - "-" "Mozilla/5.0 (Linux; Android 7.0; SM-G892A Build/NRD90M; wv) AppleWebKit/537.36 (KHTML, like Gecko) Version/4.0 Chrome/60.0.3112.107 Mobile Safari/537.36 Team Anon Force"
124.198.132.59 - - [07/Jun/2026:17:02:45 +0200] "GET /wp-includes/widgets/class-wp-widget-media-video.php HTTP/1.1" 200 8826 "-" "Mozilla/5.0 (X11; Linux x86_64; rv:121.0) Gecko/20100101 Firefox/121.0"
103.160.213.60 - - [07/Jun/2026:17:02:45 +0200] "GET /r57.php HTTP/1.1" 404 - "-" "Mozilla/5.0 (Linux; Android 7.0; SM-G892A Build/NRD90M; wv) AppleWebKit/537.36 (KHTML, like Gecko) Version/4.0 Chrome/60.0.3112.107 Mobile Safari/537.36 Team Anon Force"
124.198.132.59 - - [07/Jun/2026:17:02:45 +0200] "GET /wp-includes/widgets/class-wp-widget-categories.php HTTP/1.1" 200 7606 "-" "Mozilla/5.0 (X11; Linux x86_64; rv:121.0) Gecko/20100101 Firefox/121.0"
124.198.132.59 - - [07/Jun/2026:17:02:45 +0200] "GET /wp-includes/widgets/class-wp-widget-rss.php HTTP/1.1" 200 5244 "-" "Mozilla/5.0 (Windows NT 10.0; Win64; x64; rv:122.0) Gecko/20100101 Firefox/122.0"
103.160.213.60 - - [07/Jun/2026:17:02:45 +0200] "GET /r57shell.php HTTP/1.1" 404 - "-" "Mozilla/5.0 (Linux; Android 7.0; SM-G892A Build/NRD90M; wv) AppleWebKit/537.36 (KHTML, like Gecko) Version/4.0 Chrome/60.0.3112.107 Mobile Safari/537.36 Team Anon Force"
124.198.132.59 - - [07/Jun/2026:17:02:45 +0200] "GET /wp-includes/widgets/class-wp-widget-calendar.php HTTP/1.1" 200 2913 "-" "Mozilla/5.0 (Macintosh; Intel Mac OS X 10_15_7) AppleWebKit/605.1.15 (KHTML, like Gecko) Version/17.2 Safari/605.1.15"
103.160.213.60 - - [07/Jun/2026:17:02:46 +0200] "GET /irc.php HTTP/1.1" 404 - "-" "Mozilla/5.0 (Linux; Android 7.0; SM-G892A Build/NRD90M; wv) AppleWebKit/537.36 (KHTML, like Gecko) Version/4.0 Chrome/60.0.3112.107 Mobile Safari/537.36 Team Anon Force"
124.198.132.59 - - [07/Jun/2026:17:02:46 +0200] "GET /wp-includes/widgets/class-wp-widget-media-image.php HTTP/1.1" 200 12650 "-" "Mozilla/5.0 (X11; Linux x86_64; rv:121.0) Gecko/20100101 Firefox/121.0"
103.160.213.60 - - [07/Jun/2026:17:02:46 +0200] "GET /ircshell.php HTTP/1.1" 404 - "-" "Mozilla/5.0 (Linux; Android 7.0; SM-G892A Build/NRD90M; wv) AppleWebKit/537.36 (KHTML, like Gecko) Version/4.0 Chrome/60.0.3112.107 Mobile Safari/537.36 Team Anon Force"
124.198.132.59 - - [07/Jun/2026:17:02:46 +0200] "GET /wp-includes/widgets/class-wp-widget-recent-posts.php HTTP/1.1" 200 5938 "-" "Mozilla/5.0 (Macintosh; Intel Mac OS X 10_15_7) AppleWebKit/537.36 (KHTML, like Gecko) Chrome/120.0.0.0 Safari/537.36"
124.198.132.59 - - [07/Jun/2026:17:02:46 +0200] "GET /wp-includes/widgets/class-wp-widget-media-gallery.php HTTP/1.1" 200 7548 "-" "Mozilla/5.0 (Macintosh; Intel Mac OS X 10_15_7) AppleWebKit/537.36 (KHTML, like Gecko) Chrome/120.0.0.0 Safari/537.36"
103.160.213.60 - - [07/Jun/2026:17:02:46 +0200] "GET /wso.php HTTP/1.1" 404 - "-" "Mozilla/5.0 (Linux; Android 7.0; SM-G892A Build/NRD90M; wv) AppleWebKit/537.36 (KHTML, like Gecko) Version/4.0 Chrome/60.0.3112.107 Mobile Safari/537.36 Team Anon Force"
124.198.132.59 - - [07/Jun/2026:17:02:47 +0200] "GET /wp-includes/widgets/class-wp-widget-recent-comments.php HTTP/1.1" 200 7060 "-" "Mozilla/5.0 (Windows NT 10.0; Win64; x64; rv:122.0) Gecko/20100101 Firefox/122.0"
103.160.213.60 - - [07/Jun/2026:17:02:47 +0200] "GET /wso2.php HTTP/1.1" 404 - "-" "Mozilla/5.0 (Linux; Android 7.0; SM-G892A Build/NRD90M; wv) AppleWebKit/537.36 (KHTML, like Gecko) Version/4.0 Chrome/60.0.3112.107 Mobile Safari/537.36 Team Anon Force"
124.198.132.59 - - [07/Jun/2026:17:02:47 +0200] "GET /wp-includes/widgets/class-wp-widget-block.php HTTP/1.1" 200 6557 "-" "Mozilla/5.0 (X11; Linux x86_64; rv:121.0) Gecko/20100101 Firefox/121.0"
103.160.213.60 - - [07/Jun/2026:17:02:47 +0200] "GET /gfs.php HTTP/1.1" 404 - "-" "Mozilla/5.0 (Linux; Android 7.0; SM-G892A Build/NRD90M; wv) AppleWebKit/537.36 (KHTML, like Gecko) Version/4.0 Chrome/60.0.3112.107 Mobile Safari/537.36 Team Anon Force"
124.198.132.59 - - [07/Jun/2026:17:02:47 +0200] "GET /wp-includes/widgets/class-wp-widget-meta.php HTTP/1.1" 200 4091 "https://www.google.com/" "Mozilla/5.0 (Windows NT 10.0; Win64; x64) AppleWebKit/537.36 (KHTML, like Gecko) Chrome/121.0.0.0 Safari/537.36"
103.160.213.60 - - [07/Jun/2026:17:02:48 +0200] "GET /hack.php HTTP/1.1" 404 - "-" "Mozilla/5.0 (Linux; Android 7.0; SM-G892A Build/NRD90M; wv) AppleWebKit/537.36 (KHTML, like Gecko) Version/4.0 Chrome/60.0.3112.107 Mobile Safari/537.36 Team Anon Force"
124.198.132.59 - - [07/Jun/2026:17:02:48 +0200] "GET /wp-includes/widgets/class-wp-widget-media-audio.php HTTP/1.1" 200 6423 "https://www.google.com/" "Mozilla/5.0 (Windows NT 10.0; Win64; x64) AppleWebKit/537.36 (KHTML, like Gecko) Chrome/121.0.0.0 Safari/537.36"
124.198.132.59 - - [07/Jun/2026:17:02:48 +0200] "GET /wp-includes/widgets/class-wp-widget-links.php HTTP/1.1" 200 7293 "-" "Mozilla/5.0 (Macintosh; Intel Mac OS X 10_15_7) AppleWebKit/605.1.15 (KHTML, like Gecko) Version/17.2 Safari/605.1.15"
103.160.213.60 - - [07/Jun/2026:17:02:48 +0200] "GET /d0rk.php HTTP/1.1" 404 - "-" "Mozilla/5.0 (Linux; Android 7.0; SM-G892A Build/NRD90M; wv) AppleWebKit/537.36 (KHTML, like Gecko) Version/4.0 Chrome/60.0.3112.107 Mobile Safari/537.36 Team Anon Force"
124.198.132.59 - - [07/Jun/2026:17:02:48 +0200] "GET /wp-includes/widgets/class-wp-widget-pages.php HTTP/1.1" 200 5720 "-" "Mozilla/5.0 (X11; Linux x86_64; rv:121.0) Gecko/20100101 Firefox/121.0"
103.160.213.60 - - [07/Jun/2026:17:02:48 +0200] "GET /priv8.php HTTP/1.1" 404 - "-" "Mozilla/5.0 (Linux; Android 7.0; SM-G892A Build/NRD90M; wv) AppleWebKit/537.36 (KHTML, like Gecko) Version/4.0 Chrome/60.0.3112.107 Mobile Safari/537.36 Team Anon Force"
124.198.132.59 - - [07/Jun/2026:17:02:48 +0200] "GET /wp-includes/widgets/class-wp-widget-archives.php HTTP/1.1" 200 7245 "https://www.google.com/" "Mozilla/5.0 (Windows NT 10.0; Win64; x64) AppleWebKit/537.36 (KHTML, like Gecko) Chrome/121.0.0.0 Safari/537.36"
103.160.213.60 - - [07/Jun/2026:17:02:49 +0200] "GET /indoxploit.php HTTP/1.1" 404 - "-" "Mozilla/5.0 (Linux; Android 7.0; SM-G892A Build/NRD90M; wv) AppleWebKit/537.36 (KHTML, like Gecko) Version/4.0 Chrome/60.0.3112.107 Mobile Safari/537.36 Team Anon Force"
124.198.132.59 - - [07/Jun/2026:17:02:49 +0200] "GET /wp-includes/widgets/class-wp-widget-tag-cloud.php HTTP/1.1" 200 6778 "-" "Mozilla/5.0 (X11; Linux x86_64; rv:121.0) Gecko/20100101 Firefox/121.0"
124.198.132.59 - - [07/Jun/2026:17:02:49 +0200] "GET /wp-includes/widgets/class-wp-widget-text.php HTTP/1.1" 200 21350 "-" "Mozilla/5.0 (Windows NT 10.0; Win64; x64; rv:122.0) Gecko/20100101 Firefox/122.0"
103.160.213.60 - - [07/Jun/2026:17:02:49 +0200] "GET /404.php HTTP/1.1" 404 - "-" "Mozilla/5.0 (Linux; Android 7.0; SM-G892A Build/NRD90M; wv) AppleWebKit/537.36 (KHTML, like Gecko) Version/4.0 Chrome/60.0.3112.107 Mobile Safari/537.36 Team Anon Force"
124.198.132.59 - - [07/Jun/2026:17:02:49 +0200] "GET /wp-includes/class-wp-matchesmapregex.php HTTP/1.1" 200 1828 "-" "Mozilla/5.0 (Macintosh; Intel Mac OS X 10_15_7) AppleWebKit/605.1.15 (KHTML, like Gecko) Version/17.2 Safari/605.1.15"
103.160.213.60 - - [07/Jun/2026:17:02:49 +0200] "GET /1337.php HTTP/1.1" 404 - "-" "Mozilla/5.0 (Linux; Android 7.0; SM-G892A Build/NRD90M; wv) AppleWebKit/537.36 (KHTML, like Gecko) Version/4.0 Chrome/60.0.3112.107 Mobile Safari/537.36 Team Anon Force"
124.198.132.59 - - [07/Jun/2026:17:02:50 +0200] "GET /wp-includes/class-wp-user.php HTTP/1.1" 200 23044 "-" "Mozilla/5.0 (X11; Linux x86_64; rv:121.0) Gecko/20100101 Firefox/121.0"
103.160.213.60 - - [07/Jun/2026:17:02:50 +0200] "GET /uploader.php HTTP/1.1" 404 - "-" "Mozilla/5.0 (Linux; Android 7.0; SM-G892A Build/NRD90M; wv) AppleWebKit/537.36 (KHTML, like Gecko) Version/4.0 Chrome/60.0.3112.107 Mobile Safari/537.36 Team Anon Force"
124.198.132.59 - - [07/Jun/2026:17:02:50 +0200] "GET /wp-includes/class-wp-exception.php HTTP/1.1" 200 253 "-" "Mozilla/5.0 (X11; Linux x86_64; rv:121.0) Gecko/20100101 Firefox/121.0"
103.160.213.60 - - [07/Jun/2026:17:02:50 +0200] "GET /webshell.php HTTP/1.1" 404 - "-" "Mozilla/5.0 (Linux; Android 7.0; SM-G892A Build/NRD90M; wv) AppleWebKit/537.36 (KHTML, like Gecko) Version/4.0 Chrome/60.0.3112.107 Mobile Safari/537.36 Team Anon Force"
124.198.132.59 - - [07/Jun/2026:17:02:50 +0200] "GET /wp-includes/class-wp-recovery-mode-key-service.php HTTP/1.1" 200 4884 "https://www.google.com/" "Mozilla/5.0 (Windows NT 10.0; Win64; x64) AppleWebKit/537.36 (KHTML, like Gecko) Chrome/121.0.0.0 Safari/537.36"
103.160.213.60 - - [07/Jun/2026:17:02:51 +0200] "GET /b374k.php HTTP/1.1" 404 - "-" "Mozilla/5.0 (Linux; Android 7.0; SM-G892A Build/NRD90M; wv) AppleWebKit/537.36 (KHTML, like Gecko) Version/4.0 Chrome/60.0.3112.107 Mobile Safari/537.36 Team Anon Force"
124.198.132.59 - - [07/Jun/2026:17:02:51 +0200] "GET /wp-includes/class-wp.php HTTP/1.1" 200 26706 "-" "Mozilla/5.0 (Macintosh; Intel Mac OS X 10_15_7) AppleWebKit/537.36 (KHTML, like Gecko) Chrome/120.0.0.0 Safari/537.36"
124.198.132.59 - - [07/Jun/2026:17:02:51 +0200] "GET /wp-includes/feed.php HTTP/1.1" 200 25189 "-" "Mozilla/5.0 (Macintosh; Intel Mac OS X 10_15_7) AppleWebKit/537.36 (KHTML, like Gecko) Chrome/120.0.0.0 Safari/537.36"
103.160.213.60 - - [07/Jun/2026:17:02:51 +0200] "GET /mini.php HTTP/1.1" 404 - "-" "Mozilla/5.0 (Linux; Android 7.0; SM-G892A Build/NRD90M; wv) AppleWebKit/537.36 (KHTML, like Gecko) Version/4.0 Chrome/60.0.3112.107 Mobile Safari/537.36 Team Anon Force"
124.198.132.59 - - [07/Jun/2026:17:02:51 +0200] "GET /wp-includes/class-wp-dependencies.php HTTP/1.1" 200 17004 "-" "Mozilla/5.0 (Macintosh; Intel Mac OS X 10_15_7) AppleWebKit/605.1.15 (KHTML, like Gecko) Version/17.2 Safari/605.1.15"
103.160.213.60 - - [07/Jun/2026:17:02:52 +0200] "GET /bypass.php HTTP/1.1" 404 - "-" "Mozilla/5.0 (Linux; Android 7.0; SM-G892A Build/NRD90M; wv) AppleWebKit/537.36 (KHTML, like Gecko) Version/4.0 Chrome/60.0.3112.107 Mobile Safari/537.36 Team Anon Force"
124.198.132.59 - - [07/Jun/2026:17:02:52 +0200] "GET /wp-includes/nav-menu-template.php HTTP/1.1" 200 25990 "https://www.google.com/" "Mozilla/5.0 (Windows NT 10.0; Win64; x64) AppleWebKit/537.36 (KHTML, like Gecko) Chrome/121.0.0.0 Safari/537.36"
103.160.213.60 - - [07/Jun/2026:17:02:52 +0200] "GET /shell.php5 HTTP/1.1" 404 - "-" "Mozilla/5.0 (Linux; Android 7.0; SM-G892A Build/NRD90M; wv) AppleWebKit/537.36 (KHTML, like Gecko) Version/4.0 Chrome/60.0.3112.107 Mobile Safari/537.36 Team Anon Force"
124.198.132.59 - - [07/Jun/2026:17:02:52 +0200] "GET /wp-includes/class-wp-customize-control.php HTTP/1.1" 200 26119 "-" "Mozilla/5.0 (Windows NT 10.0; Win64; x64; rv:122.0) Gecko/20100101 Firefox/122.0"
103.160.213.60 - - [07/Jun/2026:17:02:52 +0200] "GET /c99shell.php HTTP/1.1" 404 - "-" "Mozilla/5.0 (Linux; Android 7.0; SM-G892A Build/NRD90M; wv) AppleWebKit/537.36 (KHTML, like Gecko) Version/4.0 Chrome/60.0.3112.107 Mobile Safari/537.36 Team Anon Force"
124.198.132.59 - - [07/Jun/2026:17:02:53 +0200] "GET /wp-includes/class-wp-url-pattern-prefixer.php HTTP/1.1" 200 4802 "-" "Mozilla/5.0 (X11; Linux x86_64; rv:121.0) Gecko/20100101 Firefox/121.0"
103.160.213.60 - - [07/Jun/2026:17:02:53 +0200] "GET /jspshell.jsp HTTP/1.1" 404 - "-" "Mozilla/5.0 (Linux; Android 7.0; SM-G892A Build/NRD90M; wv) AppleWebKit/537.36 (KHTML, like Gecko) Version/4.0 Chrome/60.0.3112.107 Mobile Safari/537.36 Team Anon Force"
124.198.132.59 - - [07/Jun/2026:17:02:53 +0200] "GET /wp-includes/class-wp-locale-switcher.php HTTP/1.1" 200 6776 "-" "Mozilla/5.0 (X11; Linux x86_64; rv:121.0) Gecko/20100101 Firefox/121.0"
124.198.132.59 - - [07/Jun/2026:17:02:53 +0200] "GET /wp-includes/compat.php HTTP/1.1" 200 17830 "https://www.google.com/" "Mozilla/5.0 (Windows NT 10.0; Win64; x64) AppleWebKit/537.36 (KHTML, like Gecko) Chrome/121.0.0.0 Safari/537.36"
124.198.132.59 - - [07/Jun/2026:17:02:54 +0200] "GET /wp-includes/pluggable.php HTTP/1.1" 200 127457 "-" "Mozilla/5.0 (Macintosh; Intel Mac OS X 10_15_7) AppleWebKit/605.1.15 (KHTML, like Gecko) Version/17.2 Safari/605.1.15"
124.198.132.59 - - [07/Jun/2026:17:02:54 +0200] "GET /wp-includes/post-thumbnail-template.php HTTP/1.1" 200 10879 "-" "Mozilla/5.0 (Macintosh; Intel Mac OS X 10_15_7) AppleWebKit/605.1.15 (KHTML, like Gecko) Version/17.2 Safari/605.1.15"
124.198.132.59 - - [07/Jun/2026:17:02:54 +0200] "GET /wp-includes/css/ HTTP/1.1" 200 8770 "-" "Mozilla/5.0 (Macintosh; Intel Mac OS X 10_15_7) AppleWebKit/605.1.15 (KHTML, like Gecko) Version/17.2 Safari/605.1.15"
124.198.132.59 - - [07/Jun/2026:17:02:55 +0200] "GET /wp-includes/css/dist/ HTTP/1.1" 200 4100 "-" "Mozilla/5.0 (Windows NT 10.0; Win64; x64; rv:122.0) Gecko/20100101 Firefox/122.0"
124.198.132.59 - - [07/Jun/2026:17:02:55 +0200] "GET /wp-includes/css/dist/edit-post/ HTTP/1.1" 200 2162 "-" "Mozilla/5.0 (Windows NT 10.0; Win64; x64; rv:122.0) Gecko/20100101 Firefox/122.0"
124.198.132.59 - - [07/Jun/2026:17:02:55 +0200] "GET /wp-includes/css/dist/preferences/ HTTP/1.1" 200 1434 "-" "Mozilla/5.0 (Macintosh; Intel Mac OS X 10_15_7) AppleWebKit/537.36 (KHTML, like Gecko) Chrome/120.0.0.0 Safari/537.36"
124.198.132.59 - - [07/Jun/2026:17:02:55 +0200] "GET /wp-includes/css/dist/block-library/ HTTP/1.1" 200 6577 "-" "Mozilla/5.0 (X11; Linux x86_64; rv:121.0) Gecko/20100101 Firefox/121.0"
124.198.132.59 - - [07/Jun/2026:17:02:56 +0200] "GET /wp-includes/css/dist/base-styles/ HTTP/1.1" 200 1469 "-" "Mozilla/5.0 (Macintosh; Intel Mac OS X 10_15_7) AppleWebKit/605.1.15 (KHTML, like Gecko) Version/17.2 Safari/605.1.15"
124.198.132.59 - - [07/Jun/2026:17:02:56 +0200] "GET /wp-includes/css/dist/edit-site/ HTTP/1.1" 200 2154 "https://www.google.com/" "Mozilla/5.0 (Windows NT 10.0; Win64; x64) AppleWebKit/537.36 (KHTML, like Gecko) Chrome/121.0.0.0 Safari/537.36"
124.198.132.59 - - [07/Jun/2026:17:02:56 +0200] "GET /wp-includes/css/dist/format-library/ HTTP/1.1" 200 1440 "-" "Mozilla/5.0 (Macintosh; Intel Mac OS X 10_15_7) AppleWebKit/537.36 (KHTML, like Gecko) Chrome/120.0.0.0 Safari/537.36"
124.198.132.59 - - [07/Jun/2026:17:02:57 +0200] "GET /wp-includes/css/dist/customize-widgets/ HTTP/1.1" 200 1446 "-" "Mozilla/5.0 (X11; Linux x86_64; rv:121.0) Gecko/20100101 Firefox/121.0"
124.198.132.59 - - [07/Jun/2026:17:02:57 +0200] "GET /wp-includes/css/dist/nux/ HTTP/1.1" 200 1418 "-" "Mozilla/5.0 (X11; Linux x86_64; rv:121.0) Gecko/20100101 Firefox/121.0"
124.198.132.59 - - [07/Jun/2026:17:02:57 +0200] "GET /wp-includes/css/dist/edit-widgets/ HTTP/1.1" 200 1436 "https://www.google.com/" "Mozilla/5.0 (Windows NT 10.0; Win64; x64) AppleWebKit/537.36 (KHTML, like Gecko) Chrome/121.0.0.0 Safari/537.36"
124.198.132.59 - - [07/Jun/2026:17:02:57 +0200] "GET /wp-includes/css/dist/list-reusable-blocks/ HTTP/1.1" 200 1452 "-" "Mozilla/5.0 (Macintosh; Intel Mac OS X 10_15_7) AppleWebKit/605.1.15 (KHTML, like Gecko) Version/17.2 Safari/605.1.15"
124.198.132.59 - - [07/Jun/2026:17:02:58 +0200] "GET /wp-includes/css/dist/reusable-blocks/ HTTP/1.1" 200 1442 "-" "Mozilla/5.0 (X11; Linux x86_64; rv:121.0) Gecko/20100101 Firefox/121.0"
124.198.132.59 - - [07/Jun/2026:17:02:58 +0200] "GET /wp-includes/css/dist/commands/ HTTP/1.1" 200 1428 "-" "Mozilla/5.0 (Macintosh; Intel Mac OS X 10_15_7) AppleWebKit/537.36 (KHTML, like Gecko) Chrome/120.0.0.0 Safari/537.36"
124.198.132.59 - - [07/Jun/2026:17:02:58 +0200] "GET /wp-includes/css/dist/patterns/ HTTP/1.1" 200 1428 "https://www.google.com/" "Mozilla/5.0 (Windows NT 10.0; Win64; x64) AppleWebKit/537.36 (KHTML, like Gecko) Chrome/121.0.0.0 Safari/537.36"
124.198.132.59 - - [07/Jun/2026:17:02:59 +0200] "GET /wp-includes/css/dist/block-directory/ HTTP/1.1" 200 1442 "https://www.google.com/" "Mozilla/5.0 (Windows NT 10.0; Win64; x64) AppleWebKit/537.36 (KHTML, like Gecko) Chrome/121.0.0.0 Safari/537.36"
124.198.132.59 - - [07/Jun/2026:17:02:59 +0200] "GET /wp-includes/css/dist/components/ HTTP/1.1" 200 1432 "-" "Mozilla/5.0 (Macintosh; Intel Mac OS X 10_15_7) AppleWebKit/537.36 (KHTML, like Gecko) Chrome/120.0.0.0 Safari/537.36"
124.198.132.59 - - [07/Jun/2026:17:02:59 +0200] "GET /wp-includes/css/dist/admin-ui/ HTTP/1.1" 200 1428 "-" "Mozilla/5.0 (Macintosh; Intel Mac OS X 10_15_7) AppleWebKit/537.36 (KHTML, like Gecko) Chrome/120.0.0.0 Safari/537.36"
124.198.132.59 - - [07/Jun/2026:17:02:59 +0200] "GET /wp-includes/css/dist/block-editor/ HTTP/1.1" 200 2968 "https://www.google.com/" "Mozilla/5.0 (Windows NT 10.0; Win64; x64) AppleWebKit/537.36 (KHTML, like Gecko) Chrome/121.0.0.0 Safari/537.36"
124.198.132.59 - - [07/Jun/2026:17:03:00 +0200] "GET /wp-includes/css/dist/editor/ HTTP/1.1" 200 1424 "-" "Mozilla/5.0 (X11; Linux x86_64; rv:121.0) Gecko/20100101 Firefox/121.0"
124.198.132.59 - - [07/Jun/2026:17:03:00 +0200] "GET /wp-includes/css/dist/widgets/ HTTP/1.1" 200 1426 "-" "Mozilla/5.0 (Windows NT 10.0; Win64; x64; rv:122.0) Gecko/20100101 Firefox/122.0"
124.198.132.59 - - [07/Jun/2026:17:03:00 +0200] "GET /wp-includes/class-wp-feed-cache.php HTTP/1.1" 200 969 "-" "Mozilla/5.0 (Macintosh; Intel Mac OS X 10_15_7) AppleWebKit/537.36 (KHTML, like Gecko) Chrome/120.0.0.0 Safari/537.36"
124.198.132.59 - - [07/Jun/2026:17:03:01 +0200] "GET /wp-includes/block-bindings.php HTTP/1.1" 200 7526 "https://www.google.com/" "Mozilla/5.0 (Windows NT 10.0; Win64; x64) AppleWebKit/537.36 (KHTML, like Gecko) Chrome/121.0.0.0 Safari/537.36"
124.198.132.59 - - [07/Jun/2026:17:03:01 +0200] "GET /wp-includes/block-template-utils.php HTTP/1.1" 200 62484 "https://www.google.com/" "Mozilla/5.0 (Windows NT 10.0; Win64; x64) AppleWebKit/537.36 (KHTML, like Gecko) Chrome/121.0.0.0 Safari/537.36"
124.198.132.59 - - [07/Jun/2026:17:03:01 +0200] "GET /wp-includes/class-wp-object-cache.php HTTP/1.1" 200 17524 "-" "Mozilla/5.0 (Windows NT 10.0; Win64; x64; rv:122.0) Gecko/20100101 Firefox/122.0"
124.198.132.59 - - [07/Jun/2026:17:03:02 +0200] "GET /wp-includes/class-wp-embed.php HTTP/1.1" 200 15931 "-" "Mozilla/5.0 (Macintosh; Intel Mac OS X 10_15_7) AppleWebKit/605.1.15 (KHTML, like Gecko) Version/17.2 Safari/605.1.15"
124.198.132.59 - - [07/Jun/2026:17:03:02 +0200] "GET /wp-includes/class-wp-customize-manager.php HTTP/1.1" 200 203139 "https://www.google.com/" "Mozilla/5.0 (Windows NT 10.0; Win64; x64) AppleWebKit/537.36 (KHTML, like Gecko) Chrome/121.0.0.0 Safari/537.36"
124.198.132.59 - - [07/Jun/2026:17:03:03 +0200] "GET /wp-includes/class-wp-user-meta-session-tokens.php HTTP/1.1" 200 3011 "-" "Mozilla/5.0 (Windows NT 10.0; Win64; x64; rv:122.0) Gecko/20100101 Firefox/122.0"
124.198.132.59 - - [07/Jun/2026:17:03:03 +0200] "GET /wp-includes/class-wp-http-proxy.php HTTP/1.1" 200 5980 "-" "Mozilla/5.0 (Macintosh; Intel Mac OS X 10_15_7) AppleWebKit/537.36 (KHTML, like Gecko) Chrome/120.0.0.0 Safari/537.36"
124.198.132.59 - - [07/Jun/2026:17:03:04 +0200] "GET /wp-includes/class-wp-customize-widgets.php HTTP/1.1" 200 72607 "-" "Mozilla/5.0 (Macintosh; Intel Mac OS X 10_15_7) AppleWebKit/605.1.15 (KHTML, like Gecko) Version/17.2 Safari/605.1.15"
124.198.132.59 - - [07/Jun/2026:17:03:04 +0200] "GET /wp-includes/class-wp-paused-extensions-storage.php HTTP/1.1" 200 5111 "-" "Mozilla/5.0 (Macintosh; Intel Mac OS X 10_15_7) AppleWebKit/605.1.15 (KHTML, like Gecko) Version/17.2 Safari/605.1.15"
124.198.132.59 - - [07/Jun/2026:17:03:04 +0200] "GET /wp-includes/class-wp-admin-bar.php HTTP/1.1" 200 17874 "-" "Mozilla/5.0 (Macintosh; Intel Mac OS X 10_15_7) AppleWebKit/605.1.15 (KHTML, like Gecko) Version/17.2 Safari/605.1.15"
124.198.132.59 - - [07/Jun/2026:17:03:05 +0200] "GET /wp-includes/default-constants.php HTTP/1.1" 200 11365 "-" "Mozilla/5.0 (Windows NT 10.0; Win64; x64; rv:122.0) Gecko/20100101 Firefox/122.0"
124.198.132.59 - - [07/Jun/2026:17:03:05 +0200] "GET /wp-includes/hash_files2.php HTTP/1.1" 404 - "-" "Mozilla/5.0 (Windows NT 10.0; Win64; x64; rv:122.0) Gecko/20100101 Firefox/122.0"
124.198.132.59 - - [07/Jun/2026:17:03:06 +0200] "GET /wp-includes/class-simplepie.php HTTP/1.1" 200 453 "-" "Mozilla/5.0 (Macintosh; Intel Mac OS X 10_15_7) AppleWebKit/605.1.15 (KHTML, like Gecko) Version/17.2 Safari/605.1.15"
124.198.132.59 - - [07/Jun/2026:17:03:06 +0200] "GET /wp-includes/class-wp-block-editor-context.php HTTP/1.1" 200 1350 "-" "Mozilla/5.0 (X11; Linux x86_64; rv:121.0) Gecko/20100101 Firefox/121.0"
124.198.132.59 - - [07/Jun/2026:17:03:06 +0200] "GET /wp-includes/class-avif-info.php HTTP/1.1" 200 29615 "-" "Mozilla/5.0 (Macintosh; Intel Mac OS X 10_15_7) AppleWebKit/605.1.15 (KHTML, like Gecko) Version/17.2 Safari/605.1.15"
124.198.132.59 - - [07/Jun/2026:17:03:07 +0200] "GET /wp-includes/speculative-loading.php HTTP/1.1" 200 8600 "https://www.google.com/" "Mozilla/5.0 (Windows NT 10.0; Win64; x64) AppleWebKit/537.36 (KHTML, like Gecko) Chrome/121.0.0.0 Safari/537.36"
124.198.132.59 - - [07/Jun/2026:17:03:07 +0200] "GET /wp-includes/rss-functions.php HTTP/1.1" 200 255 "-" "Mozilla/5.0 (X11; Linux x86_64; rv:121.0) Gecko/20100101 Firefox/121.0"
124.198.132.59 - - [07/Jun/2026:17:03:08 +0200] "GET /wp-includes/bookmark.php HTTP/1.1" 200 15427 "-" "Mozilla/5.0 (X11; Linux x86_64; rv:121.0) Gecko/20100101 Firefox/121.0"
124.198.132.59 - - [07/Jun/2026:17:03:08 +0200] "GET /wp-includes/class-wp-network-query.php HTTP/1.1" 200 19887 "-" "Mozilla/5.0 (Macintosh; Intel Mac OS X 10_15_7) AppleWebKit/537.36 (KHTML, like Gecko) Chrome/120.0.0.0 Safari/537.36"
124.198.132.59 - - [07/Jun/2026:17:03:08 +0200] "GET /wp-includes/option.php HTTP/1.1" 200 105035 "-" "Mozilla/5.0 (X11; Linux x86_64; rv:121.0) Gecko/20100101 Firefox/121.0"
124.198.132.59 - - [07/Jun/2026:17:03:09 +0200] "GET /wp-includes/class-wp-theme-json.php HTTP/1.1" 200 164347 "https://www.google.com/" "Mozilla/5.0 (Windows NT 10.0; Win64; x64) AppleWebKit/537.36 (KHTML, like Gecko) Chrome/121.0.0.0 Safari/537.36"
124.198.132.59 - - [07/Jun/2026:17:03:10 +0200] "GET /wp-includes/class-wp-theme-json-resolver.php HTTP/1.1" 200 35738 "-" "Mozilla/5.0 (Windows NT 10.0; Win64; x64; rv:122.0) Gecko/20100101 Firefox/122.0"
124.198.132.59 - - [07/Jun/2026:17:03:10 +0200] "GET /wp-includes/customize/ HTTP/1.1" 200 8305 "https://www.google.com/" "Mozilla/5.0 (Windows NT 10.0; Win64; x64) AppleWebKit/537.36 (KHTML, like Gecko) Chrome/121.0.0.0 Safari/537.36"
124.198.132.59 - - [07/Jun/2026:17:03:10 +0200] "GET /wp-includes/customize/class-wp-customize-new-menu-section.php HTTP/1.1" 200 1693 "https://www.google.com/" "Mozilla/5.0 (Windows NT 10.0; Win64; x64) AppleWebKit/537.36 (KHTML, like Gecko) Chrome/121.0.0.0 Safari/537.36"
124.198.132.59 - - [07/Jun/2026:17:03:11 +0200] "GET /wp-includes/customize/class-wp-customize-nav-menu-item-control.php HTTP/1.1" 200 8157 "https://www.google.com/" "Mozilla/5.0 (Windows NT 10.0; Win64; x64) AppleWebKit/537.36 (KHTML, like Gecko) Chrome/121.0.0.0 Safari/537.36"
124.198.132.59 - - [07/Jun/2026:17:03:11 +0200] "GET /wp-includes/customize/class-wp-customize-nav-menu-locations-control.php HTTP/1.1" 200 2817 "-" "Mozilla/5.0 (X11; Linux x86_64; rv:121.0) Gecko/20100101 Firefox/121.0"
124.198.132.59 - - [07/Jun/2026:17:03:12 +0200] "GET /wp-includes/customize/class-wp-customize-code-editor-control.php HTTP/1.1" 200 2317 "-" "Mozilla/5.0 (Macintosh; Intel Mac OS X 10_15_7) AppleWebKit/537.36 (KHTML, like Gecko) Chrome/120.0.0.0 Safari/537.36"
124.198.132.59 - - [07/Jun/2026:17:03:12 +0200] "GET /wp-includes/customize/class-wp-customize-nav-menu-auto-add-control.php HTTP/1.1" 200 1122 "-" "Mozilla/5.0 (Macintosh; Intel Mac OS X 10_15_7) AppleWebKit/605.1.15 (KHTML, like Gecko) Version/17.2 Safari/605.1.15"
124.198.132.59 - - [07/Jun/2026:17:03:12 +0200] "GET /wp-includes/customize/class-wp-customize-nav-menu-section.php HTTP/1.1" 200 716 "-" "Mozilla/5.0 (Macintosh; Intel Mac OS X 10_15_7) AppleWebKit/537.36 (KHTML, like Gecko) Chrome/120.0.0.0 Safari/537.36"
124.198.132.59 - - [07/Jun/2026:17:03:12 +0200] "GET /wp-includes/customize/class-wp-customize-nav-menu-setting.php HTTP/1.1" 200 18936 "-" "Mozilla/5.0 (X11; Linux x86_64; rv:121.0) Gecko/20100101 Firefox/121.0"
124.198.132.59 - - [07/Jun/2026:17:03:13 +0200] "GET /wp-includes/customize/class-wp-customize-color-control.php HTTP/1.1" 200 3209 "https://www.google.com/" "Mozilla/5.0 (Windows NT 10.0; Win64; x64) AppleWebKit/537.36 (KHTML, like Gecko) Chrome/121.0.0.0 Safari/537.36"
124.198.132.59 - - [07/Jun/2026:17:03:13 +0200] "GET /wp-includes/customize/class-wp-customize-header-image-setting.php HTTP/1.1" 200 1782 "-" "Mozilla/5.0 (Windows NT 10.0; Win64; x64; rv:122.0) Gecko/20100101 Firefox/122.0"
124.198.132.59 - - [07/Jun/2026:17:03:13 +0200] "GET /wp-includes/customize/class-wp-customize-nav-menus-panel.php HTTP/1.1" 200 3309 "-" "Mozilla/5.0 (Windows NT 10.0; Win64; x64; rv:122.0) Gecko/20100101 Firefox/122.0"
124.198.132.59 - - [07/Jun/2026:17:03:13 +0200] "GET /wp-includes/customize/class-wp-widget-form-customize-control.php HTTP/1.1" 200 2646 "https://www.google.com/" "Mozilla/5.0 (Windows NT 10.0; Win64; x64) AppleWebKit/537.36 (KHTML, like Gecko) Chrome/121.0.0.0 Safari/537.36"
124.198.132.59 - - [07/Jun/2026:17:03:14 +0200] "GET /wp-includes/customize/class-wp-customize-site-icon-control.php HTTP/1.1" 200 5163 "-" "Mozilla/5.0 (X11; Linux x86_64; rv:121.0) Gecko/20100101 Firefox/121.0"
124.198.132.59 - - [07/Jun/2026:17:03:14 +0200] "GET /wp-includes/customize/class-wp-sidebar-block-editor-control.php HTTP/1.1" 200 686 "-" "Mozilla/5.0 (Macintosh; Intel Mac OS X 10_15_7) AppleWebKit/537.36 (KHTML, like Gecko) Chrome/120.0.0.0 Safari/537.36"
124.198.132.59 - - [07/Jun/2026:17:03:14 +0200] "GET /wp-includes/customize/class-wp-customize-background-position-control.php HTTP/1.1" 200 3032 "-" "Mozilla/5.0 (X11; Linux x86_64; rv:121.0) Gecko/20100101 Firefox/121.0"
124.198.132.59 - - [07/Jun/2026:17:03:15 +0200] "GET /wp-includes/customize/class-wp-customize-upload-control.php HTTP/1.1" 200 1197 "-" "Mozilla/5.0 (Macintosh; Intel Mac OS X 10_15_7) AppleWebKit/605.1.15 (KHTML, like Gecko) Version/17.2 Safari/605.1.15"
124.198.132.59 - - [07/Jun/2026:17:03:15 +0200] "GET /wp-includes/customize/class-wp-widget-area-customize-control.php HTTP/1.1" 200 1719 "-" "Mozilla/5.0 (Macintosh; Intel Mac OS X 10_15_7) AppleWebKit/605.1.15 (KHTML, like Gecko) Version/17.2 Safari/605.1.15"
124.198.132.59 - - [07/Jun/2026:17:03:15 +0200] "GET /wp-includes/customize/class-wp-customize-nav-menu-location-control.php HTTP/1.1" 200 2299 "https://www.google.com/" "Mozilla/5.0 (Windows NT 10.0; Win64; x64) AppleWebKit/537.36 (KHTML, like Gecko) Chrome/121.0.0.0 Safari/537.36"
124.198.132.59 - - [07/Jun/2026:17:03:15 +0200] "GET /wp-includes/customize/class-wp-customize-date-time-control.php HTTP/1.1" 200 9446 "https://www.google.com/" "Mozilla/5.0 (Windows NT 10.0; Win64; x64) AppleWebKit/537.36 (KHTML, like Gecko) Chrome/121.0.0.0 Safari/537.36"
124.198.132.59 - - [07/Jun/2026:17:03:16 +0200] "GET /wp-includes/customize/class-wp-customize-header-image-control.php HTTP/1.1" 200 8029 "https://www.google.com/" "Mozilla/5.0 (Windows NT 10.0; Win64; x64) AppleWebKit/537.36 (KHTML, like Gecko) Chrome/121.0.0.0 Safari/537.36"
124.198.132.59 - - [07/Jun/2026:17:03:17 +0200] "GET /wp-includes/customize/class-wp-customize-image-control.php HTTP/1.1" 200 1211 "-" "Mozilla/5.0 (Windows NT 10.0; Win64; x64; rv:122.0) Gecko/20100101 Firefox/122.0"
124.198.132.59 - - [07/Jun/2026:17:03:17 +0200] "GET /wp-includes/customize/class-wp-customize-filter-setting.php HTTP/1.1" 200 588 "-" "Mozilla/5.0 (Macintosh; Intel Mac OS X 10_15_7) AppleWebKit/605.1.15 (KHTML, like Gecko) Version/17.2 Safari/605.1.15"
124.198.132.59 - - [07/Jun/2026:17:03:18 +0200] "GET /wp-includes/customize/class-wp-customize-media-control.php HTTP/1.1" 200 9405 "-" "Mozilla/5.0 (Windows NT 10.0; Win64; x64; rv:122.0) Gecko/20100101 Firefox/122.0"
124.198.132.59 - - [07/Jun/2026:17:03:18 +0200] "GET /wp-includes/customize/class-wp-customize-background-image-setting.php HTTP/1.1" 200 639 "-" "Mozilla/5.0 (Macintosh; Intel Mac OS X 10_15_7) AppleWebKit/605.1.15 (KHTML, like Gecko) Version/17.2 Safari/605.1.15"
124.198.132.59 - - [07/Jun/2026:17:03:19 +0200] "GET /wp-includes/customize/class-wp-customize-selective-refresh.php HTTP/1.1" 200 13843 "-" "Mozilla/5.0 (Macintosh; Intel Mac OS X 10_15_7) AppleWebKit/537.36 (KHTML, like Gecko) Chrome/120.0.0.0 Safari/537.36"
124.198.132.59 - - [07/Jun/2026:17:03:19 +0200] "GET /wp-includes/customize/class-wp-customize-nav-menu-control.php HTTP/1.1" 200 2128 "-" "Mozilla/5.0 (X11; Linux x86_64; rv:121.0) Gecko/20100101 Firefox/121.0"
124.198.132.59 - - [07/Jun/2026:17:03:19 +0200] "GET /wp-includes/customize/class-wp-customize-new-menu-control.php HTTP/1.1" 200 1710 "https://www.google.com/" "Mozilla/5.0 (Windows NT 10.0; Win64; x64) AppleWebKit/537.36 (KHTML, like Gecko) Chrome/121.0.0.0 Safari/537.36"
124.198.132.59 - - [07/Jun/2026:17:03:20 +0200] "GET /wp-includes/customize/class-wp-customize-nav-menu-item-setting.php HTTP/1.1" 200 27869 "-" "Mozilla/5.0 (Macintosh; Intel Mac OS X 10_15_7) AppleWebKit/537.36 (KHTML, like Gecko) Chrome/120.0.0.0 Safari/537.36"
124.198.132.59 - - [07/Jun/2026:17:03:20 +0200] "GET /wp-includes/customize/class-wp-customize-custom-css-setting.php HTTP/1.1" 200 5284 "-" "Mozilla/5.0 (Macintosh; Intel Mac OS X 10_15_7) AppleWebKit/537.36 (KHTML, like Gecko) Chrome/120.0.0.0 Safari/537.36"
124.198.132.59 - - [07/Jun/2026:17:03:21 +0200] "GET /wp-includes/customize/class-wp-customize-partial.php HTTP/1.1" 200 10568 "-" "Mozilla/5.0 (X11; Linux x86_64; rv:121.0) Gecko/20100101 Firefox/121.0"
124.198.132.59 - - [07/Jun/2026:17:03:21 +0200] "GET /wp-includes/customize/class-wp-customize-sidebar-section.php HTTP/1.1" 200 1059 "-" "Mozilla/5.0 (X11; Linux x86_64; rv:121.0) Gecko/20100101 Firefox/121.0"
124.198.132.59 - - [07/Jun/2026:17:03:21 +0200] "GET /wp-includes/customize/class-wp-customize-cropped-image-control.php HTTP/1.1" 200 1459 "-" "Mozilla/5.0 (Windows NT 10.0; Win64; x64; rv:122.0) Gecko/20100101 Firefox/122.0"
124.198.132.59 - - [07/Jun/2026:17:03:22 +0200] "GET /wp-includes/customize/class-wp-customize-nav-menu-name-control.php HTTP/1.1" 200 1131 "-" "Mozilla/5.0 (Macintosh; Intel Mac OS X 10_15_7) AppleWebKit/537.36 (KHTML, like Gecko) Chrome/120.0.0.0 Safari/537.36"
124.198.132.59 - - [07/Jun/2026:17:03:22 +0200] "GET /wp-includes/customize/class-wp-customize-theme-control.php HTTP/1.1" 200 11889 "-" "Mozilla/5.0 (Windows NT 10.0; Win64; x64; rv:122.0) Gecko/20100101 Firefox/122.0"
124.198.132.59 - - [07/Jun/2026:17:03:22 +0200] "GET /wp-includes/customize/class-wp-customize-themes-panel.php HTTP/1.1" 200 3385 "https://www.google.com/" "Mozilla/5.0 (Windows NT 10.0; Win64; x64) AppleWebKit/537.36 (KHTML, like Gecko) Chrome/121.0.0.0 Safari/537.36"
124.198.132.59 - - [07/Jun/2026:17:03:22 +0200] "GET /wp-includes/customize/class-wp-customize-background-image-control.php HTTP/1.1" 200 1284 "-" "Mozilla/5.0 (Windows NT 10.0; Win64; x64; rv:122.0) Gecko/20100101 Firefox/122.0"
124.198.132.59 - - [07/Jun/2026:17:03:23 +0200] "GET /wp-includes/customize/class-wp-customize-themes-section.php HTTP/1.1" 200 6955 "-" "Mozilla/5.0 (Windows NT 10.0; Win64; x64; rv:122.0) Gecko/20100101 Firefox/122.0"
124.198.132.59 - - [07/Jun/2026:17:03:23 +0200] "GET /wp-includes/date.php HTTP/1.1" 200 400 "-" "Mozilla/5.0 (Windows NT 10.0; Win64; x64; rv:122.0) Gecko/20100101 Firefox/122.0"
124.198.132.59 - - [07/Jun/2026:17:03:23 +0200] "GET /wp-includes/class-wp-feed-cache-transient.php HTTP/1.1" 200 3304 "-" "Mozilla/5.0 (Windows NT 10.0; Win64; x64; rv:122.0) Gecko/20100101 Firefox/122.0"
124.198.132.59 - - [07/Jun/2026:17:03:23 +0200] "GET /wp-includes/version.php HTTP/1.1" 200 1106 "https://www.google.com/" "Mozilla/5.0 (Windows NT 10.0; Win64; x64) AppleWebKit/537.36 (KHTML, like Gecko) Chrome/121.0.0.0 Safari/537.36"
124.198.132.59 - - [07/Jun/2026:17:03:24 +0200] "GET /wp-includes/class-wp-taxonomy.php HTTP/1.1" 200 18559 "-" "Mozilla/5.0 (X11; Linux x86_64; rv:121.0) Gecko/20100101 Firefox/121.0"
124.198.132.59 - - [07/Jun/2026:17:03:24 +0200] "GET /wp-includes/cache.php HTTP/1.1" 200 13486 "-" "Mozilla/5.0 (Macintosh; Intel Mac OS X 10_15_7) AppleWebKit/537.36 (KHTML, like Gecko) Chrome/120.0.0.0 Safari/537.36"
124.198.132.59 - - [07/Jun/2026:17:03:24 +0200] "GET /wp-includes/class-wp-application-passwords.php HTTP/1.1" 200 17099 "-" "Mozilla/5.0 (Macintosh; Intel Mac OS X 10_15_7) AppleWebKit/537.36 (KHTML, like Gecko) Chrome/120.0.0.0 Safari/537.36"
124.198.132.59 - - [07/Jun/2026:17:03:25 +0200] "GET /wp-includes/sodium_compat/ HTTP/1.1" 200 1931 "-" "Mozilla/5.0 (X11; Linux x86_64; rv:121.0) Gecko/20100101 Firefox/121.0"
124.198.132.59 - - [07/Jun/2026:17:03:25 +0200] "GET /wp-includes/sodium_compat/LICENSE/ HTTP/1.1" 404 - "-" "Mozilla/5.0 (Macintosh; Intel Mac OS X 10_15_7) AppleWebKit/537.36 (KHTML, like Gecko) Chrome/120.0.0.0 Safari/537.36"
124.198.132.59 - - [07/Jun/2026:17:03:25 +0200] "GET /wp-includes/sodium_compat/namespaced/ HTTP/1.1" 200 1428 "-" "Mozilla/5.0 (Macintosh; Intel Mac OS X 10_15_7) AppleWebKit/605.1.15 (KHTML, like Gecko) Version/17.2 Safari/605.1.15"
124.198.132.59 - - [07/Jun/2026:17:03:26 +0200] "GET /wp-includes/sodium_compat/namespaced/Compat.php HTTP/1.1" 200 86 "-" "Mozilla/5.0 (Windows NT 10.0; Win64; x64; rv:122.0) Gecko/20100101 Firefox/122.0"
124.198.132.59 - - [07/Jun/2026:17:03:26 +0200] "GET /wp-includes/sodium_compat/namespaced/Core/ HTTP/1.1" 200 3611 "-" "Mozilla/5.0 (Macintosh; Intel Mac OS X 10_15_7) AppleWebKit/605.1.15 (KHTML, like Gecko) Version/17.2 Safari/605.1.15"
124.198.132.59 - - [07/Jun/2026:17:03:27 +0200] "GET /wp-includes/sodium_compat/namespaced/Core/Curve25519.php HTTP/1.1" 200 104 "-" "Mozilla/5.0 (Macintosh; Intel Mac OS X 10_15_7) AppleWebKit/605.1.15 (KHTML, like Gecko) Version/17.2 Safari/605.1.15"
124.198.132.59 - - [07/Jun/2026:17:03:27 +0200] "GET /wp-includes/sodium_compat/namespaced/Core/ChaCha20.php HTTP/1.1" 200 100 "-" "Mozilla/5.0 (Macintosh; Intel Mac OS X 10_15_7) AppleWebKit/537.36 (KHTML, like Gecko) Chrome/120.0.0.0 Safari/537.36"
124.198.132.59 - - [07/Jun/2026:17:03:27 +0200] "GET /wp-includes/sodium_compat/namespaced/Core/Ed25519.php HTTP/1.1" 200 98 "https://www.google.com/" "Mozilla/5.0 (Windows NT 10.0; Win64; x64) AppleWebKit/537.36 (KHTML, like Gecko) Chrome/121.0.0.0 Safari/537.36"
124.198.132.59 - - [07/Jun/2026:17:03:27 +0200] "GET /wp-includes/sodium_compat/namespaced/Core/Salsa20.php HTTP/1.1" 200 98 "-" "Mozilla/5.0 (X11; Linux x86_64; rv:121.0) Gecko/20100101 Firefox/121.0"
124.198.132.59 - - [07/Jun/2026:17:03:28 +0200] "GET /wp-includes/sodium_compat/namespaced/Core/X25519.php HTTP/1.1" 200 96 "-" "Mozilla/5.0 (X11; Linux x86_64; rv:121.0) Gecko/20100101 Firefox/121.0"
124.198.132.59 - - [07/Jun/2026:17:03:28 +0200] "GET /wp-includes/sodium_compat/namespaced/Core/Poly1305.php HTTP/1.1" 200 100 "-" "Mozilla/5.0 (X11; Linux x86_64; rv:121.0) Gecko/20100101 Firefox/121.0"
124.198.132.59 - - [07/Jun/2026:17:03:28 +0200] "GET /wp-includes/sodium_compat/namespaced/Core/XChaCha20.php HTTP/1.1" 200 102 "-" "Mozilla/5.0 (X11; Linux x86_64; rv:121.0) Gecko/20100101 Firefox/121.0"
124.198.132.59 - - [07/Jun/2026:17:03:29 +0200] "GET /wp-includes/sodium_compat/namespaced/Core/Xsalsa20.php HTTP/1.1" 200 100 "-" "Mozilla/5.0 (Macintosh; Intel Mac OS X 10_15_7) AppleWebKit/605.1.15 (KHTML, like Gecko) Version/17.2 Safari/605.1.15"
124.198.132.59 - - [07/Jun/2026:17:03:29 +0200] "GET /wp-includes/sodium_compat/namespaced/Core/HSalsa20.php HTTP/1.1" 200 100 "https://www.google.com/" "Mozilla/5.0 (Windows NT 10.0; Win64; x64) AppleWebKit/537.36 (KHTML, like Gecko) Chrome/121.0.0.0 Safari/537.36"
124.198.132.59 - - [07/Jun/2026:17:03:29 +0200] "GET /wp-includes/sodium_compat/namespaced/Core/HChaCha20.php HTTP/1.1" 200 102 "-" "Mozilla/5.0 (Macintosh; Intel Mac OS X 10_15_7) AppleWebKit/605.1.15 (KHTML, like Gecko) Version/17.2 Safari/605.1.15"
