77.237.244.221 - - [07/Jun/2026:20:41:32 +0200] "GET /RIMURU/rimurucgiapi/bash.rimuru HTTP/1.1" 404 - "-" "python-httpx/0.28.1"
77.237.244.221 - - [07/Jun/2026:20:41:34 +0200] "GET /.well-known/acme-challenge/yanko.php HTTP/1.1" 404 - "-" "python-httpx/0.28.1"
77.237.244.221 - - [07/Jun/2026:20:41:41 +0200] "GET /RIMURU/rimurucgiapi/bash.rimuru HTTP/1.1" 404 - "-" "python-httpx/0.28.1"
77.237.244.221 - - [07/Jun/2026:20:41:42 +0200] "GET /RIMURU/rimurucgiapi/perl.rimuru HTTP/1.1" 404 - "-" "python-httpx/0.28.1"
77.237.244.221 - - [07/Jun/2026:20:41:47 +0200] "GET /RIMURU/rimurucgiapi/perl.rimuru HTTP/1.1" 404 - "-" "python-httpx/0.28.1"
77.237.244.221 - - [07/Jun/2026:20:41:51 +0200] "GET /RIMURU/rimurucgiapi/py.rimuru HTTP/1.1" 404 - "-" "python-httpx/0.28.1"
77.237.244.221 - - [07/Jun/2026:20:41:54 +0200] "GET /RIMURU/rimurucgiapi/py.rimuru HTTP/1.1" 404 - "-" "python-httpx/0.28.1"
77.237.244.221 - - [07/Jun/2026:20:42:07 +0200] "GET /scannerr.php HTTP/1.1" 404 - "-" "python-httpx/0.28.1"
77.237.244.221 - - [07/Jun/2026:20:42:12 +0200] "GET /scannerr.php HTTP/1.1" 404 - "-" "python-httpx/0.28.1"
77.237.244.221 - - [07/Jun/2026:20:42:15 +0200] "GET /scan123.php HTTP/1.1" 404 - "-" "python-httpx/0.28.1"
77.237.244.221 - - [07/Jun/2026:20:42:22 +0200] "GET /scan123.php HTTP/1.1" 404 - "-" "python-httpx/0.28.1"
77.237.244.221 - - [07/Jun/2026:20:42:22 +0200] "GET /scanbackddor.php HTTP/1.1" 404 - "-" "python-httpx/0.28.1"
103.160.213.60 - - [07/Jun/2026:20:42:27 +0200] "GET /simple.php HTTP/1.1" 404 - "-" "Mozilla/5.0 (Linux; Android 7.0; SM-G892A Build/NRD90M; wv) AppleWebKit/537.36 (KHTML, like Gecko) Version/4.0 Chrome/60.0.3112.107 Mobile Safari/537.36 Team Anon Force"
103.160.213.60 - - [07/Jun/2026:20:42:27 +0200] "GET /about.php HTTP/1.1" 404 - "-" "Mozilla/5.0 (Linux; Android 7.0; SM-G892A Build/NRD90M; wv) AppleWebKit/537.36 (KHTML, like Gecko) Version/4.0 Chrome/60.0.3112.107 Mobile Safari/537.36 Team Anon Force"
103.160.213.60 - - [07/Jun/2026:20:42:28 +0200] "GET /install.php HTTP/1.1" 404 - "-" "Mozilla/5.0 (Linux; Android 7.0; SM-G892A Build/NRD90M; wv) AppleWebKit/537.36 (KHTML, like Gecko) Version/4.0 Chrome/60.0.3112.107 Mobile Safari/537.36 Team Anon Force"
103.160.213.60 - - [07/Jun/2026:20:42:28 +0200] "GET /dropdown.php HTTP/1.1" 404 - "-" "Mozilla/5.0 (Linux; Android 7.0; SM-G892A Build/NRD90M; wv) AppleWebKit/537.36 (KHTML, like Gecko) Version/4.0 Chrome/60.0.3112.107 Mobile Safari/537.36 Team Anon Force"
77.237.244.221 - - [07/Jun/2026:20:42:28 +0200] "GET /admin/elfinder/php/plugins/AutoRotate/autoRotate.php HTTP/1.1" 404 - "-" "python-httpx/0.28.1"
103.160.213.60 - - [07/Jun/2026:20:42:29 +0200] "GET /chosen.php?p= HTTP/1.1" 404 - "-" "Mozilla/5.0 (Linux; Android 7.0; SM-G892A Build/NRD90M; wv) AppleWebKit/537.36 (KHTML, like Gecko) Version/4.0 Chrome/60.0.3112.107 Mobile Safari/537.36 Team Anon Force"
103.160.213.60 - - [07/Jun/2026:20:42:29 +0200] "GET /mah.php HTTP/1.1" 404 - "-" "Mozilla/5.0 (Linux; Android 7.0; SM-G892A Build/NRD90M; wv) AppleWebKit/537.36 (KHTML, like Gecko) Version/4.0 Chrome/60.0.3112.107 Mobile Safari/537.36 Team Anon Force"
103.160.213.60 - - [07/Jun/2026:20:42:29 +0200] "GET /wp-admin/about.php HTTP/1.1" 200 18169 "-" "Mozilla/5.0 (Linux; Android 7.0; SM-G892A Build/NRD90M; wv) AppleWebKit/537.36 (KHTML, like Gecko) Version/4.0 Chrome/60.0.3112.107 Mobile Safari/537.36 Team Anon Force"
103.160.213.60 - - [07/Jun/2026:20:42:30 +0200] "GET /wp-content/about.php HTTP/1.1" 404 - "-" "Mozilla/5.0 (Linux; Android 7.0; SM-G892A Build/NRD90M; wv) AppleWebKit/537.36 (KHTML, like Gecko) Version/4.0 Chrome/60.0.3112.107 Mobile Safari/537.36 Team Anon Force"
103.160.213.60 - - [07/Jun/2026:20:42:30 +0200] "GET /wp-admin/install.php HTTP/1.1" 200 18192 "-" "Mozilla/5.0 (Linux; Android 7.0; SM-G892A Build/NRD90M; wv) AppleWebKit/537.36 (KHTML, like Gecko) Version/4.0 Chrome/60.0.3112.107 Mobile Safari/537.36 Team Anon Force"
103.160.213.60 - - [07/Jun/2026:20:42:31 +0200] "GET /wp-admin/js/about.php7 HTTP/1.1" 404 - "-" "Mozilla/5.0 (Linux; Android 7.0; SM-G892A Build/NRD90M; wv) AppleWebKit/537.36 (KHTML, like Gecko) Version/4.0 Chrome/60.0.3112.107 Mobile Safari/537.36 Team Anon Force"
103.160.213.60 - - [07/Jun/2026:20:42:31 +0200] "GET /wp-content/install.php HTTP/1.1" 404 - "-" "Mozilla/5.0 (Linux; Android 7.0; SM-G892A Build/NRD90M; wv) AppleWebKit/537.36 (KHTML, like Gecko) Version/4.0 Chrome/60.0.3112.107 Mobile Safari/537.36 Team Anon Force"
103.160.213.60 - - [07/Jun/2026:20:42:32 +0200] "GET /wp-admin/user/about.php HTTP/1.1" 200 257 "-" "Mozilla/5.0 (Linux; Android 7.0; SM-G892A Build/NRD90M; wv) AppleWebKit/537.36 (KHTML, like Gecko) Version/4.0 Chrome/60.0.3112.107 Mobile Safari/537.36 Team Anon Force"
103.160.213.60 - - [07/Jun/2026:20:42:32 +0200] "GET /wp-includes/install.php HTTP/1.1" 404 - "-" "Mozilla/5.0 (Linux; Android 7.0; SM-G892A Build/NRD90M; wv) AppleWebKit/537.36 (KHTML, like Gecko) Version/4.0 Chrome/60.0.3112.107 Mobile Safari/537.36 Team Anon Force"
103.160.213.60 - - [07/Jun/2026:20:42:32 +0200] "GET /wp-admin/images/admin.php HTTP/1.1" 404 - "-" "Mozilla/5.0 (Linux; Android 7.0; SM-G892A Build/NRD90M; wv) AppleWebKit/537.36 (KHTML, like Gecko) Version/4.0 Chrome/60.0.3112.107 Mobile Safari/537.36 Team Anon Force"
103.160.213.60 - - [07/Jun/2026:20:42:33 +0200] "GET /wp-includes/Text/about.php HTTP/1.1" 404 - "-" "Mozilla/5.0 (Linux; Android 7.0; SM-G892A Build/NRD90M; wv) AppleWebKit/537.36 (KHTML, like Gecko) Version/4.0 Chrome/60.0.3112.107 Mobile Safari/537.36 Team Anon Force"
103.160.213.60 - - [07/Jun/2026:20:42:33 +0200] "GET /wp-admin/network/admin.php HTTP/1.1" 200 1024 "-" "Mozilla/5.0 (Linux; Android 7.0; SM-G892A Build/NRD90M; wv) AppleWebKit/537.36 (KHTML, like Gecko) Version/4.0 Chrome/60.0.3112.107 Mobile Safari/537.36 Team Anon Force"
77.237.244.221 - - [07/Jun/2026:20:42:33 +0200] "GET /scanbackddor.php HTTP/1.1" 404 - "-" "python-httpx/0.28.1"
103.160.213.60 - - [07/Jun/2026:20:42:34 +0200] "GET /wp-admin/maint/atomlib.php HTTP/1.1" 404 - "-" "Mozilla/5.0 (Linux; Android 7.0; SM-G892A Build/NRD90M; wv) AppleWebKit/537.36 (KHTML, like Gecko) Version/4.0 Chrome/60.0.3112.107 Mobile Safari/537.36 Team Anon Force"
103.160.213.60 - - [07/Jun/2026:20:42:34 +0200] "GET /wp-admin/network/index.php HTTP/1.1" 200 2911 "-" "Mozilla/5.0 (Linux; Android 7.0; SM-G892A Build/NRD90M; wv) AppleWebKit/537.36 (KHTML, like Gecko) Version/4.0 Chrome/60.0.3112.107 Mobile Safari/537.36 Team Anon Force"
103.160.213.60 - - [07/Jun/2026:20:42:34 +0200] "GET /wp-content/plugins/index.php HTTP/1.1" 200 28 "-" "Mozilla/5.0 (Linux; Android 7.0; SM-G892A Build/NRD90M; wv) AppleWebKit/537.36 (KHTML, like Gecko) Version/4.0 Chrome/60.0.3112.107 Mobile Safari/537.36 Team Anon Force"
103.160.213.60 - - [07/Jun/2026:20:42:35 +0200] "GET /wp-content/uploads/index.php HTTP/1.1" 404 - "-" "Mozilla/5.0 (Linux; Android 7.0; SM-G892A Build/NRD90M; wv) AppleWebKit/537.36 (KHTML, like Gecko) Version/4.0 Chrome/60.0.3112.107 Mobile Safari/537.36 Team Anon Force"
77.237.244.221 - - [07/Jun/2026:20:42:35 +0200] "GET /wp-includes/assets/mari.php HTTP/1.1" 404 - "-" "python-httpx/0.28.1"
103.160.213.60 - - [07/Jun/2026:20:42:35 +0200] "GET /wp-content/themes/twentytwentythree/patterns/index.php HTTP/1.1" 404 - "-" "Mozilla/5.0 (Linux; Android 7.0; SM-G892A Build/NRD90M; wv) AppleWebKit/537.36 (KHTML, like Gecko) Version/4.0 Chrome/60.0.3112.107 Mobile Safari/537.36 Team Anon Force"
103.160.213.60 - - [07/Jun/2026:20:42:36 +0200] "GET /backdoor.php HTTP/1.1" 404 - "-" "Mozilla/5.0 (Linux; Android 7.0; SM-G892A Build/NRD90M; wv) AppleWebKit/537.36 (KHTML, like Gecko) Version/4.0 Chrome/60.0.3112.107 Mobile Safari/537.36 Team Anon Force"
103.160.213.60 - - [07/Jun/2026:20:42:36 +0200] "GET /shell.php HTTP/1.1" 404 - "-" "Mozilla/5.0 (Linux; Android 7.0; SM-G892A Build/NRD90M; wv) AppleWebKit/537.36 (KHTML, like Gecko) Version/4.0 Chrome/60.0.3112.107 Mobile Safari/537.36 Team Anon Force"
103.160.213.60 - - [07/Jun/2026:20:42:37 +0200] "GET /cmd.php HTTP/1.1" 404 - "-" "Mozilla/5.0 (Linux; Android 7.0; SM-G892A Build/NRD90M; wv) AppleWebKit/537.36 (KHTML, like Gecko) Version/4.0 Chrome/60.0.3112.107 Mobile Safari/537.36 Team Anon Force"
103.160.213.60 - - [07/Jun/2026:20:42:37 +0200] "GET /cmdshell.php HTTP/1.1" 404 - "-" "Mozilla/5.0 (Linux; Android 7.0; SM-G892A Build/NRD90M; wv) AppleWebKit/537.36 (KHTML, like Gecko) Version/4.0 Chrome/60.0.3112.107 Mobile Safari/537.36 Team Anon Force"
103.160.213.60 - - [07/Jun/2026:20:42:37 +0200] "GET /cmdexec.php HTTP/1.1" 404 - "-" "Mozilla/5.0 (Linux; Android 7.0; SM-G892A Build/NRD90M; wv) AppleWebKit/537.36 (KHTML, like Gecko) Version/4.0 Chrome/60.0.3112.107 Mobile Safari/537.36 Team Anon Force"
103.160.213.60 - - [07/Jun/2026:20:42:38 +0200] "GET /cmdline.php HTTP/1.1" 404 - "-" "Mozilla/5.0 (Linux; Android 7.0; SM-G892A Build/NRD90M; wv) AppleWebKit/537.36 (KHTML, like Gecko) Version/4.0 Chrome/60.0.3112.107 Mobile Safari/537.36 Team Anon Force"
103.160.213.60 - - [07/Jun/2026:20:42:38 +0200] "GET /phpshell.php HTTP/1.1" 404 - "-" "Mozilla/5.0 (Linux; Android 7.0; SM-G892A Build/NRD90M; wv) AppleWebKit/537.36 (KHTML, like Gecko) Version/4.0 Chrome/60.0.3112.107 Mobile Safari/537.36 Team Anon Force"
103.160.213.60 - - [07/Jun/2026:20:42:39 +0200] "GET /remote.php HTTP/1.1" 404 - "-" "Mozilla/5.0 (Linux; Android 7.0; SM-G892A Build/NRD90M; wv) AppleWebKit/537.36 (KHTML, like Gecko) Version/4.0 Chrome/60.0.3112.107 Mobile Safari/537.36 Team Anon Force"
103.160.213.60 - - [07/Jun/2026:20:42:39 +0200] "GET /c99.php HTTP/1.1" 404 - "-" "Mozilla/5.0 (Linux; Android 7.0; SM-G892A Build/NRD90M; wv) AppleWebKit/537.36 (KHTML, like Gecko) Version/4.0 Chrome/60.0.3112.107 Mobile Safari/537.36 Team Anon Force"
103.160.213.60 - - [07/Jun/2026:20:42:39 +0200] "GET /r57.php HTTP/1.1" 404 - "-" "Mozilla/5.0 (Linux; Android 7.0; SM-G892A Build/NRD90M; wv) AppleWebKit/537.36 (KHTML, like Gecko) Version/4.0 Chrome/60.0.3112.107 Mobile Safari/537.36 Team Anon Force"
103.160.213.60 - - [07/Jun/2026:20:42:40 +0200] "GET /r57shell.php HTTP/1.1" 404 - "-" "Mozilla/5.0 (Linux; Android 7.0; SM-G892A Build/NRD90M; wv) AppleWebKit/537.36 (KHTML, like Gecko) Version/4.0 Chrome/60.0.3112.107 Mobile Safari/537.36 Team Anon Force"
103.160.213.60 - - [07/Jun/2026:20:42:40 +0200] "GET /irc.php HTTP/1.1" 404 - "-" "Mozilla/5.0 (Linux; Android 7.0; SM-G892A Build/NRD90M; wv) AppleWebKit/537.36 (KHTML, like Gecko) Version/4.0 Chrome/60.0.3112.107 Mobile Safari/537.36 Team Anon Force"
103.160.213.60 - - [07/Jun/2026:20:42:41 +0200] "GET /ircshell.php HTTP/1.1" 404 - "-" "Mozilla/5.0 (Linux; Android 7.0; SM-G892A Build/NRD90M; wv) AppleWebKit/537.36 (KHTML, like Gecko) Version/4.0 Chrome/60.0.3112.107 Mobile Safari/537.36 Team Anon Force"
77.237.244.221 - - [07/Jun/2026:20:42:41 +0200] "GET /wp-includes/assets/config.php HTTP/1.1" 404 - "-" "python-httpx/0.28.1"
103.160.213.60 - - [07/Jun/2026:20:42:41 +0200] "GET /wso.php HTTP/1.1" 404 - "-" "Mozilla/5.0 (Linux; Android 7.0; SM-G892A Build/NRD90M; wv) AppleWebKit/537.36 (KHTML, like Gecko) Version/4.0 Chrome/60.0.3112.107 Mobile Safari/537.36 Team Anon Force"
103.160.213.60 - - [07/Jun/2026:20:42:42 +0200] "GET /wso2.php HTTP/1.1" 404 - "-" "Mozilla/5.0 (Linux; Android 7.0; SM-G892A Build/NRD90M; wv) AppleWebKit/537.36 (KHTML, like Gecko) Version/4.0 Chrome/60.0.3112.107 Mobile Safari/537.36 Team Anon Force"
103.160.213.60 - - [07/Jun/2026:20:42:42 +0200] "GET /gfs.php HTTP/1.1" 404 - "-" "Mozilla/5.0 (Linux; Android 7.0; SM-G892A Build/NRD90M; wv) AppleWebKit/537.36 (KHTML, like Gecko) Version/4.0 Chrome/60.0.3112.107 Mobile Safari/537.36 Team Anon Force"
103.160.213.60 - - [07/Jun/2026:20:42:43 +0200] "GET /hack.php HTTP/1.1" 404 - "-" "Mozilla/5.0 (Linux; Android 7.0; SM-G892A Build/NRD90M; wv) AppleWebKit/537.36 (KHTML, like Gecko) Version/4.0 Chrome/60.0.3112.107 Mobile Safari/537.36 Team Anon Force"
103.160.213.60 - - [07/Jun/2026:20:42:43 +0200] "GET /d0rk.php HTTP/1.1" 404 - "-" "Mozilla/5.0 (Linux; Android 7.0; SM-G892A Build/NRD90M; wv) AppleWebKit/537.36 (KHTML, like Gecko) Version/4.0 Chrome/60.0.3112.107 Mobile Safari/537.36 Team Anon Force"
77.237.244.221 - - [07/Jun/2026:20:42:43 +0200] "GET /admin/elfinder/php/plugins/AutoRotate/autoRotate.php HTTP/1.1" 404 - "-" "python-httpx/0.28.1"
103.160.213.60 - - [07/Jun/2026:20:42:43 +0200] "GET /priv8.php HTTP/1.1" 404 - "-" "Mozilla/5.0 (Linux; Android 7.0; SM-G892A Build/NRD90M; wv) AppleWebKit/537.36 (KHTML, like Gecko) Version/4.0 Chrome/60.0.3112.107 Mobile Safari/537.36 Team Anon Force"
103.160.213.60 - - [07/Jun/2026:20:42:44 +0200] "GET /indoxploit.php HTTP/1.1" 404 - "-" "Mozilla/5.0 (Linux; Android 7.0; SM-G892A Build/NRD90M; wv) AppleWebKit/537.36 (KHTML, like Gecko) Version/4.0 Chrome/60.0.3112.107 Mobile Safari/537.36 Team Anon Force"
103.160.213.60 - - [07/Jun/2026:20:42:44 +0200] "GET /404.php HTTP/1.1" 404 - "-" "Mozilla/5.0 (Linux; Android 7.0; SM-G892A Build/NRD90M; wv) AppleWebKit/537.36 (KHTML, like Gecko) Version/4.0 Chrome/60.0.3112.107 Mobile Safari/537.36 Team Anon Force"
103.160.213.60 - - [07/Jun/2026:20:42:45 +0200] "GET /1337.php HTTP/1.1" 404 - "-" "Mozilla/5.0 (Linux; Android 7.0; SM-G892A Build/NRD90M; wv) AppleWebKit/537.36 (KHTML, like Gecko) Version/4.0 Chrome/60.0.3112.107 Mobile Safari/537.36 Team Anon Force"
103.160.213.60 - - [07/Jun/2026:20:42:45 +0200] "GET /uploader.php HTTP/1.1" 404 - "-" "Mozilla/5.0 (Linux; Android 7.0; SM-G892A Build/NRD90M; wv) AppleWebKit/537.36 (KHTML, like Gecko) Version/4.0 Chrome/60.0.3112.107 Mobile Safari/537.36 Team Anon Force"
103.160.213.60 - - [07/Jun/2026:20:42:45 +0200] "GET /webshell.php HTTP/1.1" 404 - "-" "Mozilla/5.0 (Linux; Android 7.0; SM-G892A Build/NRD90M; wv) AppleWebKit/537.36 (KHTML, like Gecko) Version/4.0 Chrome/60.0.3112.107 Mobile Safari/537.36 Team Anon Force"
103.160.213.60 - - [07/Jun/2026:20:42:46 +0200] "GET /b374k.php HTTP/1.1" 404 - "-" "Mozilla/5.0 (Linux; Android 7.0; SM-G892A Build/NRD90M; wv) AppleWebKit/537.36 (KHTML, like Gecko) Version/4.0 Chrome/60.0.3112.107 Mobile Safari/537.36 Team Anon Force"
103.160.213.60 - - [07/Jun/2026:20:42:46 +0200] "GET /mini.php HTTP/1.1" 404 - "-" "Mozilla/5.0 (Linux; Android 7.0; SM-G892A Build/NRD90M; wv) AppleWebKit/537.36 (KHTML, like Gecko) Version/4.0 Chrome/60.0.3112.107 Mobile Safari/537.36 Team Anon Force"
103.160.213.60 - - [07/Jun/2026:20:42:47 +0200] "GET /bypass.php HTTP/1.1" 404 - "-" "Mozilla/5.0 (Linux; Android 7.0; SM-G892A Build/NRD90M; wv) AppleWebKit/537.36 (KHTML, like Gecko) Version/4.0 Chrome/60.0.3112.107 Mobile Safari/537.36 Team Anon Force"
103.160.213.60 - - [07/Jun/2026:20:42:47 +0200] "GET /shell.php5 HTTP/1.1" 404 - "-" "Mozilla/5.0 (Linux; Android 7.0; SM-G892A Build/NRD90M; wv) AppleWebKit/537.36 (KHTML, like Gecko) Version/4.0 Chrome/60.0.3112.107 Mobile Safari/537.36 Team Anon Force"
103.160.213.60 - - [07/Jun/2026:20:42:48 +0200] "GET /c99shell.php HTTP/1.1" 404 - "-" "Mozilla/5.0 (Linux; Android 7.0; SM-G892A Build/NRD90M; wv) AppleWebKit/537.36 (KHTML, like Gecko) Version/4.0 Chrome/60.0.3112.107 Mobile Safari/537.36 Team Anon Force"
103.160.213.60 - - [07/Jun/2026:20:42:48 +0200] "GET /jspshell.jsp HTTP/1.1" 404 - "-" "Mozilla/5.0 (Linux; Android 7.0; SM-G892A Build/NRD90M; wv) AppleWebKit/537.36 (KHTML, like Gecko) Version/4.0 Chrome/60.0.3112.107 Mobile Safari/537.36 Team Anon Force"
77.237.244.221 - - [07/Jun/2026:20:42:50 +0200] "GET /wp-includes/revisions.php HTTP/1.1" 404 - "-" "python-httpx/0.28.1"
77.237.244.221 - - [07/Jun/2026:20:42:55 +0200] "GET /wp-includes/assets/mari.php HTTP/1.1" 404 - "-" "python-httpx/0.28.1"
77.237.244.221 - - [07/Jun/2026:20:42:56 +0200] "GET /vendor/setasign/fpdi/roothaxor.php HTTP/1.1" 404 - "-" "python-httpx/0.28.1"
216.244.66.228 - - [07/Jun/2026:20:42:57 +0200] "GET /robots.txt HTTP/1.1" 404 - "-" "Mozilla/5.0 (compatible; DotBot/1.2; +https://opensiteexplorer.org/dotbot; help@moz.com)"
77.237.244.221 - - [07/Jun/2026:20:43:02 +0200] "GET /ci_sessions/500.php HTTP/1.1" 404 - "-" "python-httpx/0.28.1"
77.237.244.221 - - [07/Jun/2026:20:43:06 +0200] "GET /wp-includes/assets/config.php HTTP/1.1" 404 - "-" "python-httpx/0.28.1"
77.237.244.221 - - [07/Jun/2026:20:43:09 +0200] "GET /wp-content/plugins/wordpress-seo/src/analytics/domain/missing-indexable.php HTTP/1.1" 404 - "-" "python-httpx/0.28.1"
77.237.244.221 - - [07/Jun/2026:20:43:16 +0200] "GET /wp-content/upgrade-temp-backup/themes/twentytwentyfour/assets/images/gallery/web.php HTTP/1.1" 404 - "-" "python-httpx/0.28.1"
77.237.244.221 - - [07/Jun/2026:20:43:17 +0200] "GET /wp-includes/revisions.php HTTP/1.1" 404 - "-" "python-httpx/0.28.1"
77.237.244.221 - - [07/Jun/2026:20:43:22 +0200] "GET /includes/Google/vendor/google/apiclient-/index.php HTTP/1.1" 404 - "-" "python-httpx/0.28.1"
77.237.244.221 - - [07/Jun/2026:20:43:27 +0200] "GET /vendor/setasign/fpdi/roothaxor.php HTTP/1.1" 404 - "-" "python-httpx/0.28.1"
77.237.244.221 - - [07/Jun/2026:20:43:28 +0200] "GET /services/src/Google/Service/YouTubeReporting/Resource/theme.php HTTP/1.1" 404 - "-" "python-httpx/0.28.1"
77.237.244.221 - - [07/Jun/2026:20:43:34 +0200] "GET /media/partner_link/page/themes/index.php HTTP/1.1" 404 - "-" "python-httpx/0.28.1"
77.237.244.221 - - [07/Jun/2026:20:43:35 +0200] "GET /ci_sessions/500.php HTTP/1.1" 404 - "-" "python-httpx/0.28.1"
77.237.244.221 - - [07/Jun/2026:20:43:40 +0200] "GET /controllers/statistics/form/php/index.php HTTP/1.1" 404 - "-" "python-httpx/0.28.1"
77.237.244.221 - - [07/Jun/2026:20:43:45 +0200] "GET /wp-content/plugins/wordpress-seo/src/analytics/domain/missing-indexable.php HTTP/1.1" 404 - "-" "python-httpx/0.28.1"
77.237.244.221 - - [07/Jun/2026:20:43:47 +0200] "GET /2025/plugins/authentication/cookie/services/function.php HTTP/1.1" 404 - "-" "python-httpx/0.28.1"
77.237.244.221 - - [07/Jun/2026:20:43:54 +0200] "GET /wp-admin/includes/category.php HTTP/1.1" 404 - "-" "python-httpx/0.28.1"
77.237.244.221 - - [07/Jun/2026:20:43:55 +0200] "GET /wp-content/upgrade-temp-backup/themes/twentytwentyfour/assets/images/gallery/web.php HTTP/1.1" 404 - "-" "python-httpx/0.28.1"
77.237.244.221 - - [07/Jun/2026:20:44:00 +0200] "GET /storage/1765637678_2379.php HTTP/1.1" 404 - "-" "python-httpx/0.28.1"
77.237.244.221 - - [07/Jun/2026:20:44:04 +0200] "GET /includes/Google/vendor/google/apiclient-/index.php HTTP/1.1" 404 - "-" "python-httpx/0.28.1"
77.237.244.221 - - [07/Jun/2026:20:44:07 +0200] "GET /NewFile.php HTTP/1.1" 404 - "-" "python-httpx/0.28.1"
77.237.244.221 - - [07/Jun/2026:20:44:14 +0200] "GET /wp-aktif.php HTTP/1.1" 404 - "-" "python-httpx/0.28.1"
77.237.244.221 - - [07/Jun/2026:20:44:15 +0200] "GET /services/src/Google/Service/YouTubeReporting/Resource/theme.php HTTP/1.1" 404 - "-" "python-httpx/0.28.1"
77.237.244.221 - - [07/Jun/2026:20:44:20 +0200] "GET /ttd/data/type/type.php HTTP/1.1" 404 - "-" "python-httpx/0.28.1"
77.237.244.221 - - [07/Jun/2026:20:44:25 +0200] "GET /media/partner_link/page/themes/index.php HTTP/1.1" 404 - "-" "python-httpx/0.28.1"
77.237.244.221 - - [07/Jun/2026:20:44:34 +0200] "GET /controllers/statistics/form/php/index.php HTTP/1.1" 404 - "-" "python-httpx/0.28.1"
77.237.244.221 - - [07/Jun/2026:20:44:37 +0200] "GET /wp-includes/hawfba.php HTTP/1.1" 404 - "-" "python-httpx/0.28.1"
77.237.244.221 - - [07/Jun/2026:20:44:41 +0200] "GET /2025/plugins/authentication/cookie/services/function.php HTTP/1.1" 404 - "-" "python-httpx/0.28.1"
77.237.244.221 - - [07/Jun/2026:20:44:43 +0200] "GET /txets.php HTTP/1.1" 404 - "-" "python-httpx/0.28.1"
77.237.244.221 - - [07/Jun/2026:20:44:48 +0200] "GET /revisions.php HTTP/1.1" 404 - "-" "python-httpx/0.28.1"
77.237.244.221 - - [07/Jun/2026:20:44:51 +0200] "GET /wp-admin/includes/category.php HTTP/1.1" 404 - "-" "python-httpx/0.28.1"
77.237.244.221 - - [07/Jun/2026:20:44:55 +0200] "GET /header.php HTTP/1.1" 404 - "-" "python-httpx/0.28.1"
77.237.244.221 - - [07/Jun/2026:20:45:02 +0200] "GET /about.php HTTP/1.1" 404 - "-" "python-httpx/0.28.1"
77.237.244.221 - - [07/Jun/2026:20:45:04 +0200] "GET /storage/1765637678_2379.php HTTP/1.1" 404 - "-" "python-httpx/0.28.1"
77.237.244.221 - - [07/Jun/2026:20:45:09 +0200] "GET /content.php HTTP/1.1" 404 - "-" "python-httpx/0.28.1"
77.237.244.221 - - [07/Jun/2026:20:45:16 +0200] "GET /radio.php HTTP/1.1" 404 - "-" "python-httpx/0.28.1"
77.237.244.221 - - [07/Jun/2026:20:45:20 +0200] "GET /NewFile.php HTTP/1.1" 404 - "-" "python-httpx/0.28.1"
77.237.244.221 - - [07/Jun/2026:20:45:29 +0200] "GET /wp-includes/ID3/Sz4ueo.php HTTP/1.1" 404 - "-" "python-httpx/0.28.1"
77.237.244.221 - - [07/Jun/2026:20:45:30 +0200] "GET /wp-aktif.php HTTP/1.1" 404 - "-" "python-httpx/0.28.1"
77.237.244.221 - - [07/Jun/2026:20:45:35 +0200] "GET /wp-includes/PHPMailer/RglaGN.php HTTP/1.1" 404 - "-" "python-httpx/0.28.1"
77.237.244.221 - - [07/Jun/2026:20:45:41 +0200] "GET /ttd/data/type/type.php HTTP/1.1" 404 - "-" "python-httpx/0.28.1"
77.237.244.221 - - [07/Jun/2026:20:45:41 +0200] "GET /wp-content/uploads/Sz4ueo.php HTTP/1.1" 404 - "-" "python-httpx/0.28.1"
77.237.244.221 - - [07/Jun/2026:20:45:47 +0200] "GET /.well-known/acme-challenge/2BtrfT.php HTTP/1.1" 404 - "-" "python-httpx/0.28.1"
77.237.244.221 - - [07/Jun/2026:20:45:55 +0200] "GET /controllers/index.php HTTP/1.1" 404 - "-" "python-httpx/0.28.1"
77.237.244.221 - - [07/Jun/2026:20:46:01 +0200] "GET /wp-includes/SimplePie/library/SimplePie/Parse/embeds/ HTTP/1.1" 404 - "-" "python-httpx/0.28.1"
77.237.244.221 - - [07/Jun/2026:20:46:10 +0200] "GET /wp-includes/SimplePie/src/XML/Declaration/embeds/ HTTP/1.1" 404 - "-" "python-httpx/0.28.1"
77.237.244.221 - - [07/Jun/2026:20:46:12 +0200] "GET /wp-includes/hawfba.php HTTP/1.1" 404 - "-" "python-httpx/0.28.1"
77.237.244.221 - - [07/Jun/2026:20:46:16 +0200] "GET /wp-content/ifoizpoufizufiozufyuzifyzufzfz.php HTTP/1.1" 404 - "-" "python-httpx/0.28.1"
216.244.66.228 - - [07/Jun/2026:20:46:18 +0200] "GET /opportunity/job/autocad-drafter-at-commtech-services-inc-middlesex-nj-N3lPUldHM1NKVGFzNXpBYnZUV0xMclZH HTTP/1.1" 404 - "-" "Mozilla/5.0 (compatible; DotBot/1.2; +https://opensiteexplorer.org/dotbot; help@moz.com)"
77.237.244.221 - - [07/Jun/2026:20:46:27 +0200] "GET /wp-admin/css/colors/coffee/widgets/index.php HTTP/1.1" 404 - "-" "python-httpx/0.28.1"
216.244.66.228 - - [07/Jun/2026:20:46:27 +0200] "GET /opportunity/job/creative-production-manager-at-radiant-new-york-ny-N0NDVVhXTFJMVGlrN0RVWHVqdU5MN1pDV2c9PQ== HTTP/1.1" 404 - "-" "Mozilla/5.0 (compatible; DotBot/1.2; +https://opensiteexplorer.org/dotbot; help@moz.com)"
77.237.244.221 - - [07/Jun/2026:20:46:28 +0200] "GET /txets.php HTTP/1.1" 404 - "-" "python-httpx/0.28.1"
77.237.244.221 - - [07/Jun/2026:20:46:37 +0200] "GET /0byt3m1n1.php HTTP/1.1" 404 - "-" "python-httpx/0.28.1"
77.237.244.221 - - [07/Jun/2026:20:46:38 +0200] "GET /revisions.php HTTP/1.1" 404 - "-" "python-httpx/0.28.1"
216.244.66.228 - - [07/Jun/2026:20:46:43 +0200] "GET /opportunity/job/entry-level-sap-mm-consultant-needed-for-project-implementation-at-sapsol-technologies-inc-los-angeles-ca-NFNHUVYySFFMRGFwN1RRUXVUK0lLTEpDV1E9PQ== HTTP/1.1" 404 - "-" "Mozilla/5.0 (compatible; DotBot/1.2; +https://opensiteexplorer.org/dotbot; help@moz.com)"
77.237.244.221 - - [07/Jun/2026:20:46:43 +0200] "GET /An0n3xPloiTeR.php HTTP/1.1" 404 - "-" "python-httpx/0.28.1"
77.237.244.221 - - [07/Jun/2026:20:46:49 +0200] "GET /header.php HTTP/1.1" 404 - "-" "python-httpx/0.28.1"
77.237.244.221 - - [07/Jun/2026:20:46:50 +0200] "GET /fxmini.php HTTP/1.1" 404 - "-" "python-httpx/0.28.1"
77.237.244.221 - - [07/Jun/2026:20:46:56 +0200] "GET /gel4y.php HTTP/1.1" 404 - "-" "python-httpx/0.28.1"
77.237.244.221 - - [07/Jun/2026:20:46:58 +0200] "GET /about.php HTTP/1.1" 404 - "-" "python-httpx/0.28.1"
77.237.244.221 - - [07/Jun/2026:20:47:03 +0200] "GET /indoxploitv3.php HTTP/1.1" 404 - "-" "python-httpx/0.28.1"
216.244.66.228 - - [07/Jun/2026:20:47:03 +0200] "GET /opportunity/job/fire-protection-engineer-at-blueprint-hires-mesa-az-N3lPU1htUFJMemFyNERZU3ZEMklLckpDV1E9PQ== HTTP/1.1" 404 - "-" "Mozilla/5.0 (compatible; DotBot/1.2; +https://opensiteexplorer.org/dotbot; help@moz.com)"
77.237.244.221 - - [07/Jun/2026:20:47:07 +0200] "GET /content.php HTTP/1.1" 404 - "-" "python-httpx/0.28.1"
77.237.244.221 - - [07/Jun/2026:20:47:09 +0200] "GET /marijuana.php HTTP/1.1" 404 - "-" "python-httpx/0.28.1"
160.176.198.155 - - [07/Jun/2026:20:47:13 +0200] "GET /x.php HTTP/1.1" 404 - "-" "Mozilla/5.0 (Windows NT 10.0; Win64; x64) AppleWebKit/537.36 (KHTML, like Gecko) Chrome/85.0.4183.102 Safari/537.36"
160.176.198.155 - - [07/Jun/2026:20:47:15 +0200] "GET /alfa.php HTTP/1.1" 404 - "-" "Mozilla/5.0 (Windows NT 10.0; Win64; x64) AppleWebKit/537.36 (KHTML, like Gecko) Chrome/85.0.4183.102 Safari/537.36"
77.237.244.221 - - [07/Jun/2026:20:47:15 +0200] "GET /pdiperjuanganshell.php HTTP/1.1" 404 - "-" "python-httpx/0.28.1"
77.237.244.221 - - [07/Jun/2026:20:47:17 +0200] "GET /radio.php HTTP/1.1" 404 - "-" "python-httpx/0.28.1"
160.176.198.155 - - [07/Jun/2026:20:47:20 +0200] "GET /c99.php HTTP/1.1" 404 - "-" "Mozilla/5.0 (Windows NT 10.0; Win64; x64) AppleWebKit/537.36 (KHTML, like Gecko) Chrome/85.0.4183.102 Safari/537.36"
160.176.198.155 - - [07/Jun/2026:20:47:25 +0200] "GET /mini.php HTTP/1.1" 404 - "-" "Mozilla/5.0 (Windows NT 10.0; Win64; x64) AppleWebKit/537.36 (KHTML, like Gecko) Chrome/85.0.4183.102 Safari/537.36"
160.176.198.155 - - [07/Jun/2026:20:47:28 +0200] "GET /a.php HTTP/1.1" 404 - "-" "Mozilla/5.0 (Windows NT 10.0; Win64; x64) AppleWebKit/537.36 (KHTML, like Gecko) Chrome/85.0.4183.102 Safari/537.36"
77.237.244.221 - - [07/Jun/2026:20:47:29 +0200] "GET /ucenbepas.php HTTP/1.1" 404 - "-" "python-httpx/0.28.1"
216.244.66.228 - - [07/Jun/2026:20:47:33 +0200] "GET /opportunity/job/full-time-physician-pediatrician-at-chs-recruiting-thibodaux-la-N2l1V1hXZlJLVGVrNFRNYXRUU0xLclpBVUE9PQ== HTTP/1.1" 404 - "-" "Mozilla/5.0 (compatible; DotBot/1.2; +https://opensiteexplorer.org/dotbot; help@moz.com)"
77.237.244.221 - - [07/Jun/2026:20:47:34 +0200] "GET /ucenshellv3.php HTTP/1.1" 404 - "-" "python-httpx/0.28.1"
77.237.244.221 - - [07/Jun/2026:20:47:40 +0200] "GET /wp-includes/ID3/Sz4ueo.php HTTP/1.1" 404 - "-" "python-httpx/0.28.1"
160.176.198.155 - - [07/Jun/2026:20:47:40 +0200] "GET /wso.php HTTP/1.1" 404 - "-" "Mozilla/5.0 (Windows NT 10.0; Win64; x64) AppleWebKit/537.36 (KHTML, like Gecko) Chrome/85.0.4183.102 Safari/537.36"
77.237.244.221 - - [07/Jun/2026:20:47:44 +0200] "GET /ucensundanese.php HTTP/1.1" 404 - "-" "python-httpx/0.28.1"
160.176.198.155 - - [07/Jun/2026:20:47:46 +0200] "GET /home.php HTTP/1.1" 404 - "-" "Mozilla/5.0 (Windows NT 10.0; Win64; x64) AppleWebKit/537.36 (KHTML, like Gecko) Chrome/85.0.4183.102 Safari/537.36"
160.176.198.155 - - [07/Jun/2026:20:47:49 +0200] "GET /shell.php HTTP/1.1" 404 - "-" "Mozilla/5.0 (Windows NT 10.0; Win64; x64) AppleWebKit/537.36 (KHTML, like Gecko) Chrome/85.0.4183.102 Safari/537.36"
77.237.244.221 - - [07/Jun/2026:20:47:50 +0200] "GET /wp-includes/PHPMailer/RglaGN.php HTTP/1.1" 404 - "-" "python-httpx/0.28.1"
160.176.198.155 - - [07/Jun/2026:20:47:52 +0200] "GET /leaf.php HTTP/1.1" 404 - "-" "Mozilla/5.0 (Windows NT 10.0; Win64; x64) AppleWebKit/537.36 (KHTML, like Gecko) Chrome/85.0.4183.102 Safari/537.36"
77.237.244.221 - - [07/Jun/2026:20:47:52 +0200] "GET /ucenwso.php HTTP/1.1" 404 - "-" "python-httpx/0.28.1"
77.237.244.221 - - [07/Jun/2026:20:48:02 +0200] "GET /wp-content/uploads/Sz4ueo.php HTTP/1.1" 404 - "-" "python-httpx/0.28.1"
216.244.66.228 - - [07/Jun/2026:20:48:03 +0200] "GET /opportunity/job/hematologist-oncologist-at-winchester-hospital-winchester-ma-N1NDVFZtelJMald1N1RBVXZUcUlMck5OWHc9PQ== HTTP/1.1" 404 - "-" "Mozilla/5.0 (compatible; DotBot/1.2; +https://opensiteexplorer.org/dotbot; help@moz.com)"
160.176.198.155 - - [07/Jun/2026:20:48:04 +0200] "GET /wp-admin.php HTTP/1.1" 404 - "-" "Mozilla/5.0 (Windows NT 10.0; Win64; x64) AppleWebKit/537.36 (KHTML, like Gecko) Chrome/85.0.4183.102 Safari/537.36"
103.160.213.60 - - [07/Jun/2026:20:48:06 +0200] "GET /simple.php HTTP/1.1" 404 - "-" "Mozilla/5.0 (Linux; Android 7.0; SM-G892A Build/NRD90M; wv) AppleWebKit/537.36 (KHTML, like Gecko) Version/4.0 Chrome/60.0.3112.107 Mobile Safari/537.36 Team Anon Force"
103.160.213.60 - - [07/Jun/2026:20:48:07 +0200] "GET /about.php HTTP/1.1" 404 - "-" "Mozilla/5.0 (Linux; Android 7.0; SM-G892A Build/NRD90M; wv) AppleWebKit/537.36 (KHTML, like Gecko) Version/4.0 Chrome/60.0.3112.107 Mobile Safari/537.36 Team Anon Force"
160.176.198.155 - - [07/Jun/2026:20:48:07 +0200] "GET /leafmailer2.8.php HTTP/1.1" 404 - "-" "Mozilla/5.0 (Windows NT 10.0; Win64; x64) AppleWebKit/537.36 (KHTML, like Gecko) Chrome/85.0.4183.102 Safari/537.36"
103.160.213.60 - - [07/Jun/2026:20:48:07 +0200] "GET /install.php HTTP/1.1" 404 - "-" "Mozilla/5.0 (Linux; Android 7.0; SM-G892A Build/NRD90M; wv) AppleWebKit/537.36 (KHTML, like Gecko) Version/4.0 Chrome/60.0.3112.107 Mobile Safari/537.36 Team Anon Force"
103.160.213.60 - - [07/Jun/2026:20:48:08 +0200] "GET /dropdown.php HTTP/1.1" 404 - "-" "Mozilla/5.0 (Linux; Android 7.0; SM-G892A Build/NRD90M; wv) AppleWebKit/537.36 (KHTML, like Gecko) Version/4.0 Chrome/60.0.3112.107 Mobile Safari/537.36 Team Anon Force"
103.160.213.60 - - [07/Jun/2026:20:48:08 +0200] "GET /chosen.php?p= HTTP/1.1" 404 - "-" "Mozilla/5.0 (Linux; Android 7.0; SM-G892A Build/NRD90M; wv) AppleWebKit/537.36 (KHTML, like Gecko) Version/4.0 Chrome/60.0.3112.107 Mobile Safari/537.36 Team Anon Force"
103.160.213.60 - - [07/Jun/2026:20:48:08 +0200] "GET /mah.php HTTP/1.1" 404 - "-" "Mozilla/5.0 (Linux; Android 7.0; SM-G892A Build/NRD90M; wv) AppleWebKit/537.36 (KHTML, like Gecko) Version/4.0 Chrome/60.0.3112.107 Mobile Safari/537.36 Team Anon Force"
103.160.213.60 - - [07/Jun/2026:20:48:09 +0200] "GET /wp-admin/about.php HTTP/1.1" 200 18169 "-" "Mozilla/5.0 (Linux; Android 7.0; SM-G892A Build/NRD90M; wv) AppleWebKit/537.36 (KHTML, like Gecko) Version/4.0 Chrome/60.0.3112.107 Mobile Safari/537.36 Team Anon Force"
103.160.213.60 - - [07/Jun/2026:20:48:09 +0200] "GET /wp-content/about.php HTTP/1.1" 404 - "-" "Mozilla/5.0 (Linux; Android 7.0; SM-G892A Build/NRD90M; wv) AppleWebKit/537.36 (KHTML, like Gecko) Version/4.0 Chrome/60.0.3112.107 Mobile Safari/537.36 Team Anon Force"
103.160.213.60 - - [07/Jun/2026:20:48:10 +0200] "GET /wp-admin/install.php HTTP/1.1" 200 18192 "-" "Mozilla/5.0 (Linux; Android 7.0; SM-G892A Build/NRD90M; wv) AppleWebKit/537.36 (KHTML, like Gecko) Version/4.0 Chrome/60.0.3112.107 Mobile Safari/537.36 Team Anon Force"
103.160.213.60 - - [07/Jun/2026:20:48:10 +0200] "GET /wp-admin/js/about.php7 HTTP/1.1" 404 - "-" "Mozilla/5.0 (Linux; Android 7.0; SM-G892A Build/NRD90M; wv) AppleWebKit/537.36 (KHTML, like Gecko) Version/4.0 Chrome/60.0.3112.107 Mobile Safari/537.36 Team Anon Force"
103.160.213.60 - - [07/Jun/2026:20:48:11 +0200] "GET /wp-content/install.php HTTP/1.1" 404 - "-" "Mozilla/5.0 (Linux; Android 7.0; SM-G892A Build/NRD90M; wv) AppleWebKit/537.36 (KHTML, like Gecko) Version/4.0 Chrome/60.0.3112.107 Mobile Safari/537.36 Team Anon Force"
103.160.213.60 - - [07/Jun/2026:20:48:11 +0200] "GET /wp-admin/user/about.php HTTP/1.1" 200 257 "-" "Mozilla/5.0 (Linux; Android 7.0; SM-G892A Build/NRD90M; wv) AppleWebKit/537.36 (KHTML, like Gecko) Version/4.0 Chrome/60.0.3112.107 Mobile Safari/537.36 Team Anon Force"
103.160.213.60 - - [07/Jun/2026:20:48:12 +0200] "GET /wp-includes/install.php HTTP/1.1" 404 - "-" "Mozilla/5.0 (Linux; Android 7.0; SM-G892A Build/NRD90M; wv) AppleWebKit/537.36 (KHTML, like Gecko) Version/4.0 Chrome/60.0.3112.107 Mobile Safari/537.36 Team Anon Force"
103.160.213.60 - - [07/Jun/2026:20:48:12 +0200] "GET /wp-admin/images/admin.php HTTP/1.1" 404 - "-" "Mozilla/5.0 (Linux; Android 7.0; SM-G892A Build/NRD90M; wv) AppleWebKit/537.36 (KHTML, like Gecko) Version/4.0 Chrome/60.0.3112.107 Mobile Safari/537.36 Team Anon Force"
103.160.213.60 - - [07/Jun/2026:20:48:12 +0200] "GET /wp-includes/Text/about.php HTTP/1.1" 404 - "-" "Mozilla/5.0 (Linux; Android 7.0; SM-G892A Build/NRD90M; wv) AppleWebKit/537.36 (KHTML, like Gecko) Version/4.0 Chrome/60.0.3112.107 Mobile Safari/537.36 Team Anon Force"
103.160.213.60 - - [07/Jun/2026:20:48:13 +0200] "GET /wp-admin/network/admin.php HTTP/1.1" 200 1024 "-" "Mozilla/5.0 (Linux; Android 7.0; SM-G892A Build/NRD90M; wv) AppleWebKit/537.36 (KHTML, like Gecko) Version/4.0 Chrome/60.0.3112.107 Mobile Safari/537.36 Team Anon Force"
103.160.213.60 - - [07/Jun/2026:20:48:13 +0200] "GET /wp-admin/maint/atomlib.php HTTP/1.1" 404 - "-" "Mozilla/5.0 (Linux; Android 7.0; SM-G892A Build/NRD90M; wv) AppleWebKit/537.36 (KHTML, like Gecko) Version/4.0 Chrome/60.0.3112.107 Mobile Safari/537.36 Team Anon Force"
103.160.213.60 - - [07/Jun/2026:20:48:14 +0200] "GET /wp-admin/network/index.php HTTP/1.1" 200 2911 "-" "Mozilla/5.0 (Linux; Android 7.0; SM-G892A Build/NRD90M; wv) AppleWebKit/537.36 (KHTML, like Gecko) Version/4.0 Chrome/60.0.3112.107 Mobile Safari/537.36 Team Anon Force"
103.160.213.60 - - [07/Jun/2026:20:48:14 +0200] "GET /wp-content/plugins/index.php HTTP/1.1" 200 28 "-" "Mozilla/5.0 (Linux; Android 7.0; SM-G892A Build/NRD90M; wv) AppleWebKit/537.36 (KHTML, like Gecko) Version/4.0 Chrome/60.0.3112.107 Mobile Safari/537.36 Team Anon Force"
103.160.213.60 - - [07/Jun/2026:20:48:15 +0200] "GET /wp-content/uploads/index.php HTTP/1.1" 404 - "-" "Mozilla/5.0 (Linux; Android 7.0; SM-G892A Build/NRD90M; wv) AppleWebKit/537.36 (KHTML, like Gecko) Version/4.0 Chrome/60.0.3112.107 Mobile Safari/537.36 Team Anon Force"
103.160.213.60 - - [07/Jun/2026:20:48:15 +0200] "GET /wp-content/themes/twentytwentythree/patterns/index.php HTTP/1.1" 404 - "-" "Mozilla/5.0 (Linux; Android 7.0; SM-G892A Build/NRD90M; wv) AppleWebKit/537.36 (KHTML, like Gecko) Version/4.0 Chrome/60.0.3112.107 Mobile Safari/537.36 Team Anon Force"
103.160.213.60 - - [07/Jun/2026:20:48:15 +0200] "GET /backdoor.php HTTP/1.1" 404 - "-" "Mozilla/5.0 (Linux; Android 7.0; SM-G892A Build/NRD90M; wv) AppleWebKit/537.36 (KHTML, like Gecko) Version/4.0 Chrome/60.0.3112.107 Mobile Safari/537.36 Team Anon Force"
103.160.213.60 - - [07/Jun/2026:20:48:16 +0200] "GET /shell.php HTTP/1.1" 404 - "-" "Mozilla/5.0 (Linux; Android 7.0; SM-G892A Build/NRD90M; wv) AppleWebKit/537.36 (KHTML, like Gecko) Version/4.0 Chrome/60.0.3112.107 Mobile Safari/537.36 Team Anon Force"
103.160.213.60 - - [07/Jun/2026:20:48:16 +0200] "GET /cmd.php HTTP/1.1" 404 - "-" "Mozilla/5.0 (Linux; Android 7.0; SM-G892A Build/NRD90M; wv) AppleWebKit/537.36 (KHTML, like Gecko) Version/4.0 Chrome/60.0.3112.107 Mobile Safari/537.36 Team Anon Force"
103.160.213.60 - - [07/Jun/2026:20:48:17 +0200] "GET /cmdshell.php HTTP/1.1" 404 - "-" "Mozilla/5.0 (Linux; Android 7.0; SM-G892A Build/NRD90M; wv) AppleWebKit/537.36 (KHTML, like Gecko) Version/4.0 Chrome/60.0.3112.107 Mobile Safari/537.36 Team Anon Force"
103.160.213.60 - - [07/Jun/2026:20:48:17 +0200] "GET /cmdexec.php HTTP/1.1" 404 - "-" "Mozilla/5.0 (Linux; Android 7.0; SM-G892A Build/NRD90M; wv) AppleWebKit/537.36 (KHTML, like Gecko) Version/4.0 Chrome/60.0.3112.107 Mobile Safari/537.36 Team Anon Force"
103.160.213.60 - - [07/Jun/2026:20:48:17 +0200] "GET /cmdline.php HTTP/1.1" 404 - "-" "Mozilla/5.0 (Linux; Android 7.0; SM-G892A Build/NRD90M; wv) AppleWebKit/537.36 (KHTML, like Gecko) Version/4.0 Chrome/60.0.3112.107 Mobile Safari/537.36 Team Anon Force"
103.160.213.60 - - [07/Jun/2026:20:48:18 +0200] "GET /phpshell.php HTTP/1.1" 404 - "-" "Mozilla/5.0 (Linux; Android 7.0; SM-G892A Build/NRD90M; wv) AppleWebKit/537.36 (KHTML, like Gecko) Version/4.0 Chrome/60.0.3112.107 Mobile Safari/537.36 Team Anon Force"
160.176.198.155 - - [07/Jun/2026:20:48:19 +0200] "GET /wso.php HTTP/1.1" 404 - "-" "Mozilla/5.0 (Windows NT 10.0; Win64; x64) AppleWebKit/537.36 (KHTML, like Gecko) Chrome/85.0.4183.102 Safari/537.36"
103.160.213.60 - - [07/Jun/2026:20:48:19 +0200] "GET /remote.php HTTP/1.1" 404 - "-" "Mozilla/5.0 (Linux; Android 7.0; SM-G892A Build/NRD90M; wv) AppleWebKit/537.36 (KHTML, like Gecko) Version/4.0 Chrome/60.0.3112.107 Mobile Safari/537.36 Team Anon Force"
103.160.213.60 - - [07/Jun/2026:20:48:19 +0200] "GET /c99.php HTTP/1.1" 404 - "-" "Mozilla/5.0 (Linux; Android 7.0; SM-G892A Build/NRD90M; wv) AppleWebKit/537.36 (KHTML, like Gecko) Version/4.0 Chrome/60.0.3112.107 Mobile Safari/537.36 Team Anon Force"
103.160.213.60 - - [07/Jun/2026:20:48:20 +0200] "GET /r57.php HTTP/1.1" 404 - "-" "Mozilla/5.0 (Linux; Android 7.0; SM-G892A Build/NRD90M; wv) AppleWebKit/537.36 (KHTML, like Gecko) Version/4.0 Chrome/60.0.3112.107 Mobile Safari/537.36 Team Anon Force"
103.160.213.60 - - [07/Jun/2026:20:48:20 +0200] "GET /r57shell.php HTTP/1.1" 404 - "-" "Mozilla/5.0 (Linux; Android 7.0; SM-G892A Build/NRD90M; wv) AppleWebKit/537.36 (KHTML, like Gecko) Version/4.0 Chrome/60.0.3112.107 Mobile Safari/537.36 Team Anon Force"
103.160.213.60 - - [07/Jun/2026:20:48:21 +0200] "GET /irc.php HTTP/1.1" 404 - "-" "Mozilla/5.0 (Linux; Android 7.0; SM-G892A Build/NRD90M; wv) AppleWebKit/537.36 (KHTML, like Gecko) Version/4.0 Chrome/60.0.3112.107 Mobile Safari/537.36 Team Anon Force"
103.160.213.60 - - [07/Jun/2026:20:48:21 +0200] "GET /ircshell.php HTTP/1.1" 404 - "-" "Mozilla/5.0 (Linux; Android 7.0; SM-G892A Build/NRD90M; wv) AppleWebKit/537.36 (KHTML, like Gecko) Version/4.0 Chrome/60.0.3112.107 Mobile Safari/537.36 Team Anon Force"
103.160.213.60 - - [07/Jun/2026:20:48:21 +0200] "GET /wso.php HTTP/1.1" 404 - "-" "Mozilla/5.0 (Linux; Android 7.0; SM-G892A Build/NRD90M; wv) AppleWebKit/537.36 (KHTML, like Gecko) Version/4.0 Chrome/60.0.3112.107 Mobile Safari/537.36 Team Anon Force"
103.160.213.60 - - [07/Jun/2026:20:48:22 +0200] "GET /wso2.php HTTP/1.1" 404 - "-" "Mozilla/5.0 (Linux; Android 7.0; SM-G892A Build/NRD90M; wv) AppleWebKit/537.36 (KHTML, like Gecko) Version/4.0 Chrome/60.0.3112.107 Mobile Safari/537.36 Team Anon Force"
103.160.213.60 - - [07/Jun/2026:20:48:22 +0200] "GET /gfs.php HTTP/1.1" 404 - "-" "Mozilla/5.0 (Linux; Android 7.0; SM-G892A Build/NRD90M; wv) AppleWebKit/537.36 (KHTML, like Gecko) Version/4.0 Chrome/60.0.3112.107 Mobile Safari/537.36 Team Anon Force"
103.160.213.60 - - [07/Jun/2026:20:48:23 +0200] "GET /hack.php HTTP/1.1" 404 - "-" "Mozilla/5.0 (Linux; Android 7.0; SM-G892A Build/NRD90M; wv) AppleWebKit/537.36 (KHTML, like Gecko) Version/4.0 Chrome/60.0.3112.107 Mobile Safari/537.36 Team Anon Force"
103.160.213.60 - - [07/Jun/2026:20:48:23 +0200] "GET /d0rk.php HTTP/1.1" 404 - "-" "Mozilla/5.0 (Linux; Android 7.0; SM-G892A Build/NRD90M; wv) AppleWebKit/537.36 (KHTML, like Gecko) Version/4.0 Chrome/60.0.3112.107 Mobile Safari/537.36 Team Anon Force"
103.160.213.60 - - [07/Jun/2026:20:48:23 +0200] "GET /priv8.php HTTP/1.1" 404 - "-" "Mozilla/5.0 (Linux; Android 7.0; SM-G892A Build/NRD90M; wv) AppleWebKit/537.36 (KHTML, like Gecko) Version/4.0 Chrome/60.0.3112.107 Mobile Safari/537.36 Team Anon Force"
103.160.213.60 - - [07/Jun/2026:20:48:24 +0200] "GET /indoxploit.php HTTP/1.1" 404 - "-" "Mozilla/5.0 (Linux; Android 7.0; SM-G892A Build/NRD90M; wv) AppleWebKit/537.36 (KHTML, like Gecko) Version/4.0 Chrome/60.0.3112.107 Mobile Safari/537.36 Team Anon Force"
103.160.213.60 - - [07/Jun/2026:20:48:24 +0200] "GET /404.php HTTP/1.1" 404 - "-" "Mozilla/5.0 (Linux; Android 7.0; SM-G892A Build/NRD90M; wv) AppleWebKit/537.36 (KHTML, like Gecko) Version/4.0 Chrome/60.0.3112.107 Mobile Safari/537.36 Team Anon Force"
103.160.213.60 - - [07/Jun/2026:20:48:24 +0200] "GET /1337.php HTTP/1.1" 404 - "-" "Mozilla/5.0 (Linux; Android 7.0; SM-G892A Build/NRD90M; wv) AppleWebKit/537.36 (KHTML, like Gecko) Version/4.0 Chrome/60.0.3112.107 Mobile Safari/537.36 Team Anon Force"
103.160.213.60 - - [07/Jun/2026:20:48:25 +0200] "GET /uploader.php HTTP/1.1" 404 - "-" "Mozilla/5.0 (Linux; Android 7.0; SM-G892A Build/NRD90M; wv) AppleWebKit/537.36 (KHTML, like Gecko) Version/4.0 Chrome/60.0.3112.107 Mobile Safari/537.36 Team Anon Force"
160.176.198.155 - - [07/Jun/2026:20:48:25 +0200] "GET /a.php HTTP/1.1" 404 - "-" "Mozilla/5.0 (Windows NT 10.0; Win64; x64) AppleWebKit/537.36 (KHTML, like Gecko) Chrome/85.0.4183.102 Safari/537.36"
103.160.213.60 - - [07/Jun/2026:20:48:25 +0200] "GET /webshell.php HTTP/1.1" 404 - "-" "Mozilla/5.0 (Linux; Android 7.0; SM-G892A Build/NRD90M; wv) AppleWebKit/537.36 (KHTML, like Gecko) Version/4.0 Chrome/60.0.3112.107 Mobile Safari/537.36 Team Anon Force"
103.160.213.60 - - [07/Jun/2026:20:48:26 +0200] "GET /b374k.php HTTP/1.1" 404 - "-" "Mozilla/5.0 (Linux; Android 7.0; SM-G892A Build/NRD90M; wv) AppleWebKit/537.36 (KHTML, like Gecko) Version/4.0 Chrome/60.0.3112.107 Mobile Safari/537.36 Team Anon Force"
103.160.213.60 - - [07/Jun/2026:20:48:26 +0200] "GET /mini.php HTTP/1.1" 404 - "-" "Mozilla/5.0 (Linux; Android 7.0; SM-G892A Build/NRD90M; wv) AppleWebKit/537.36 (KHTML, like Gecko) Version/4.0 Chrome/60.0.3112.107 Mobile Safari/537.36 Team Anon Force"
103.160.213.60 - - [07/Jun/2026:20:48:26 +0200] "GET /bypass.php HTTP/1.1" 404 - "-" "Mozilla/5.0 (Linux; Android 7.0; SM-G892A Build/NRD90M; wv) AppleWebKit/537.36 (KHTML, like Gecko) Version/4.0 Chrome/60.0.3112.107 Mobile Safari/537.36 Team Anon Force"
103.160.213.60 - - [07/Jun/2026:20:48:27 +0200] "GET /shell.php5 HTTP/1.1" 404 - "-" "Mozilla/5.0 (Linux; Android 7.0; SM-G892A Build/NRD90M; wv) AppleWebKit/537.36 (KHTML, like Gecko) Version/4.0 Chrome/60.0.3112.107 Mobile Safari/537.36 Team Anon Force"
103.160.213.60 - - [07/Jun/2026:20:48:27 +0200] "GET /c99shell.php HTTP/1.1" 404 - "-" "Mozilla/5.0 (Linux; Android 7.0; SM-G892A Build/NRD90M; wv) AppleWebKit/537.36 (KHTML, like Gecko) Version/4.0 Chrome/60.0.3112.107 Mobile Safari/537.36 Team Anon Force"
103.160.213.60 - - [07/Jun/2026:20:48:28 +0200] "GET /jspshell.jsp HTTP/1.1" 404 - "-" "Mozilla/5.0 (Linux; Android 7.0; SM-G892A Build/NRD90M; wv) AppleWebKit/537.36 (KHTML, like Gecko) Version/4.0 Chrome/60.0.3112.107 Mobile Safari/537.36 Team Anon Force"
160.176.198.155 - - [07/Jun/2026:20:48:29 +0200] "GET /leaf.php HTTP/1.1" 404 - "-" "Mozilla/5.0 (Windows NT 10.0; Win64; x64) AppleWebKit/537.36 (KHTML, like Gecko) Chrome/85.0.4183.102 Safari/537.36"
216.244.66.228 - - [07/Jun/2026:20:48:31 +0200] "GET /opportunity/job/hospice-nurse-rn-at-atc-chicago-harvey-il-N2lLWFdHRFZLalN1NFRZUnZ6U0VMcjFHVVE9PQ== HTTP/1.1" 404 - "-" "Mozilla/5.0 (compatible; DotBot/1.2; +https://opensiteexplorer.org/dotbot; help@moz.com)"
160.176.198.155 - - [07/Jun/2026:20:48:32 +0200] "GET /alex.php HTTP/1.1" 404 - "-" "Mozilla/5.0 (Windows NT 10.0; Win64; x64) AppleWebKit/537.36 (KHTML, like Gecko) Chrome/85.0.4183.102 Safari/537.36"
160.176.198.155 - - [07/Jun/2026:20:48:48 +0200] "GET /uploader.php HTTP/1.1" 404 - "-" "Mozilla/5.0 (Windows NT 10.0; Win64; x64) AppleWebKit/537.36 (KHTML, like Gecko) Chrome/85.0.4183.102 Safari/537.36"
160.176.198.155 - - [07/Jun/2026:20:48:52 +0200] "GET /mailer.php HTTP/1.1" 404 - "-" "Mozilla/5.0 (Windows NT 10.0; Win64; x64) AppleWebKit/537.36 (KHTML, like Gecko) Chrome/85.0.4183.102 Safari/537.36"
216.244.66.228 - - [07/Jun/2026:20:48:58 +0200] "GET /opportunity/job/part-time-nightsweekends-hybrid-customer-service-representative-remote-wfh-at-get-it-marketing-tamarac-fl-N2lDUVgyTFVMVEt0NGowWHVEeUVJTDFOWHc9PQ== HTTP/1.1" 404 - "-" "Mozilla/5.0 (compatible; DotBot/1.2; +https://opensiteexplorer.org/dotbot; help@moz.com)"
160.176.198.155 - - [07/Jun/2026:20:49:00 +0200] "GET /anone.php HTTP/1.1" 404 - "-" "Mozilla/5.0 (Windows NT 10.0; Win64; x64) AppleWebKit/537.36 (KHTML, like Gecko) Chrome/85.0.4183.102 Safari/537.36"
160.176.198.155 - - [07/Jun/2026:20:49:06 +0200] "GET /a.php HTTP/1.1" 404 - "-" "Mozilla/5.0 (Windows NT 10.0; Win64; x64) AppleWebKit/537.36 (KHTML, like Gecko) Chrome/85.0.4183.102 Safari/537.36"
160.176.198.155 - - [07/Jun/2026:20:49:08 +0200] "GET /wp-configer.php HTTP/1.1" 404 - "-" "Mozilla/5.0 (Windows NT 10.0; Win64; x64) AppleWebKit/537.36 (KHTML, like Gecko) Chrome/85.0.4183.102 Safari/537.36"
160.176.198.155 - - [07/Jun/2026:20:49:11 +0200] "GET /alfa.php HTTP/1.1" 404 - "-" "Mozilla/5.0 (Windows NT 10.0; Win64; x64) AppleWebKit/537.36 (KHTML, like Gecko) Chrome/85.0.4183.102 Safari/537.36"
160.176.198.155 - - [07/Jun/2026:20:49:19 +0200] "GET /wso.php HTTP/1.1" 404 - "-" "Mozilla/5.0 (Windows NT 10.0; Win64; x64) AppleWebKit/537.36 (KHTML, like Gecko) Chrome/85.0.4183.102 Safari/537.36"
216.244.66.228 - - [07/Jun/2026:20:49:25 +0200] "GET /opportunity/job/retail-sales-and-mail-clerk-pse-at-georgia-postal-service-roswell-ga-N1NXVlgyZlhKREd2NWpNV3VqcU5LclJG HTTP/1.1" 404 - "-" "Mozilla/5.0 (compatible; DotBot/1.2; +https://opensiteexplorer.org/dotbot; help@moz.com)"
160.176.198.155 - - [07/Jun/2026:20:49:35 +0200] "GET /c.php HTTP/1.1" 404 - "-" "Mozilla/5.0 (Windows NT 10.0; Win64; x64) AppleWebKit/537.36 (KHTML, like Gecko) Chrome/85.0.4183.102 Safari/537.36"
160.176.198.155 - - [07/Jun/2026:20:49:49 +0200] "GET /1.php HTTP/1.1" 404 - "-" "Mozilla/5.0 (Windows NT 10.0; Win64; x64) AppleWebKit/537.36 (KHTML, like Gecko) Chrome/85.0.4183.102 Safari/537.36"
216.244.66.228 - - [07/Jun/2026:20:49:50 +0200] "GET /opportunity/job/rpa-developer-at-pyramid-consulting-inc-riverwoods-il-N2llUldHTGJKVGlwNXpBUnRUU0pMYlZFV0E9PQ== HTTP/1.1" 404 - "-" "Mozilla/5.0 (compatible; DotBot/1.2; +https://opensiteexplorer.org/dotbot; help@moz.com)"
160.176.198.155 - - [07/Jun/2026:20:50:09 +0200] "GET /send.php HTTP/1.1" 404 - "-" "Mozilla/5.0 (Windows NT 10.0; Win64; x64) AppleWebKit/537.36 (KHTML, like Gecko) Chrome/85.0.4183.102 Safari/537.36"
216.244.66.228 - - [07/Jun/2026:20:50:14 +0200] "GET /opportunity/job/salesforce-solution-consultant-remote-at-get-it-finance-boston-ma-N2lhV1cyZlZLelNrN1RVVXV6eU9JYlZIWEE9PQ== HTTP/1.1" 404 - "-" "Mozilla/5.0 (compatible; DotBot/1.2; +https://opensiteexplorer.org/dotbot; help@moz.com)"
160.176.198.155 - - [07/Jun/2026:20:50:18 +0200] "GET /3.php HTTP/1.1" 404 - "-" "Mozilla/5.0 (Windows NT 10.0; Win64; x64) AppleWebKit/537.36 (KHTML, like Gecko) Chrome/85.0.4183.102 Safari/537.36"
160.176.198.155 - - [07/Jun/2026:20:50:27 +0200] "GET /404.php HTTP/1.1" 404 - "-" "Mozilla/5.0 (Windows NT 10.0; Win64; x64) AppleWebKit/537.36 (KHTML, like Gecko) Chrome/85.0.4183.102 Safari/537.36"
160.176.198.155 - - [07/Jun/2026:20:50:32 +0200] "GET /sym.php HTTP/1.1" 404 - "-" "Mozilla/5.0 (Windows NT 10.0; Win64; x64) AppleWebKit/537.36 (KHTML, like Gecko) Chrome/85.0.4183.102 Safari/537.36"
160.176.198.155 - - [07/Jun/2026:20:50:36 +0200] "GET /wp-confirm.php HTTP/1.1" 404 - "-" "Mozilla/5.0 (Windows NT 10.0; Win64; x64) AppleWebKit/537.36 (KHTML, like Gecko) Chrome/85.0.4183.102 Safari/537.36"
216.244.66.228 - - [07/Jun/2026:20:50:38 +0200] "GET /opportunity/job/senior-web-application-uiux-developer-at-mavens-guild-philadelphia-pa-NkNXU1hXemJMemV2NURBV3Z6NkVMN1JDV1E9PQ== HTTP/1.1" 404 - "-" "Mozilla/5.0 (compatible; DotBot/1.2; +https://opensiteexplorer.org/dotbot; help@moz.com)"
160.176.198.155 - - [07/Jun/2026:20:50:40 +0200] "GET /images/vuln.php HTTP/1.1" 404 - "-" "Mozilla/5.0 (Windows NT 10.0; Win64; x64) AppleWebKit/537.36 (KHTML, like Gecko) Chrome/85.0.4183.102 Safari/537.36"
160.176.198.155 - - [07/Jun/2026:20:50:47 +0200] "GET /dr.php HTTP/1.1" 404 - "-" "Mozilla/5.0 (Windows NT 10.0; Win64; x64) AppleWebKit/537.36 (KHTML, like Gecko) Chrome/85.0.4183.102 Safari/537.36"
160.176.198.155 - - [07/Jun/2026:20:50:56 +0200] "GET /upload.php HTTP/1.1" 404 - "-" "Mozilla/5.0 (Windows NT 10.0; Win64; x64) AppleWebKit/537.36 (KHTML, like Gecko) Chrome/85.0.4183.102 Safari/537.36"
160.176.198.155 - - [07/Jun/2026:20:50:59 +0200] "GET /bypass.php HTTP/1.1" 404 - "-" "Mozilla/5.0 (Windows NT 10.0; Win64; x64) AppleWebKit/537.36 (KHTML, like Gecko) Chrome/85.0.4183.102 Safari/537.36"
216.244.66.228 - - [07/Jun/2026:20:51:00 +0200] "GET /opportunity/job/uxui-designer-at-hr-force-international-new-york-ny-N0NxVVhHVFZLamVyNERVYnZEcUxLN0pDWHc9PQ== HTTP/1.1" 404 - "-" "Mozilla/5.0 (compatible; DotBot/1.2; +https://opensiteexplorer.org/dotbot; help@moz.com)"
160.176.198.155 - - [07/Jun/2026:20:51:05 +0200] "GET /wp-blog.php HTTP/1.1" 404 - "-" "Mozilla/5.0 (Windows NT 10.0; Win64; x64) AppleWebKit/537.36 (KHTML, like Gecko) Chrome/85.0.4183.102 Safari/537.36"
160.176.198.155 - - [07/Jun/2026:20:51:08 +0200] "GET /data.php HTTP/1.1" 404 - "-" "Mozilla/5.0 (Windows NT 10.0; Win64; x64) AppleWebKit/537.36 (KHTML, like Gecko) Chrome/85.0.4183.102 Safari/537.36"
160.176.198.155 - - [07/Jun/2026:20:51:11 +0200] "GET /owl.php HTTP/1.1" 404 - "-" "Mozilla/5.0 (Windows NT 10.0; Win64; x64) AppleWebKit/537.36 (KHTML, like Gecko) Chrome/85.0.4183.102 Safari/537.36"
160.176.198.155 - - [07/Jun/2026:20:51:13 +0200] "GET /vuln.php HTTP/1.1" 404 - "-" "Mozilla/5.0 (Windows NT 10.0; Win64; x64) AppleWebKit/537.36 (KHTML, like Gecko) Chrome/85.0.4183.102 Safari/537.36"
160.176.198.155 - - [07/Jun/2026:20:51:21 +0200] "GET /symlink.php HTTP/1.1" 404 - "-" "Mozilla/5.0 (Windows NT 10.0; Win64; x64) AppleWebKit/537.36 (KHTML, like Gecko) Chrome/85.0.4183.102 Safari/537.36"
216.244.66.228 - - [07/Jun/2026:20:51:22 +0200] "GET /opportunity/job/youth-recovery-coach-at-park-center-inc-nashville-tn-NnlTV1gyM1JMamFyNGpFWHZqeUlMN05OWFE9PQ== HTTP/1.1" 404 - "-" "Mozilla/5.0 (compatible; DotBot/1.2; +https://opensiteexplorer.org/dotbot; help@moz.com)"
160.176.198.155 - - [07/Jun/2026:20:51:25 +0200] "GET /ohayo.php HTTP/1.1" 404 - "-" "Mozilla/5.0 (Windows NT 10.0; Win64; x64) AppleWebKit/537.36 (KHTML, like Gecko) Chrome/85.0.4183.102 Safari/537.36"
160.176.198.155 - - [07/Jun/2026:20:51:29 +0200] "GET /100.php HTTP/1.1" 404 - "-" "Mozilla/5.0 (Windows NT 10.0; Win64; x64) AppleWebKit/537.36 (KHTML, like Gecko) Chrome/85.0.4183.102 Safari/537.36"
160.176.198.155 - - [07/Jun/2026:20:51:36 +0200] "GET /777.php HTTP/1.1" 404 - "-" "Mozilla/5.0 (Windows NT 10.0; Win64; x64) AppleWebKit/537.36 (KHTML, like Gecko) Chrome/85.0.4183.102 Safari/537.36"
